000
CXUS54 KLUB 011319
CLMLBB
CLIMATE REPORT
NATIONAL WEATHER SERVICE LUBBOCK TX
819 AM CDT SUN OCT 01 2023
...................................
...THE LUBBOCK CLIMATE SUMMARY FOR THE MONTH OF SEPTEMBER 2023...
CLIMATE NORMAL PERIOD 1991 TO 2020
CLIMATE RECORD PERIOD 1911 TO 2023
WEATHER OBSERVED NORMAL DEPART LAST YEAR`S
VALUE DATE(S) VALUE FROM VALUE DATE(S)
NORMAL
................................................................
TEMPERATURE (F)
RECORD
HIGH 107 09/08/2023
LOW 33 09/21/1983
09/29/1916
HIGHEST 107R 09/08 93 09/05
LOWEST 60 09/01 54 09/29
09/15
09/20
AVG. MAXIMUM 91.9 84.9 7.0 88.1
AVG. MINIMUM 65.2 59.8 5.4 62.8
MEAN 78.6 72.3 6.3 75.4
DAYS MAX >= 90 20 9.6 10.4 11
DAYS MAX <= 32 0 0.0 0.0 0
DAYS MIN <= 32 0 0.0 0.0 0
DAYS MIN <= 0 0 0.0 0.0 0
PRECIPITATION (INCHES)
RECORD
MAXIMUM 13.93 1936
MINIMUM 0.00 1954
TOTALS 3.71 2.55 1.16 0.83
DAILY AVG. 0.12 0.09 0.03 0.03
DAYS >= .01 8 6.0 2.0 4
DAYS >= .10 3 3.8 -0.8 3
DAYS >= .50 2 1.5 0.5 0
DAYS >= 1.00 2 0.6 1.4 0
GREATEST
24 HR. TOTAL 1.75 09/14 TO 09/14
SNOWFALL (INCHES)
RECORDS
TOTAL T 2010
24 HR TOTAL 0.0
SNOW DEPTH 0.0
TOTALS 0.0 0.0 0.0 0.0
SINCE 7/1 0.0 0.0 0.0 0.0
SNOWDEPTH AVG. 0 0
DAYS >= TRACE 0 0.0 0.0 0
DAYS >= 1.0 0 0.0 0.0 0
GREATEST
SNOW DEPTH 0 0
24 HR TOTAL 0 0.0
DEGREE DAYS
HEATING TOTAL 0 20 -20 0
SINCE 7/1 0 18 -18 MM
COOLING TOTAL 415 240 175 320
SINCE 1/1 2338 1884 454 MM
................................................................
WIND (MPH)
AVERAGE WIND SPEED 9.5
HIGHEST WIND SPEED/DIRECTION 47/240 DATE 09/29
HIGHEST GUST SPEED/DIRECTION 62/240 DATE 09/29
SKY COVER
POSSIBLE SUNSHINE (PERCENT) MM
AVERAGE SKY COVER 0.36
NUMBER OF DAYS FAIR 18
NUMBER OF DAYS PC 9
NUMBER OF DAYS CLOUDY 3
AVERAGE RH (PERCENT) 52
WEATHER CONDITIONS. NUMBER OF DAYS WITH
THUNDERSTORM 8 MIXED PRECIP 0
HEAVY RAIN 3 RAIN 2
LIGHT RAIN 10 FREEZING RAIN 0
LT FREEZING RAIN 0 HAIL 0
HEAVY SNOW 0 SNOW 0
LIGHT SNOW 0 SLEET 0
FOG 6 FOG W/VIS <= 1/4 MILE 0
HAZE 6
- INDICATES NEGATIVE NUMBERS.
R INDICATES RECORD WAS SET OR TIED.
MM INDICATES DATA IS MISSING.
T INDICATES TRACE AMOUNT.
$$