000
CXUS52 KMLB 011250
CF6LEE
PRELIMINARY LOCAL CLIMATOLOGICAL DATA (WS FORM: F-6)
STATION: LEESBURG
MONTH: APRIL
YEAR: 2020
LATITUDE: 28 49 N
LONGITUDE: 81 49 W
TEMPERATURE IN F: :PCPN: SNOW: WIND :SUNSHINE: SKY :PK WND
================================================================================
1 2 3 4 5 6A 6B 7 8 9 10 11 12 13 14 15 16 17 18
12Z AVG MX 2MIN
DY MAX MIN AVG DEP HDD CDD WTR SNW DPTH SPD SPD DIR MIN PSBL S-S WX SPD DR
================================================================================
1 77 58 68 0 0 3 0.00 0.0 0 9.4 22 330 M M 2 29 330
2 80 55 68 0 0 3 0.00 0.0 0 4.3 12 290 M M 0 14 160
3 83 56 70 1 0 5 0.00 0.0 0 3.7 13 70 M M 0 15 100
4 87 61 74 5 0 9 0.00 0.0 0 3.8 13 260 M M 0 19 260
5 71 63 67 -2 0 2 0.43 0.0 0 4.1 12 80 M M 8 1 16 60
6 83 64 74 5 0 9 0.01 0.0 0 8.4 15 60 M M 6 1 21 60
7 86 62 74 5 0 9 0.00 0.0 0 3.0 10 280 M M 0 1 13 280
8 87 70 79 9 0 14 0.00 0.0 0 7.9 15 270 M M 1 22 260
9 88 74 81 11 0 16 0.00 0.0 0 9.1 17 260 M M 5 25 260
10 85 64 75 5 0 10 0.00 0.0 0 8.0 17 350 M M 4 1 23 350
11 83 58 71 1 0 6 0.00 0.0 0 6.5 14 120 M M 0 19 140
12 92 73 83 13 0 18 0.00 0.0 0 11.6 18 170 M M 4 27 160
13 92 79 86 16 0 21 0.00 0.0 0 12.9 22 220 M M 4 33 170
14 92 75 84 13 0 19 0.00 0.0 0 7.0 13 220 M M 2 18 18 200
15 89 65 77 6 0 12 0.16 0.0 0 9.5 18 320 M M 7 138 27 320
16 74 60 67 -4 0 2 0.36 0.0 0 11.5 22 50 M M 8 13 28 40
17 84 60 72 1 0 7 0.00 0.0 0 7.1 15 110 M M 6 19 120
18 83 72 78 7 0 13 0.21 0.0 0 6.1 15 220 M M 5 13 20 230
19 92 72 82 10 0 17 0.00 0.0 0 7.3 18 220 M M 1 25 230
20 85 69 77 5 0 12 0.64 0.0 0 11.0 24 260 M M 2 123 40 270
21 87 67 77 5 0 12 0.00 0.0 0 7.2 14 290 M M 0 18 280
22 85 66 76 4 0 11 0.00 0.0 0 8.0 16 70 M M 0 21 70
23 91 69 80 8 0 15 0.00 0.0 0 9.9 22 190 M M 1 28 170
24 80 69 75 3 0 10 0.59 0.0 0 9.8 26 280 M M 4 13 39 290
25 88 67 78 5 0 13 0.00 0.0 0 5.4 13 170 M M 5 1 15 170
26 90 68 79 6 0 14 0.00 0.0 0 8.1 18 290 M M 2 1 25 290
27 81 60 71 -2 0 6 0.00 0.0 0 8.1 20 340 M M 0 25 350
28 85 58 72 -1 0 7 0.00 0.0 0 8.5 15 120 M M 0 21 110
29 87 66 77 3 0 12 0.00 0.0 0 8.1 16 140 M M 2 23 140
30 80 64 72 -2 0 7 0.52 0.0 0 10.3 26 260 M M 5 1 41 270
================================================================================
SM 2547 1964 0 314 2.92 0.0 235.6 M 84
================================================================================
AV 84.9 65.5 7.9 FASTST M M 3 MAX(MPH)
MISC ----> # 26 280 41 270
================================================================================
NOTES:
# LAST OF SEVERAL OCCURRENCES
COLUMN 17 PEAK WIND IN M.P.H.
PRELIMINARY LOCAL CLIMATOLOGICAL DATA (WS FORM: F-6) , PAGE 2
STATION: LEESBURG
MONTH: APRIL
YEAR: 2020
LATITUDE: 28 49 N
LONGITUDE: 81 49 W
[TEMPERATURE DATA] [PRECIPITATION DATA] SYMBOLS USED IN COLUMN 16
AVERAGE MONTHLY: 75.2 TOTAL FOR MONTH: 2.92 1 = FOG OR MIST
DPTR FM NORMAL: 4.3 DPTR FM NORMAL: 0.41 2 = FOG REDUCING VISIBILITY
HIGHEST: 92 ON 19,14 GRTST 24HR 0.64 ON 20-20 TO 1/4 MILE OR LESS
LOWEST: 55 ON 2 3 = THUNDER
SNOW, ICE PELLETS, HAIL 4 = ICE PELLETS
TOTAL MONTH: 0.0 INCH 5 = HAIL
GRTST 24HR 0.0 6 = FREEZING RAIN OR DRIZZLE
GRTST DEPTH: 0 7 = DUSTSTORM OR SANDSTORM:
VSBY 1/2 MILE OR LESS
8 = SMOKE OR HAZE
[NO. OF DAYS WITH] [WEATHER - DAYS WITH] 9 = BLOWING SNOW
X = TORNADO
MAX 32 OR BELOW: 0 0.01 INCH OR MORE: 8
MAX 90 OR ABOVE: 6 0.10 INCH OR MORE: 7
MIN 32 OR BELOW: 0 0.50 INCH OR MORE: 3
MIN 0 OR BELOW: 0 1.00 INCH OR MORE: 0
[HDD (BASE 65) ]
TOTAL THIS MO. 0 CLEAR (SCALE 0-3) 17
DPTR FM NORMAL -16 PTCLDY (SCALE 4-7) 13
TOTAL FM JUL 1 343 CLOUDY (SCALE 8-10) 0
DPTR FM NORMAL -357
[CDD (BASE 65) ]
TOTAL THIS MO. 314
DPTR FM NORMAL 119 [PRESSURE DATA]
TOTAL FM JAN 1 827 HIGHEST SLP 30.23 ON 16
DPTR FM NORMAL 457 LOWEST SLP 29.70 ON 20
[REMARKS]
#FINAL-04-20#