000
CSUS54 KSHV 011500
CF6LFK
PRELIMINARY LOCAL CLIMATOLOGICAL DATA (WS FORM: F-6)
STATION: LUFKIN
MONTH: OCTOBER
YEAR: 2020
LATITUDE: 31 14 N
LONGITUDE: 94 45 W
TEMPERATURE IN F: :PCPN: SNOW: WIND :SUNSHINE: SKY :PK WND
================================================================================
1 2 3 4 5 6A 6B 7 8 9 10 11 12 13 14 15 16 17 18
12Z AVG MX 2MIN
DY MAX MIN AVG DEP HDD CDD WTR SNW DPTH SPD SPD DIR MIN PSBL S-S WX SPD DR
================================================================================
1 84 52 68 -4 0 3 0.00 0.0 0 4.2 12 20 M M 0 16 20
2 80 55 68 -4 0 3 0.00 0.0 0 5.4 12 60 M M 0 16 50
3 82 50 66 -6 0 1 0.00 0.0 0 4.2 12 150 M M 0 18 160
4 86 53 70 -1 0 5 0.00 0.0 0 3.3 13 360 M M 3 16 10
5 82 58 70 -1 0 5 0.00 0.0 0 4.6 10 360 M M 1 13 320
6 85 52 69 -2 0 4 0.00 0.0 0 2.7 12 10 M M 0 1 14 30
7 88 51 70 0 0 5 0.00 0.0 0 2.7 10 30 M M 0 18 15 20
8 85 70 78 8 0 13 T 0.0 0 5.8 13 90 M M 6 M M
9 74 69 72 2 0 7 0.68 0.0 0 10.6 18 60 M M 9 1 26 330
10 88 65 77 7 0 12 0.00 0.0 0 5.4 13 280 M M 3 18 280
11 92 63 78 9 0 13 0.00 0.0 0 5.3 14 190 M M 0 18 200
12 88 63 76 7 0 11 0.00 0.0 0 6.3 15 220 M M 4 1 20 210
13 86 55 71 2 0 6 0.00 0.0 0 3.8 13 100 M M 2 17 110
14 86 52 69 1 0 4 0.00 0.0 0 4.7 12 190 M M 0 16 200
15 87 61 74 6 0 9 T 0.0 0 6.9 20 10 M M 8 1 28 10
16 73 51 62 -6 3 0 0.11 0.0 0 7.7 16 30 M M 4 25 30
17 76 47 62 -5 3 0 0.00 0.0 0 8.9 16 160 M M 8 22 150
18 87 70 79 12 0 14 0.00 0.0 0 10.2 17 130 M M 8 23 130
19 88 71 80 13 0 15 T 0.0 0 7.3 15 160 M M 5 1 20 160
20 87 67 77 11 0 12 0.00 0.0 0 4.8 17 140 M M 4 1 25 130
21 88 64 76 10 0 11 0.00 0.0 0 3.4 14 130 M M 3 12 17 140
22 88 65 77 11 0 12 0.00 0.0 0 5.4 14 150 M M 1 1 20 150
23 82 56 69 3 0 4 0.75 0.0 0 7.2 28 310 M M 9 13 43 300
24 64 50 57 -8 8 0 0.00 0.0 0 6.3 12 330 M M 9 19 340
25 63 56 60 -5 5 0 T 0.0 0 5.7 10 80 M M 10 18 13 90
26 80 63 72 7 0 7 0.00 0.0 0 7.2 16 130 M M 10 19 130
27 69 63 66 2 0 1 0.03 0.0 0 5.2 10 20 M M 10 18 13 360
28 63 42 53 -11 12 0 0.38 0.0 M 7.8 16 280 M M 9 1 25 280
29 59 39 49 -15 16 0 0.00 0.0 0 6.7 18 300 M M 5 1 28 300
30 69 41 55 -9 10 0 0.00 0.0 0 4.1 12 30 M M 0 14 60
31 73 39 56 -7 9 0 0.00 0.0 0 1.6 10 200 M M 0 13 290
================================================================================
SM 2482 1753 66 177 1.95 0.0 175.4 M 131
================================================================================
AV 80.1 56.6 5.7 FASTST M M 4 MAX(MPH)
MISC ----> # 28 310 # 43 300
================================================================================
NOTES:
# LAST OF SEVERAL OCCURRENCES
COLUMN 17 PEAK WIND IN M.P.H.
PRELIMINARY LOCAL CLIMATOLOGICAL DATA (WS FORM: F-6) , PAGE 2
STATION: LUFKIN
MONTH: OCTOBER
YEAR: 2020
LATITUDE: 31 14 N
LONGITUDE: 94 45 W
[TEMPERATURE DATA] [PRECIPITATION DATA] SYMBOLS USED IN COLUMN 16
AVERAGE MONTHLY: 68.3 TOTAL FOR MONTH: 1.95 1 = FOG OR MIST
DPTR FM NORMAL: 0.5 DPTR FM NORMAL: -2.88 2 = FOG REDUCING VISIBILITY
HIGHEST: 92 ON 11 GRTST 24HR 0.75 ON 23-23 TO 1/4 MILE OR LESS
LOWEST: 39 ON 31,29 3 = THUNDER
SNOW, ICE PELLETS, HAIL 4 = ICE PELLETS
TOTAL MONTH: 0.0 INCH 5 = HAIL
GRTST 24HR 0.0 6 = FREEZING RAIN OR DRIZZLE
GRTST DEPTH: 0 7 = DUSTSTORM OR SANDSTORM:
VSBY 1/2 MILE OR LESS
8 = SMOKE OR HAZE
[NO. OF DAYS WITH] [WEATHER - DAYS WITH] 9 = BLOWING SNOW
X = TORNADO
MAX 32 OR BELOW: 0 0.01 INCH OR MORE: 5
MAX 90 OR ABOVE: 1 0.10 INCH OR MORE: 4
MIN 32 OR BELOW: 0 0.50 INCH OR MORE: 2
MIN 0 OR BELOW: 0 1.00 INCH OR MORE: 0
[HDD (BASE 65) ]
TOTAL THIS MO. 66 CLEAR (SCALE 0-3) 14
DPTR FM NORMAL 4 PTCLDY (SCALE 4-7) 10
TOTAL FM JUL 1 66 CLOUDY (SCALE 8-10) 7
DPTR FM NORMAL 0
[CDD (BASE 65) ]
TOTAL THIS MO. 177
DPTR FM NORMAL 30 [PRESSURE DATA]
TOTAL FM JAN 1 2852 HIGHEST SLP 30.32 ON 16
DPTR FM NORMAL 308 LOWEST SLP 29.67 ON 9
[REMARKS]
#FINAL-10-20#