000
CXUS51 KOKX 011306
CLMLGA
NYCCLMLGA 000
TTAA00 OKX 011304
CLIMATE REPORT
NATIONAL WEATHER SERVICE NEW YORK, NY
906 AM EDT WED NOV 01 2023
...................................
...THE LAGUARDIA NY CLIMATE SUMMARY FOR THE MONTH OF OCTOBER 2023...
CLIMATE NORMAL PERIOD 1991 TO 2020
CLIMATE RECORD PERIOD 1939 TO 2023
WEATHER OBSERVED NORMAL DEPART LAST YEAR`S
VALUE DATE(S) VALUE FROM VALUE DATE(S)
NORMAL
................................................................
TEMPERATURE (F)
RECORD
HIGH 95 10/02/2019
LOW 30 10/24/1969
HIGHEST 84 10/04 MM MM 78 10/07
LOWEST 46 10/31 MM MM 44 10/19
AVG. MAXIMUM 68.4 66.0 2.4 64.9
AVG. MINIMUM 55.7 53.3 2.4 52.2
MEAN 62.1 59.6 2.5 58.5
DAYS MAX >= 90 0 0.0 0.0 0
DAYS MAX <= 32 0 0.0 0.0 0
DAYS MIN <= 32 0 0.0 0.0 0
DAYS MIN <= 0 0 0.0 0.0 0
PRECIPITATION (INCHES)
RECORD
MAXIMUM 14.71 2005
MINIMUM 0.06 1963
TOTALS 4.18 3.81 0.37 5.04
DAILY AVG. 0.13 0.12 0.01 0.16
DAYS >= .01 9 9.0 0.0 12
DAYS >= .10 7 5.2 1.8 8
DAYS >= .50 5 2.6 2.4 3
DAYS >= 1.00 0 1.2 -1.2 1
GREATEST
24 HR. TOTAL 1.33 10/20 TO 10/21 1.95 10/03 TO 10/04
STORM TOTAL 0.94 1.77
(MM/DD(HH)) MM
SNOWFALL (INCHES)
RECORDS
TOTAL 1.7 2011
24 HR TOTAL 1.7 MM
TOTALS 0.0 0.1 -0.1 0.0
LIQUID EQUIV 0.00 T 0.00 0.00
SINCE 7/1 0.0 0.1 -0.1 MM
LIQUID 7/1 0.00 0.00 MM
DAYS >= TRACE 0 0.0 0.0 0
DAYS >= 1.0 0 0.0 0.0 0
GREATEST
SNOW DEPTH 0 0 MM
24 HR TOTAL MM MM
STORM TOTAL 0.0 0.0
(MM/DD(HH)) MM
DEGREE DAYS
HEATING TOTAL 140 198 -58 202
SINCE 7/1 169 219 -50 MM
COOLING TOTAL 57 32 25 9
SINCE 1/1 1389 1407 -18 MM
................................................................
WIND (MPH)
AVERAGE WIND SPEED 8.8
HIGHEST WIND SPEED/DIRECTION 30/280 DATE 10/21
HIGHEST GUST SPEED/DIRECTION 38/270 DATE 10/21
SKY COVER
POSSIBLE SUNSHINE (PERCENT) MM
AVERAGE SKY COVER 0.57
NUMBER OF DAYS FAIR 7
NUMBER OF DAYS PC 16
NUMBER OF DAYS CLOUDY 8
AVERAGE RH (PERCENT) 63
WEATHER CONDITIONS. NUMBER OF DAYS WITH
THUNDERSTORM 1 MIXED PRECIP 0
HEAVY RAIN 5 RAIN 6
LIGHT RAIN 10 FREEZING RAIN 0
LT FREEZING RAIN 0 HAIL 0
HEAVY SNOW 0 SNOW 0
LIGHT SNOW 0 SLEET 0
FOG 8 FOG W/VIS <= 1/4 MILE 0
HAZE 1
- INDICATES NEGATIVE NUMBERS.
R INDICATES RECORD WAS SET OR TIED.
MM INDICATES DATA IS MISSING.
T INDICATES TRACE AMOUNT.
$$