000
CXUS54 KFWD 010730
CF6LHB
PRELIMINARY LOCAL CLIMATOLOGICAL DATA (WS FORM: F-6)
STATION: HEARNE
MONTH: MAY
YEAR: 2022
LATITUDE: 30 52 N
LONGITUDE: 96 36 W
TEMPERATURE IN F: :PCPN: SNOW: WIND :SUNSHINE: SKY :PK WND
================================================================================
1 2 3 4 5 6A 6B 7 8 9 10 11 12 13 14 15 16 17 18
12Z AVG MX 2MIN
DY MAX MIN AVG DEP HDD CDD WTR SNW DPTH SPD SPD DIR MIN PSBL S-S WX SPD DR
================================================================================
1 88 69 79 M 0 14 0.00 M M 4.7 9 90 M M 6 16 140
2 89 73 81 M 0 16 0.00 M M 12.3 18 170 M M 8 29 170
3 90 73 82 M 0 17 0.00 M M 6.6 12 180 M M 8 16 160
4 90 74 82 M 0 17 0.00 M M 10.0 16 150 M M 7 24 150
5 85 63 74 M 0 9 0.20 M M 4.5 14 140 M M 6 13 25 150
6 86 60 73 M 0 8 0.00 M M 3.4 7 140 M M 4 12 M M
7 91 73 82 M 0 17 0.00 M M 7.3 14 150 M M 3 1 21 150
8 94 75 85 M 0 20 0.00 M M 12.1 15 150 M M 4 24 170
9 94 76 85 M 0 20 0.00 M M 10.4 18 170 M M 6 24 160
10 92 76 84 M 0 19 0.00 M M 9.4 13 140 M M 4 21 140
11 91 73 82 M 0 17 0.00 M M 6.2 10 160 M M 4 1 18 160
12 92 67 80 M 0 15 0.00 M M 6.6 12 150 M M 2 1 18 150
13 89 66 78 M 0 13 0.00 M M 6.4 12 190 M M 1 18 140
14 92 69 81 M 0 16 0.00 M M 4.5 9 210 M M 1 16 210
15 92 70 81 M 0 16 0.00 M M 6.5 12 160 M M 0 16 170
16 92 70 81 M 0 16 0.00 M M 5.3 12 240 M M 2 23 150
17 94 71 83 M 0 18 0.00 M M 7.8 14 170 M M 2 21 150
18 97 74 86 M 0 21 0.00 M M 11.6 16 170 M M 2 23 160
19 94 74 84 M 0 19 0.00 M M 13.6 18 160 M M 2 25 170
20 95 75 85 M 0 20 0.00 M M 14.6 22 160 M M 4 28 160
21 98 66 82 M 0 17 1.75 M M 8.6 17 150 M M 6 3 22 150
22 76 61 69 M 0 4 0.25 M M 7.8 15 360 M M 8 3 32 190
23 85 65 75 M 0 10 0.16 M M 4.9 10 100 M M 6 1 18 100
24 87 64 76 M 0 11 1.37 M M 7.1 14 170 M M 6 3 44 0
25 79 63 71 M 0 6 0.60 M M 7.1 17 290 M M 3 3 23 290
26 92 57 75 M 0 10 0.00 M M 4.1 13 240 M M 0 17 220
27 95 64 80 M 0 15 0.00 M M 2.2 9 250 M M 0 M M
28 94 65 80 M 0 15 0.00 M M 6.0 10 160 M M 1 17 170
29 93 74 84 M 0 19 0.00 M M 12.5 18 160 M M 5 25 180
30 94 76 85 M 0 20 0.00 M M 13.5 18 170 M M 5 29 180
31 95 77 86 M 0 21 0.00 M M 9.4 14 170 M M 5 21 160
================================================================================
SM 2815 2153 0 476 4.33 M 246.8 M 121
================================================================================
AV 90.8 69.5 8.0 FASTST M M 4 MAX(MPH)
MISC ----> 22 160 44 0
================================================================================
NOTES:
# LAST OF SEVERAL OCCURRENCES
COLUMN 17 PEAK WIND IN M.P.H.
PRELIMINARY LOCAL CLIMATOLOGICAL DATA (WS FORM: F-6) , PAGE 2
STATION: HEARNE
MONTH: MAY
YEAR: 2022
LATITUDE: 30 52 N
LONGITUDE: 96 36 W
[TEMPERATURE DATA] [PRECIPITATION DATA] SYMBOLS USED IN COLUMN 16
AVERAGE MONTHLY: 80.1 TOTAL FOR MONTH: 4.33 1 = FOG OR MIST
DPTR FM NORMAL: 0.0 DPTR FM NORMAL: M 2 = FOG REDUCING VISIBILITY
HIGHEST: 98 ON 21 GRTST 24HR 1.75 ON 21-21 TO 1/4 MILE OR LESS
LOWEST: 57 ON 26 3 = THUNDER
SNOW, ICE PELLETS, HAIL 4 = ICE PELLETS
TOTAL MONTH: M 5 = HAIL
GRTST 24HR M ON M 6 = FREEZING RAIN OR DRIZZLE
GRTST DEPTH: M ON M 7 = DUSTSTORM OR SANDSTORM:
VSBY 1/2 MILE OR LESS
8 = SMOKE OR HAZE
[NO. OF DAYS WITH] [WEATHER - DAYS WITH] 9 = BLOWING SNOW
X = TORNADO
MAX 32 OR BELOW: 0 0.01 INCH OR MORE: 6
MAX 90 OR ABOVE: 22 0.10 INCH OR MORE: 6
MIN 32 OR BELOW: 0 0.50 INCH OR MORE: 3
MIN 0 OR BELOW: 0 1.00 INCH OR MORE: 2
[HDD (BASE 65) ]
TOTAL THIS MO. 0 CLEAR (SCALE 0-3) 12
DPTR FM NORMAL M PTCLDY (SCALE 4-7) 19
TOTAL FM JUL 1 247 CLOUDY (SCALE 8-10) 0
DPTR FM NORMAL M
[CDD (BASE 65) ]
TOTAL THIS MO. 476
DPTR FM NORMAL M [PRESSURE DATA]
TOTAL FM JAN 1 740 HIGHEST SLP M ON M
DPTR FM NORMAL M LOWEST SLP M ON M
[REMARKS]
#FINAL-05-22#