000
CXUS54 KFWD 010731
CF6LHB
PRELIMINARY LOCAL CLIMATOLOGICAL DATA (WS FORM: F-6)
STATION: HEARNE
MONTH: MAY
YEAR: 2020
LATITUDE: 30 52 N
LONGITUDE: 96 36 W
TEMPERATURE IN F: :PCPN: SNOW: WIND :SUNSHINE: SKY :PK WND
================================================================================
1 2 3 4 5 6A 6B 7 8 9 10 11 12 13 14 15 16 17 18
12Z AVG MX 2MIN
DY MAX MIN AVG DEP HDD CDD WTR SNW DPTH SPD SPD DIR MIN PSBL S-S WX SPD DR
================================================================================
1 86 55 71 M 0 6 0.00 0.0 0 7.4 15 170 M M 0 22 150
2 89 64 77 M 0 12 0.00 0.0 0 10.6 18 170 M M 4 24 180
3 91 72 82 M 0 17 0.00 0.0 0 11.8 16 170 M M 4 21 170
4 92 72 82 M 0 17 0.00 0.0 0 11.9 17 200 M M 5 22 180
5 79 65 72 M 0 7 0.03 0.0 0 6.7 14 170 M M 8 18 20 170
6 85 54 70 M 0 5 0.00 0.0 0 3.7 13 70 M M 3 M M
7 86 53 70 M 0 5 0.00 0.0 0 10.1 22 160 M M 5 29 160
8 86 56 71 M 0 6 0.00 0.0 0 13.1 24 360 M M 6 35 10
9 75 56 66 M 0 1 0.00 0.0 0 5.4 12 60 M M 3 18 90
10 80 49 65 M 0 0 0.00 0.0 0 3.0 9 70 M M 0 M M
11 85 56 71 M 0 6 0.00 0.0 0 5.9 12 160 M M 1 16 160
12 77 66 72 M 0 7 0.73 0.0 0 5.5 16 160 M M 8 3 21 160
13 88 67 78 M 0 13 0.00 0.0 0 6.9 12 170 M M 6 M M
14 91 71 81 M 0 16 0.00 0.0 0 7.7 15 150 M M 4 8 20 140
15 91 70 81 M 0 16 0.00 0.0 0 6.4 13 140 M M 4 1 27 110
16 74 65 70 M 0 5 0.97 0.0 0 9.0 17 330 M M 9 3 24 330
17 86 65 76 M 0 11 0.12 0.0 0 6.9 15 320 M M 2 23 320
18 92 62 77 M 0 12 0.00 0.0 0 2.0 8 170 M M 0 M M
19 94 69 82 M 0 17 0.00 0.0 0 6.3 13 190 M M 0 M M
20 93 74 84 M 0 19 0.00 0.0 0 5.6 9 170 M M 4 1 M M
21 90 75 83 M 0 18 0.00 0.0 0 8.8 14 150 M M 6 1 22 170
22 93 75 84 M 0 19 0.00 0.0 0 10.2 21 150 M M 5 30 150
23 93 77 85 M 0 20 0.00 0.0 0 8.5 14 170 M M 6 18 150
24 86 68 77 M 0 12 0.02 0.0 0 7.6 16 150 M M 6 3 21 150
25 79 67 73 M 0 8 0.49 0.0 0 6.1 17 310 M M 7 1 27 310
26 84 62 73 M 0 8 0.00 0.0 0 4.2 10 330 M M 3 M M
27 83 59 71 M 0 6 1.67 0.0 0 3.7 15 150 M M 3 3 20 150
28 87 61 74 M 0 9 0.00 0.0 0 1.8 7 330 M M 2 M M
29 88 66 77 M 0 12 0.00 0.0 0 5.8 15 30 M M 1 20 20
30 88 62 75 M 0 10 0.00 0.0 0 3.0 8 50 M M 1 M M
31 86 69 78 M 0 13 0.00 0.0 0 3.2 7 100 M M 1 M M
================================================================================
SM 2677 2002 0 333 4.03 0.0 208.8 M 117
================================================================================
AV 86.4 64.6 6.7 FASTST M M 4 MAX(MPH)
MISC ----> # 24 360 # 35 10
================================================================================
NOTES:
# LAST OF SEVERAL OCCURRENCES
COLUMN 17 PEAK WIND IN M.P.H.
PRELIMINARY LOCAL CLIMATOLOGICAL DATA (WS FORM: F-6) , PAGE 2
STATION: HEARNE
MONTH: MAY
YEAR: 2020
LATITUDE: 30 52 N
LONGITUDE: 96 36 W
[TEMPERATURE DATA] [PRECIPITATION DATA] SYMBOLS USED IN COLUMN 16
AVERAGE MONTHLY: 75.5 TOTAL FOR MONTH: 4.03 1 = FOG OR MIST
DPTR FM NORMAL: M DPTR FM NORMAL: M 2 = FOG REDUCING VISIBILITY
HIGHEST: 94 ON 19 GRTST 24HR 1.67 ON 27-27 TO 1/4 MILE OR LESS
LOWEST: 49 ON 10 3 = THUNDER
SNOW, ICE PELLETS, HAIL 4 = ICE PELLETS
TOTAL MONTH: 0.0 INCH 5 = HAIL
GRTST 24HR 0.0 6 = FREEZING RAIN OR DRIZZLE
GRTST DEPTH: 0 7 = DUSTSTORM OR SANDSTORM:
VSBY 1/2 MILE OR LESS
8 = SMOKE OR HAZE
[NO. OF DAYS WITH] [WEATHER - DAYS WITH] 9 = BLOWING SNOW
X = TORNADO
MAX 32 OR BELOW: 0 0.01 INCH OR MORE: 7
MAX 90 OR ABOVE: 10 0.10 INCH OR MORE: 5
MIN 32 OR BELOW: 0 0.50 INCH OR MORE: 3
MIN 0 OR BELOW: 0 1.00 INCH OR MORE: 1
[HDD (BASE 65) ]
TOTAL THIS MO. 0 CLEAR (SCALE 0-3) 14
DPTR FM NORMAL M PTCLDY (SCALE 4-7) 14
TOTAL FM JUL 1 1615 CLOUDY (SCALE 8-10) 3
DPTR FM NORMAL M
[CDD (BASE 65) ]
TOTAL THIS MO. 333
DPTR FM NORMAL M [PRESSURE DATA]
TOTAL FM JAN 1 636 HIGHEST SLP M ON M
DPTR FM NORMAL M LOWEST SLP M ON M
[REMARKS]
#FINAL-05-20#