000
CXUS55 KPUB 011210
CF6LHX
PRELIMINARY LOCAL CLIMATOLOGICAL DATA (WS FORM: F-6)
STATION: LA JUNTA CO
MONTH: MAY
YEAR: 2023
LATITUDE: 38 2 N
LONGITUDE: 103 31 W
TEMPERATURE IN F: :PCPN: SNOW: WIND :SUNSHINE: SKY :PK WND
================================================================================
1 2 3 4 5 6A 6B 7 8 9 10 11 12 13 14 15 16 17 18
12Z AVG MX 2MIN
DY MAX MIN AVG DEP HDD CDD WTR SNW DPTH SPD SPD DIR MIN PSBL S-S WX SPD DR
================================================================================
1 76 38 57 0 8 0 0.00 M M 9.8 20 100 M M 0 27 90
2 72 44 58 0 7 0 0.00 M M 9.9 24 140 M M 1 30 140
3 80 48 64 6 1 0 0.00 M M 6.1 12 110 M M 0 16 100
4 83 50 67 9 0 2 0.00 M M 8.2 23 10 M M 0 31 210
5 83 47 65 6 0 0 0.00 M M 7.9 25 280 M M 0 33 270
6 82 44 63 4 2 0 0.00 M M 10.2 25 260 M M 0 33 270
7 80 44 62 2 3 0 0.00 M M 7.0 22 40 M M 0 28 30
8 80 43 62 2 3 0 T M M 10.2 28 120 M M 0 37 110
9 88 47 68 8 0 3 0.00 M M 10.2 29 80 M M 0 37 70
10 78 49 64 3 1 0 0.08 M M 12.9 54 120 M M 3 13 79 110
11 66 48 57 -4 8 0 0.68 M M 14.7 32 220 M M 7 13 41 220
12 69 49 59 -3 6 0 T M M 20.1 39 350 M M 3 50 340
13 68 49 59 -3 6 0 0.03 M M 11.2 18 360 M M 6 1 23 20
14 68 52 60 -3 5 0 0.12 M M 12.1 25 360 M M 9 1 30 360
15 66 51 59 -4 6 0 T M M 8.7 17 20 M M 7 1 23 40
16 83 45 64 1 1 0 0.00 M M 6.6 18 50 M M 1 1 25 60
17 80 56 68 4 0 3 0.06 M M 9.7 23 160 M M 2 3 30 160
18 77 53 65 1 0 0 0.26 M M 12.6 39 350 M M 7 13 54 340
19 61 50 56 -9 9 0 T M M 7.8 20 10 M M 7 18 26 10
20 77 46 62 -3 3 0 0.00 M M 9.0 23 330 M M 2 18 30 330
21 76 50 63 -3 2 0 0.00 M M 7.4 18 40 M M 1 8 22 30
22 77 52 65 -1 0 0 0.00 M M 8.2 16 110 M M 0 1 29 140
23 78 52 65 -1 0 0 0.00 M M 10.4 26 120 M M 3 18 33 130
24 80 53 67 0 0 2 1.21 M M 10.5 33 130 M M 3 1238 43 130
25 80 52 66 -1 0 1 T M M 7.5 23 130 M M 4 1 31 120
26 80 52 66 -2 0 1 0.26 M M 15.2 35 240 M M 1 3 45 240
27 81 56 69 1 0 4 0.00 M M 10.9 26 220 M M 1 3 36 290
28 80 55 68 0 0 3 0.00 M M 9.1 21 250 M M 2 1 26 110
29 85 54 70 1 0 5 0.04 M M 10.0 39 290 M M 1 3 58 280
30 84 54 69 0 0 4 0.00 M M 10.6 35 80 M M 0 45 80
31 81 50 66 -3 0 1 0.08 M M 12.0 30 220 M M 0 3 39 230
================================================================================
SM 2399 1533 71 29 2.82 M 316.7 M 71
================================================================================
AV 77.4 49.5 10.2 FASTST M M 2 MAX(MPH)
MISC ----> 54 120 79 110
================================================================================
NOTES:
# LAST OF SEVERAL OCCURRENCES
COLUMN 17 PEAK WIND IN M.P.H.
PRELIMINARY LOCAL CLIMATOLOGICAL DATA (WS FORM: F-6) , PAGE 2
STATION: LA JUNTA CO
MONTH: MAY
YEAR: 2023
LATITUDE: 38 2 N
LONGITUDE: 103 31 W
[TEMPERATURE DATA] [PRECIPITATION DATA] SYMBOLS USED IN COLUMN 16
AVERAGE MONTHLY: 63.4 TOTAL FOR MONTH: 2.82 1 = FOG OR MIST
DPTR FM NORMAL: 0.0 DPTR FM NORMAL: 1.23 2 = FOG REDUCING VISIBILITY
HIGHEST: 88 ON 9 GRTST 24HR 1.21 ON 24-24 TO 1/4 MILE OR LESS
LOWEST: 38 ON 1 3 = THUNDER
SNOW, ICE PELLETS, HAIL 4 = ICE PELLETS
TOTAL MONTH: M 5 = HAIL
GRTST 24HR M ON M 6 = FREEZING RAIN OR DRIZZLE
GRTST DEPTH: M ON M 7 = DUSTSTORM OR SANDSTORM:
VSBY 1/2 MILE OR LESS
8 = SMOKE OR HAZE
[NO. OF DAYS WITH] [WEATHER - DAYS WITH] 9 = BLOWING SNOW
X = TORNADO
MAX 32 OR BELOW: 0 0.01 INCH OR MORE: 10
MAX 90 OR ABOVE: 0 0.10 INCH OR MORE: 5
MIN 32 OR BELOW: 0 0.50 INCH OR MORE: 2
MIN 0 OR BELOW: 0 1.00 INCH OR MORE: 1
[HDD (BASE 65) ]
TOTAL THIS MO. 71 CLEAR (SCALE 0-3) 23
DPTR FM NORMAL -58 PTCLDY (SCALE 4-7) 7
TOTAL FM JUL 1 5449 CLOUDY (SCALE 8-10) 1
DPTR FM NORMAL 423
[CDD (BASE 65) ]
TOTAL THIS MO. 29
DPTR FM NORMAL -51 [PRESSURE DATA]
TOTAL FM JAN 1 37 HIGHEST SLP 30.37 ON 15
DPTR FM NORMAL -51 LOWEST SLP 29.52 ON 11
[REMARKS]
#FINAL-05-23#