000
CXUS55 KBOU 010900
CF6LIC
PRELIMINARY LOCAL CLIMATOLOGICAL DATA (WS FORM: F-6)
STATION: LIMON CO
MONTH: APRIL
YEAR: 2023
LATITUDE: 39 10 N
LONGITUDE: 103 42 W
TEMPERATURE IN F: :PCPN: SNOW: WIND :SUNSHINE: SKY :PK WND
================================================================================
1 2 3 4 5 6A 6B 7 8 9 10 11 12 13 14 15 16 17 18
12Z AVG MX 2MIN
DY MAX MIN AVG DEP HDD CDD WTR SNW DPTH SPD SPD DIR MIN PSBL S-S WX SPD DR
================================================================================
1 67 15 41 -1 24 0 0.00 M M 12.8 29 190 M M 0 40 200
2 74 26 50 8 15 0 0.00 M M 9.7 25 40 M M 0 34 50
3 67 23 45 3 20 0 0.00 M M 15.5 31 150 M M 0 45 180
4 40 20 30 -12 35 0 T M M 17.8 29 340 M M 9 18 38 350
5 45 12 29 -13 36 0 0.01 M M 9.3 25 340 M M 6 1 32 350
6 52 18 35 -8 30 0 T M M 6.4 15 150 M M 2 1 20 210
7 68 15 42 -1 23 0 0.00 M M 7.1 24 140 M M 1 35 130
8 71 23 47 4 18 0 0.00 M M 8.1 25 210 M M 1 36 260
9 70 28 49 6 16 0 0.00 M M 5.9 15 350 M M 0 23 300
10 75 25 50 7 15 0 0.00 M M 3.9 10 220 M M 0 14 220
11 85 28 57 14 8 0 0.00 M M 10.6 28 170 M M 0 36 170
12 87 33 60 16 5 0 0.00 M M 11.1 26 170 M M 0 37 200
13 79 37 58 14 7 0 0.00 M M 13.0 33 160 M M 1 42 160
14 59 32 46 2 19 0 0.18 M M 16.5 25 350 M M 7 12 35 360
15 48 26 37 -7 28 0 T M M 13.8 36 340 M M 6 1 46 330
16 63 20 42 -2 23 0 0.00 M M 4.7 15 200 M M 0 20 190
17 73 24 49 5 16 0 0.00 M M 6.3 14 350 M M 0 21 330
18 78 29 54 9 11 0 0.00 M M 10.9 29 210 M M 0 39 210
19 70 33 52 7 13 0 0.00 M M 21.4 48 350 M M 3 8 60 340
20 51 19 35 -10 30 0 0.00 M M 15.0 29 310 M M 1 37 320
21 54 15 35 -10 30 0 0.04 M M 9.9 22 10 M M 4 1 27 30
22 41 22 32 -14 33 0 0.01 M M 6.5 20 20 M M 10 18 24 20
23 56 15 36 -10 29 0 0.00 M M 6.0 15 160 M M 3 22 160
24 66 25 46 0 19 0 0.00 M M 7.3 22 130 M M 2 28 140
25 51 39 45 -1 20 0 0.12 M M 15.2 21 110 M M 10 18 28 110
26 52 33 43 -3 22 0 0.17 M M 7.3 16 60 M M 7 1 20 60
27 70 29 50 3 15 0 0.08 M M 16.1 38 360 M M 3 51 10
28 54 33 44 -3 21 0 0.05 M M 20.0 36 10 M M 5 1 47 20
29 72 32 52 5 13 0 0.00 M M 11.8 31 360 M M 1 42 340
30 69 31 50 2 15 0 0.00 M M 5.0 14 80 M M 1 17 360
================================================================================
SM 1907 760 609 0 0.66 M 324.9 M 83
================================================================================
AV 63.6 25.3 10.8 FASTST M M 3 MAX(MPH)
MISC ----> 48 350 60 340
================================================================================
NOTES:
# LAST OF SEVERAL OCCURRENCES
COLUMN 17 PEAK WIND IN M.P.H.
PRELIMINARY LOCAL CLIMATOLOGICAL DATA (WS FORM: F-6) , PAGE 2
STATION: LIMON CO
MONTH: APRIL
YEAR: 2023
LATITUDE: 39 10 N
LONGITUDE: 103 42 W
[TEMPERATURE DATA] [PRECIPITATION DATA] SYMBOLS USED IN COLUMN 16
AVERAGE MONTHLY: 44.5 TOTAL FOR MONTH: 0.66 1 = FOG OR MIST
DPTR FM NORMAL: 0.2 DPTR FM NORMAL: -0.71 2 = FOG REDUCING VISIBILITY
HIGHEST: 87 ON 12 GRTST 24HR 0.29 ON 25-26 TO 1/4 MILE OR LESS
LOWEST: 12 ON 5 3 = THUNDER
SNOW, ICE PELLETS, HAIL 4 = ICE PELLETS
TOTAL MONTH: M 5 = HAIL
GRTST 24HR M ON M 6 = FREEZING RAIN OR DRIZZLE
GRTST DEPTH: M ON M 7 = DUSTSTORM OR SANDSTORM:
VSBY 1/2 MILE OR LESS
8 = SMOKE OR HAZE
[NO. OF DAYS WITH] [WEATHER - DAYS WITH] 9 = BLOWING SNOW
X = TORNADO
MAX 32 OR BELOW: 0 0.01 INCH OR MORE: 8
MAX 90 OR ABOVE: 0 0.10 INCH OR MORE: 3
MIN 32 OR BELOW: 24 0.50 INCH OR MORE: 0
MIN 0 OR BELOW: 0 1.00 INCH OR MORE: 0
[HDD (BASE 65) ]
TOTAL THIS MO. 609 CLEAR (SCALE 0-3) 21
DPTR FM NORMAL -11 PTCLDY (SCALE 4-7) 6
TOTAL FM JUL 1 6737 CLOUDY (SCALE 8-10) 3
DPTR FM NORMAL 145
[CDD (BASE 65) ]
TOTAL THIS MO. 0
DPTR FM NORMAL 0 [PRESSURE DATA]
TOTAL FM JAN 1 0 HIGHEST SLP M ON M
DPTR FM NORMAL 0 LOWEST SLP 29.21 ON 4
[REMARKS]
#FINAL-04-23#