000
CXUS55 KBOU 011000
CF6LIC
PRELIMINARY LOCAL CLIMATOLOGICAL DATA (WS FORM: F-6)
STATION: LIMON CO
MONTH: JANUARY
YEAR: 2022
LATITUDE: 39 10 N
LONGITUDE: 103 42 W
TEMPERATURE IN F: :PCPN: SNOW: WIND :SUNSHINE: SKY :PK WND
================================================================================
1 2 3 4 5 6A 6B 7 8 9 10 11 12 13 14 15 16 17 18
12Z AVG MX 2MIN
DY MAX MIN AVG DEP HDD CDD WTR SNW DPTH SPD SPD DIR MIN PSBL S-S WX SPD DR
================================================================================
1 9 -16 -3 -29 68 0 0.11 M M 10.0 17 330 M M 8 8 22 320
2 44 -18 13 -13 52 0 0.00 M M 4.8 12 190 M M 0 17 210
3 58 6 32 6 33 0 0.00 M M 4.6 13 150 M M 0 8 17 200
4 54 15 35 9 30 0 0.00 M M 12.2 32 310 M M 0 44 310
5 39 -1 19 -7 46 0 0.06 M M 11.8 26 20 M M 4 18 34 30
6 17 -8 5 -21 60 0 0.10 M M 7.1 13 180 M M 7 M M
7 46 3 25 -1 40 0 0.00 M M 4.3 13 140 M M 0 14 140
8 49 24 37 11 28 0 0.02 M M 8.2 29 10 M M 4 1 37 10
9 37 6 22 -4 43 0 0.00 M M 7.2 20 190 M M 2 27 190
10 56 8 32 6 33 0 0.00 M M 4.4 13 190 M M 0 17 180
11 58 11 35 9 30 0 0.00 M M 5.7 17 40 M M 0 22 40
12 59 15 37 11 28 0 0.00 M M 6.0 17 310 M M 0 22 310
13 63 22 43 16 22 0 0.00 M M 6.8 20 200 M M 0 25 190
14 46 21 34 7 31 0 0.04 M M 22.5 41 340 M M 3 1 58 350
15 45 12 29 2 36 0 0.00 M M 8.6 22 340 M M 0 29 350
16 52 12 32 5 33 0 0.00 M M 7.4 21 20 M M 0 26 20
17 63 11 37 10 28 0 0.00 M M 5.0 14 50 M M 0 16 40
18 60 17 39 12 26 0 0.00 M M 6.5 21 20 M M 0 27 30
19 30 15 23 -4 42 0 T M M 8.3 16 40 M M 9 1 20 50
20 38 9 24 -3 41 0 0.00 M M 7.9 15 170 M M 3 21 180
21 40 7 24 -3 41 0 0.03 M M 9.6 22 360 M M 8 1 28 10
22 46 4 25 -2 40 0 0.00 M M 7.2 26 200 M M 2 33 200
23 52 13 33 6 32 0 0.00 M M 6.5 14 210 M M 0 18 220
24 48 12 30 3 35 0 0.00 M M 7.9 23 360 M M 1 31 10
25 28 12 20 -7 45 0 0.16 M M 9.3 23 10 M M 10 1 27 20
26 37 -1 18 -9 47 0 0.00 M M 6.1 20 190 M M 3 1 27 200
27 30 4 17 -10 48 0 0.02 M M 8.6 23 350 M M 6 31 340
28 47 0 24 -3 41 0 0.00 M M 6.2 13 290 M M 0 17 280
29 57 8 33 6 32 0 0.00 M M 4.8 13 20 M M 0 17 30
30 58 8 33 6 32 0 0.00 M M 5.2 15 190 M M 0 21 190
31 61 8 35 8 30 0 0.00 M M 7.4 23 30 M M 0 32 50
================================================================================
SM 1427 239 1173 0 0.54 M 238.1 M 70
================================================================================
AV 46.0 7.7 7.7 FASTST M M 2 MAX(MPH)
MISC ----> 41 340 58 350
================================================================================
NOTES:
# LAST OF SEVERAL OCCURRENCES
COLUMN 17 PEAK WIND IN M.P.H.
PRELIMINARY LOCAL CLIMATOLOGICAL DATA (WS FORM: F-6) , PAGE 2
STATION: LIMON CO
MONTH: JANUARY
YEAR: 2022
LATITUDE: 39 10 N
LONGITUDE: 103 42 W
[TEMPERATURE DATA] [PRECIPITATION DATA] SYMBOLS USED IN COLUMN 16
AVERAGE MONTHLY: 26.9 TOTAL FOR MONTH: 0.54 1 = FOG OR MIST
DPTR FM NORMAL: 0.4 DPTR FM NORMAL: 0.27 2 = FOG REDUCING VISIBILITY
HIGHEST: 63 ON 13,17 GRTST 24HR 0.17 ON 5- 6 TO 1/4 MILE OR LESS
LOWEST: -18 ON 2 3 = THUNDER
SNOW, ICE PELLETS, HAIL 4 = ICE PELLETS
TOTAL MONTH: M 5 = HAIL
GRTST 24HR M ON M 6 = FREEZING RAIN OR DRIZZLE
GRTST DEPTH: M ON M 7 = DUSTSTORM OR SANDSTORM:
VSBY 1/2 MILE OR LESS
8 = SMOKE OR HAZE
[NO. OF DAYS WITH] [WEATHER - DAYS WITH] 9 = BLOWING SNOW
X = TORNADO
MAX 32 OR BELOW: 5 0.01 INCH OR MORE: 8
MAX 90 OR ABOVE: 0 0.10 INCH OR MORE: 3
MIN 32 OR BELOW: 31 0.50 INCH OR MORE: 0
MIN 0 OR BELOW: 6 1.00 INCH OR MORE: 0
[HDD (BASE 65) ]
TOTAL THIS MO. 1173 CLEAR (SCALE 0-3) 23
DPTR FM NORMAL -21 PTCLDY (SCALE 4-7) 6
TOTAL FM JUL 1 3448 CLOUDY (SCALE 8-10) 2
DPTR FM NORMAL -628
[CDD (BASE 65) ]
TOTAL THIS MO. 0
DPTR FM NORMAL 0 [PRESSURE DATA]
TOTAL FM JAN 1 0 HIGHEST SLP 30.75 ON 10
DPTR FM NORMAL 0 LOWEST SLP 29.55 ON 8
[REMARKS]
#FINAL-01-22#