000
CXHW51 PHFO 011250
CF6LIH
PRELIMINARY LOCAL CLIMATOLOGICAL DATA (WS FORM: F-6)
STATION: LIHUE HI
MONTH: APRIL
YEAR: 2023
LATITUDE: 21 58 N
LONGITUDE: 159 21 W
TEMPERATURE IN F: :PCPN: SNOW: WIND :SUNSHINE: SKY :PK WND
================================================================================
1 2 3 4 5 6A 6B 7 8 9 10 11 12 13 14 15 16 17 18
12Z AVG MX 2MIN
DY MAX MIN AVG DEP HDD CDD WTR SNW DPTH SPD SPD DIR MIN PSBL S-S WX SPD DR
================================================================================
1 75 70 73 -1 0 8 0.19 M M 8.1 23 40 M M 7 13 27 50
2 81 68 75 1 0 10 0.17 M M 8.0 36 70 M M 5 13 51 70
3 80 68 74 0 0 9 0.10 M M 10.2 18 60 M M 7 18 22 60
4 80 71 76 2 0 11 0.07 M M 16.1 28 80 M M 7 18 34 40
5 81 73 77 3 0 12 0.02 M M 15.6 22 60 M M 7 8 27 60
6 80 73 77 3 0 12 0.01 M M 16.4 24 50 M M 7 1 30 50
7 81 72 77 3 0 12 T M M 13.9 21 80 M M 7 25 80
8 80 71 76 2 0 11 0.01 M M 14.1 18 70 M M 9 1 23 70
9 81 71 76 2 0 11 0.09 M M 17.2 26 70 M M 8 1 32 70
10 80 70 75 1 0 10 0.02 M M 17.3 25 40 M M 5 33 40
11 79 70 75 1 0 10 0.06 M M 18.1 26 80 M M 8 1 33 80
12 80 70 75 1 0 10 0.14 M M 16.7 26 70 M M 7 1 33 60
13 79 70 75 0 0 10 0.02 M M 15.6 25 70 M M 7 1 30 80
14 78 68 73 -2 0 8 0.37 M M 15.9 22 70 M M 6 18 25 70
15 79 68 74 -1 0 9 T M M 15.4 21 40 M M 5 27 20
16 79 68 74 -1 0 9 T M M 7.8 14 100 M M 3 17 130
17 79 66 73 -2 0 8 T M M 8.8 16 120 M M 3 19 170
18 75 68 72 -3 0 7 2.20 M M 17.3 31 170 M M 8 1 40 160
19 81 68 75 0 0 10 0.02 M M 7.7 18 50 M M 5 23 60
20 79 63 71 -4 0 6 T M M 6.8 10 30 M M 5 12 50
21 80 69 75 0 0 10 T M M 8.1 16 100 M M 4 19 110
22 81 71 76 1 0 11 0.00 M M 8.1 15 90 M M 5 21 90
23 80 69 75 0 0 10 0.72 M M 6.5 14 350 M M 7 1 17 140
24 79 67 73 -2 0 8 0.31 M M 7.4 15 30 M M 5 1 19 340
25 77 69 73 -2 0 8 0.00 M M 12.5 18 20 M M 8 24 20
26 80 66 73 -2 0 8 0.00 M M 9.4 15 50 M M 6 19 50
27 80 65 73 -2 0 8 0.01 M M 11.2 21 10 M M 4 27 10
28 76 68 72 -3 0 7 0.21 M M 15.1 22 40 M M 10 1 26 50
29 81 68 75 0 0 10 0.05 M M 12.2 20 80 M M 5 1 23 90
30 81 74 78 3 0 13 0.00 M M 12.7 16 70 M M 6 21 70
================================================================================
SM 2382 2072 0 286 4.79 M 370.2 M 186
================================================================================
AV 79.4 69.1 12.3 FASTST M M 6 MAX(MPH)
MISC ----> 36 70 51 70
================================================================================
NOTES:
# LAST OF SEVERAL OCCURRENCES
COLUMN 17 PEAK WIND IN M.P.H.
PRELIMINARY LOCAL CLIMATOLOGICAL DATA (WS FORM: F-6) , PAGE 2
STATION: LIHUE HI
MONTH: APRIL
YEAR: 2023
LATITUDE: 21 58 N
LONGITUDE: 159 21 W
[TEMPERATURE DATA] [PRECIPITATION DATA] SYMBOLS USED IN COLUMN 16
AVERAGE MONTHLY: 74.2 TOTAL FOR MONTH: 4.79 1 = FOG OR MIST
DPTR FM NORMAL: -0.4 DPTR FM NORMAL: 2.76 2 = FOG REDUCING VISIBILITY
HIGHEST: 81 ON 30,29 GRTST 24HR 2.22 ON 18-19 TO 1/4 MILE OR LESS
LOWEST: 63 ON 20 3 = THUNDER
SNOW, ICE PELLETS, HAIL 4 = ICE PELLETS
TOTAL MONTH: M 5 = HAIL
GRTST 24HR M ON M 6 = FREEZING RAIN OR DRIZZLE
GRTST DEPTH: M ON M 7 = DUSTSTORM OR SANDSTORM:
VSBY 1/2 MILE OR LESS
8 = SMOKE OR HAZE
[NO. OF DAYS WITH] [WEATHER - DAYS WITH] 9 = BLOWING SNOW
X = TORNADO
MAX 32 OR BELOW: 0 0.01 INCH OR MORE: 20
MAX 90 OR ABOVE: 0 0.10 INCH OR MORE: 9
MIN 32 OR BELOW: 0 0.50 INCH OR MORE: 2
MIN 0 OR BELOW: 0 1.00 INCH OR MORE: 1
[HDD (BASE 65) ]
TOTAL THIS MO. 0 CLEAR (SCALE 0-3) 1
DPTR FM NORMAL 0 PTCLDY (SCALE 4-7) 26
TOTAL FM JUL 1 0 CLOUDY (SCALE 8-10) 3
DPTR FM NORMAL 0
[CDD (BASE 65) ]
TOTAL THIS MO. 286
DPTR FM NORMAL -4 [PRESSURE DATA]
TOTAL FM JAN 1 1149 HIGHEST SLP 30.18 ON 11
DPTR FM NORMAL 188 LOWEST SLP 29.77 ON 19
[REMARKS]
#FINAL-04-23#