914
CXHW51 PHFO 011250
CF6LIH
PRELIMINARY LOCAL CLIMATOLOGICAL DATA (WS FORM: F-6)
STATION: LIHUE HI
MONTH: OCTOBER
YEAR: 2020
LATITUDE: 21 58 N
LONGITUDE: 159 21 W
TEMPERATURE IN F: :PCPN: SNOW: WIND :SUNSHINE: SKY :PK WND
================================================================================
1 2 3 4 5 6A 6B 7 8 9 10 11 12 13 14 15 16 17 18
12Z AVG MX 2MIN
DY MAX MIN AVG DEP HDD CDD WTR SNW DPTH SPD SPD DIR MIN PSBL S-S WX SPD DR
================================================================================
1 87 71 79 0 0 14 T 0.0 M 8.2 12 40 M M M 14 40
2 87 72 80 1 0 15 T 0.0 M 7.0 12 280 M M M 14 300
3 89 75 82 3 0 17 0.00 0.0 M 8.3 14 70 M M M 15 80
4 88 79 84 5 0 19 0.00 0.0 M 11.1 15 40 M M M 19 40
5 87 74 81 2 0 16 T 0.0 M 8.6 16 40 M M M 18 40
6 87 76 82 3 0 17 0.01 0.0 M 6.9 17 80 M M M 20 70
7 89 80 85 6 0 20 0.00 0.0 M 10.5 22 50 M M M 27 50
8 87 80 84 5 0 19 T 0.0 M 9.7 14 80 M M M 8 17 90
9 88 74 81 2 0 16 0.02 0.0 M 7.3 24 130 M M M 29 130
10 88 73 81 2 0 16 0.00 0.0 M 9.7 17 90 M M M 22 90
11 88 75 82 3 0 17 T 0.0 M 10.4 16 60 M M M 20 30
12 85 75 80 1 0 15 0.83 0.0 M 10.4 17 80 M M M 18 22 90
13 87 79 83 5 0 18 T 0.0 M 12.4 20 90 M M M 23 90
14 85 72 79 1 0 14 T 0.0 M 7.1 16 340 M M M 19 160
15 85 74 80 2 0 15 0.99 0.0 M 9.1 18 210 M M M 13 25 190
16 87 73 80 2 0 15 0.10 0.0 M 9.6 18 200 M M M 1 25 210
17 79 73 76 -2 0 11 0.26 0.0 M 5.5 13 240 M M M 1 18 220
18 84 73 79 1 0 14 0.18 0.0 M 7.6 17 180 M M M 1 24 180
19 M M M M M M M M M M M M M M M M M
20 M M M M M M M M M M M M M M M M M
21 M M M M M M M M M M M M M M M M M
22 M M M M M M M M M M M M M M M M M
23 M M M M M M M M M M M M M M M M M
24 M M M M M M M M M M M M M M M M M
25 M M M M M M M M M M M M M M M M M
26 M M M M M M M M M M M M M M M M M
27 M M M M M M M M M M M M M M M M M
28 M M M M M M M M M M M M M M M M M
29 83 64 74 -3 0 9 T 0.0 M 7.6 14 50 M M M 17 40
30 83 65 74 -3 0 9 T 0.0 M 7.0 12 110 M M M 14 130
31 85 68 77 0 0 12 0.00 0.0 M 6.8 17 20 M M M 20 30
================================================================================
SM 1808 1545 0 318 2.39 0.0 180.8 M M
================================================================================
AV 86.1 73.6 8.6 FASTST M M 0 MAX(MPH)
MISC ----> # 24 130 # 29 130
================================================================================
NOTES:
# LAST OF SEVERAL OCCURRENCES
COLUMN 17 PEAK WIND IN M.P.H.
PRELIMINARY LOCAL CLIMATOLOGICAL DATA (WS FORM: F-6) , PAGE 2
STATION: LIHUE HI
MONTH: OCTOBER
YEAR: 2020
LATITUDE: 21 58 N
LONGITUDE: 159 21 W
[TEMPERATURE DATA] [PRECIPITATION DATA] SYMBOLS USED IN COLUMN 16
AVERAGE MONTHLY: 79.8 TOTAL FOR MONTH: 2.39 1 = FOG OR MIST
DPTR FM NORMAL: 1.7 DPTR FM NORMAL: -1.43 2 = FOG REDUCING VISIBILITY
HIGHEST: 89 ON 7, 3 GRTST 24HR 0.99 ON 15-15 TO 1/4 MILE OR LESS
LOWEST: 64 ON 29 3 = THUNDER
SNOW, ICE PELLETS, HAIL 4 = ICE PELLETS
TOTAL MONTH: 0.0 INCH 5 = HAIL
GRTST 24HR 0.0 6 = FREEZING RAIN OR DRIZZLE
GRTST DEPTH: M ON M 7 = DUSTSTORM OR SANDSTORM:
VSBY 1/2 MILE OR LESS
8 = SMOKE OR HAZE
[NO. OF DAYS WITH] [WEATHER - DAYS WITH] 9 = BLOWING SNOW
X = TORNADO
MAX 32 OR BELOW: 0 0.01 INCH OR MORE: 7
MAX 90 OR ABOVE: 0 0.10 INCH OR MORE: 5
MIN 32 OR BELOW: 0 0.50 INCH OR MORE: 2
MIN 0 OR BELOW: 0 1.00 INCH OR MORE: 0
[HDD (BASE 65) ]
TOTAL THIS MO. 0 CLEAR (SCALE 0-3) 0
DPTR FM NORMAL 0 PTCLDY (SCALE 4-7) 0
TOTAL FM JUL 1 0 CLOUDY (SCALE 8-10) 0
DPTR FM NORMAL 0
[CDD (BASE 65) ]
TOTAL THIS MO. 318
DPTR FM NORMAL -90 [PRESSURE DATA]
TOTAL FM JAN 1 3548 HIGHEST SLP 30.06 ON 11
DPTR FM NORMAL 181 LOWEST SLP 29.80 ON 29
[REMARKS]
#FINAL-10-20#