000
CXUS55 KPIH 050217
CF6LLJ
PRELIMINARY LOCAL CLIMATOLOGICAL DATA (WS FORM: F-6)
STATION: CHALLIS
MONTH: JUNE
YEAR: 2022
LATITUDE: 44 31 N
LONGITUDE: 114 13 W
TEMPERATURE IN F: :PCPN: SNOW: WIND :SUNSHINE: SKY :PK WND
================================================================================
1 2 3 4 5 6A 6B 7 8 9 10 11 12 13 14 15 16 17 18
12Z AVG MX 2MIN
DY MAX MIN AVG DEP HDD CDD WTR SNW DPTH SPD SPD DIR MIN PSBL S-S WX SPD DR
================================================================================
1 68 40 54 -4 11 0 T M M 3.3 12 140 M M 5 17 150
2 73 42 58 0 7 0 T M M 3.6 18 250 M M 4 24 250
3 77 50 64 6 1 0 0.03 M M 6.0 20 280 M M 4 26 300
4 65 49 57 -1 8 0 0.01 M M 4.0 17 240 M M 6 25 200
5 66 44 55 -3 10 0 0.01 M M 3.9 22 300 M M 6 29 300
6 68 42 55 -3 10 0 0.02 M M 7.7 30 250 M M 4 40 250
7 72 37 55 -4 10 0 0.00 M M 3.2 12 330 M M 0 17 350
8 67 47 57 -2 8 0 T M M 4.4 17 200 M M 8 23 190
9 82 45 64 5 1 0 0.00 M M 3.6 14 280 M M 2 18 270
10 84 53 69 10 0 4 0.00 M M 5.5 25 210 M M 1 32 210
11 78 52 65 5 0 0 T M M 9.2 25 260 M M 4 3 37 260
12 56 49 53 -7 12 0 0.71 M M 2.3 9 320 M M 9 1 12 320
13 57 46 52 -8 13 0 0.00 M M 11.1 17 280 M M 8 27 270
14 56 42 49 -11 16 0 T M M 9.1 23 320 M M 6 34 320
15 74 35 55 -5 10 0 0.00 M M 3.6 15 170 M M 0 23 150
16 86 42 64 3 1 0 0.00 M M 4.2 23 210 M M 0 35 160
17 88 48 68 7 0 3 0.00 M M 9.2 30 190 M M 0 42 160
18 78 54 66 5 0 1 T M M 10.4 32 200 M M 4 42 200
19 67 46 57 -5 8 0 0.21 M M 6.4 33 280 M M 9 3 43 280
20 62 43 53 -9 12 0 T M M 5.6 22 260 M M 6 31 260
21 74 37 56 -6 9 0 0.00 M M 3.1 12 140 M M 0 14 150
22 85 44 65 3 0 0 0.00 M M 4.0 18 270 M M 0 26 280
23 87 46 67 4 0 2 0.00 M M 8.4 29 270 M M 0 42 250
24 79 47 63 0 2 0 0.00 M M 8.3 23 340 M M 0 33 330
25 79 42 61 -3 4 0 0.00 M M 4.6 12 310 M M 0 18 340
26 88 45 67 3 0 2 0.00 M M 2.6 10 320 M M 0 13 320
27 89 48 69 5 0 4 T M M 3.0 35 280 M M 0 53 280
28 94 51 73 9 0 8 0.00 M M 7.8 29 270 M M 0 41 240
29 84 50 67 2 0 2 0.00 M M 7.8 25 240 M M M 36 240
30 84 44 64 -1 1 0 0.00 M M 4.3 13 30 M M 0 19 50
================================================================================
SM 2267 1360 154 26 0.99 M 170.2 M 86
================================================================================
AV 75.6 45.3 5.7 FASTST M M 3 MAX(MPH)
MISC ----> 35 280 53 280
================================================================================
NOTES:
# LAST OF SEVERAL OCCURRENCES
COLUMN 17 PEAK WIND IN M.P.H.
PRELIMINARY LOCAL CLIMATOLOGICAL DATA (WS FORM: F-6) , PAGE 2
STATION: CHALLIS
MONTH: JUNE
YEAR: 2022
LATITUDE: 44 31 N
LONGITUDE: 114 13 W
[TEMPERATURE DATA] [PRECIPITATION DATA] SYMBOLS USED IN COLUMN 16
AVERAGE MONTHLY: 60.5 TOTAL FOR MONTH: 0.99 1 = FOG OR MIST
DPTR FM NORMAL: -0.5 DPTR FM NORMAL: 0.06 2 = FOG REDUCING VISIBILITY
HIGHEST: 94 ON 28 GRTST 24HR 0.71 ON 12-12 TO 1/4 MILE OR LESS
LOWEST: 35 ON 15 3 = THUNDER
SNOW, ICE PELLETS, HAIL 4 = ICE PELLETS
TOTAL MONTH: M 5 = HAIL
GRTST 24HR M ON M 6 = FREEZING RAIN OR DRIZZLE
GRTST DEPTH: M ON M 7 = DUSTSTORM OR SANDSTORM:
VSBY 1/2 MILE OR LESS
8 = SMOKE OR HAZE
[NO. OF DAYS WITH] [WEATHER - DAYS WITH] 9 = BLOWING SNOW
X = TORNADO
MAX 32 OR BELOW: 0 0.01 INCH OR MORE: 6
MAX 90 OR ABOVE: 1 0.10 INCH OR MORE: 2
MIN 32 OR BELOW: 0 0.50 INCH OR MORE: 1
MIN 0 OR BELOW: 0 1.00 INCH OR MORE: 0
[HDD (BASE 65) ]
TOTAL THIS MO. 154 CLEAR (SCALE 0-3) 15
DPTR FM NORMAL 0 PTCLDY (SCALE 4-7) 11
TOTAL FM JUL 1 7068 CLOUDY (SCALE 8-10) 4
DPTR FM NORMAL -726
[CDD (BASE 65) ]
TOTAL THIS MO. 26
DPTR FM NORMAL -6 [PRESSURE DATA]
TOTAL FM JAN 1 26 HIGHEST SLP 30.36 ON 21
DPTR FM NORMAL -10 LOWEST SLP 29.36 ON 17
[REMARKS]
12TH: RAINFALL OF 0.71 BREAKS PREVIOUS RECORD OF 0.50 SET IN 1988.
#FINAL-06-22#