000
CXUS53 KOAX 010941
CLMLNK
CLIMATE REPORT
NATIONAL WEATHER SERVICE OMAHA/VALLEY NE
441 AM CDT SAT JUL 01 2023
...................................
...THE LINCOLN NE CLIMATE SUMMARY FOR THE MONTH OF JUNE 2023...
CLIMATE NORMAL PERIOD 1991 TO 2020
CLIMATE RECORD PERIOD 1887 TO 2023
WEATHER OBSERVED NORMAL DEPART
VALUE DATE(S) VALUE FROM
NORMAL
................................................
TEMPERATURE (F)
HIGHEST 101 06/28
LOWEST 45 06/12
AVG. MAXIMUM 89.2 85.2 4.0
AVG. MINIMUM 61.6 62.1 -0.5
MEAN 75.4 73.7 1.7
DAYS MAX >= 90 16
DAYS MAX <= 32 0
DAYS MIN <= 32 0
DAYS MIN <= 0 0
PRECIPITATION (INCHES)
RECORD
MAXIMUM 12.93 1967
MINIMUM 0.17 2002
TOTALS 4.53 4.48 0.05
DAYS >= .01 12
DAYS >= .10 7
DAYS >= .50 3
DAYS >= 1.00 2
GREATEST
24 HR. TOTAL 1.93 06/29 TO 06/30
SNOWFALL (INCHES)
RECORDS
TOTAL T 2017
TOTALS 0.0 0.0 0.0
SINCE 7/1 14.3
DAYS >= 1.0 0
GREATEST
SNOW DEPTH 0
24 HR TOTAL MM
DEGREE DAYS
HEATING TOTAL 3 12 -9
SINCE 7/1 5728 5852 -124
COOLING TOTAL 323 271 52
SINCE 1/1 481 368 113
................................................
WIND (MPH)
AVERAGE WIND SPEED 8.0
HIGHEST WIND SPEED/DIRECTION 39/300 DATE 06/29
HIGHEST GUST SPEED/DIRECTION 51/300 DATE 06/29
SKY COVER
AVERAGE SKY COVER 0.18
WEATHER CONDITIONS. NUMBER OF DAYS WITH
THUNDERSTORM 15 MIXED PRECIP 0
HEAVY RAIN 8 RAIN 7
LIGHT RAIN 17 FREEZING RAIN 0
LT FREEZING RAIN 0 HAIL 0
HEAVY SNOW 0 SNOW 0
LIGHT SNOW 0 SLEET 0
FOG 10 FOG W/VIS <= 1/4 MILE 0
HAZE 8
- INDICATES NEGATIVE NUMBERS.
R INDICATES RECORD WAS SET OR TIED.
MM INDICATES DATA IS MISSING.
T INDICATES TRACE AMOUNT.
&&
JUNE IN LINCOLN WAS WARMER AND JUST SLIGHTLY WETTER THAN NORMAL. THE
MONTH ENDED UP 1.7 DEGREES ABOVE NORMAL FOR AVERAGE TEMPERATURE AND
0.05 INCHES ABOVE NORMAL FOR PRECIPITATION. IT WAS THE FIRST TIME
WITH ABOVE NORMAL PRECIPITATION SINCE FEBRAURY. IT WAS THE 20TH
WARMEST JUNE ON RECORD. NO NEW DAILY RECORDS WERE SET DURING THE
MONTH.
$$
DEWALD