889
CXUS55 KJKL 031458
CF6LOZ
PRELIMINARY LOCAL CLIMATOLOGICAL DATA (WS FORM: F-6)
STATION: LONDON KY
MONTH: JANUARY
YEAR: 2021
LATITUDE: 37 4 N
LONGITUDE: 84 5 W
TEMPERATURE IN F: :PCPN: SNOW: WIND :SUNSHINE: SKY :PK WND
================================================================================
1 2 3 4 5 6A 6B 7 8 9 10 11 12 13 14 15 16 17 18
12Z AVG MX 2MIN
DY MAX MIN AVG DEP HDD CDD WTR SNW DPTH SPD SPD DIR MIN PSBL S-S WX SPD DR
================================================================================
1 65 39 52 16 13 0 0.11 M M 8.6 24 270 M M 8 1 38 170
2 53 41 47 11 18 0 0.03 M M 4.7 16 270 M M 8 1 25 280
3 42 36 39 3 26 0 0.01 M M 8.1 18 260 M M 10 1 24 250
4 50 26 38 2 27 0 0.00 M M 1.6 12 250 M M 3 1 15 270
5 43 34 39 3 26 0 T M M 6.5 15 280 M M 10 1 21 280
6 36 31 34 -1 31 0 0.00 M M 4.1 12 90 M M 9 15 100
7 38 32 35 0 30 0 T M M 8.2 14 30 M M 7 21 30
8 35 31 33 -2 32 0 0.03 M M 6.8 13 50 M M 10 18 18 40
9 31 28 30 -5 35 0 0.00 M M 5.4 10 30 M M 10 13 330
10 39 26 33 -2 32 0 0.00 M M 2.1 8 90 M M 6 12 100
11 35 26 31 -4 34 0 T M M 0.8 6 20 M M 8 18 8 30
12 41 22 32 -3 33 0 T M M 4.2 9 250 M M 6 18 14 250
13 46 18 32 -3 33 0 0.00 M M 3.8 12 180 M M 0 1 16 190
14 50 27 39 4 26 0 0.00 M M 6.7 17 180 M M 0 25 180
15 46 30 38 3 27 0 0.07 M M 7.1 23 260 M M 8 34 250
16 34 31 33 -2 32 0 0.03 M M 9.0 20 270 M M 10 18 34 280
17 40 32 36 1 29 0 T M M 7.2 17 240 M M 10 24 270
18 38 27 33 -2 32 0 0.01 M M 5.3 13 230 M M 8 1 18 250
19 54 27 41 6 24 0 0.00 M M 5.2 16 240 M M 5 22 240
20 43 29 36 1 29 0 0.00 M M 6.8 15 250 M M 1 24 280
21 42 31 37 1 28 0 0.11 M M 5.9 14 240 M M 7 1 19 260
22 47 27 37 1 28 0 0.00 M M 5.2 16 290 M M 4 12 22 250
23 41 21 31 -5 34 0 0.00 M M 5.7 12 90 M M 0 17 70
24 50 29 40 4 25 0 T M M 4.3 13 210 M M 9 1 19 210
25 55 42 49 13 16 0 1.83 M M 4.1 22 340 M M 10 13 33 340
26 62 43 53 17 12 0 0.15 M M 9.9 23 250 M M 3 1 31 260
27 43 31 37 1 28 0 0.04 M M 8.1 14 350 M M 10 1 22 340
28 31 23 27 -9 38 0 T M M 8.7 17 360 M M 8 25 350
29 37 17 27 -9 38 0 0.00 M M 1.0 7 100 M M 0 10 80
30 43 22 33 -3 32 0 0.18 M M 3.7 18 150 M M 6 1 32 150
31 54 35 45 8 20 0 0.22 M M 10.6 21 270 M M 10 1 29 280
================================================================================
SM 1364 914 868 0 2.82 M 179.4 M 204
================================================================================
AV 44.0 29.5 5.8 FASTST M M 7 MAX(MPH)
MISC ----> 24 270 38 170
================================================================================
NOTES:
# LAST OF SEVERAL OCCURRENCES
COLUMN 17 PEAK WIND IN M.P.H.
PRELIMINARY LOCAL CLIMATOLOGICAL DATA (WS FORM: F-6) , PAGE 2
STATION: LONDON KY
MONTH: JANUARY
YEAR: 2021
LATITUDE: 37 4 N
LONGITUDE: 84 5 W
[TEMPERATURE DATA] [PRECIPITATION DATA] SYMBOLS USED IN COLUMN 16
AVERAGE MONTHLY: 36.7 TOTAL FOR MONTH: 2.82 1 = FOG OR MIST
DPTR FM NORMAL: 1.1 DPTR FM NORMAL: -0.72 2 = FOG REDUCING VISIBILITY
HIGHEST: 65 ON 1 GRTST 24HR 2.34 ON 25-26 TO 1/4 MILE OR LESS
LOWEST: 17 ON 29 3 = THUNDER
SNOW, ICE PELLETS, HAIL 4 = ICE PELLETS
TOTAL MONTH: M 5 = HAIL
GRTST 24HR M ON M 6 = FREEZING RAIN OR DRIZZLE
GRTST DEPTH: M ON M 7 = DUSTSTORM OR SANDSTORM:
VSBY 1/2 MILE OR LESS
8 = SMOKE OR HAZE
[NO. OF DAYS WITH] [WEATHER - DAYS WITH] 9 = BLOWING SNOW
X = TORNADO
MAX 32 OR BELOW: 2 0.01 INCH OR MORE: 13
MAX 90 OR ABOVE: 0 0.10 INCH OR MORE: 6
MIN 32 OR BELOW: 24 0.50 INCH OR MORE: 1
MIN 0 OR BELOW: 0 1.00 INCH OR MORE: 1
[HDD (BASE 65) ]
TOTAL THIS MO. 868 CLEAR (SCALE 0-3) 7
DPTR FM NORMAL -43 PTCLDY (SCALE 4-7) 12
TOTAL FM JUL 1 2400 CLOUDY (SCALE 8-10) 12
DPTR FM NORMAL -167
[CDD (BASE 65) ]
TOTAL THIS MO. 0
DPTR FM NORMAL 0 [PRESSURE DATA]
TOTAL FM JAN 1 0 HIGHEST SLP 30.61 ON 28
DPTR FM NORMAL 0 LOWEST SLP 29.59 ON 15
[REMARKS]
#FINAL-01-21#