000
CXUS53 KARX 012031
CLALSE
CLIMATE REPORT
NATIONAL WEATHER SERVICE LA CROSSE WI
231 PM CST SUN JAN 01 2023
...................................
...THE LA CROSSE WI CLIMATE SUMMARY FOR THE YEAR OF 2022...
CLIMATE NORMAL PERIOD 1991 TO 2020
CLIMATE RECORD PERIOD 1872 TO 2022
WEATHER OBSERVED NORMAL DEPART LAST YEAR`S
VALUE DATE(S) VALUE FROM VALUE DATE(S)
NORMAL
................................................................
TEMPERATURE (F)
RECORD
HIGH 108 07/13/1995
07/14/1936
LOW -43 01/18/1873
HIGHEST 98 06/14 99 06/05
06/20
06/10
LOWEST -18 01/26 -21 02/15
AVG. MAXIMUM 57.1 58.6 -1.5 60.6
AVG. MINIMUM 37.5 39.1 -1.6 40.7
MEAN 47.3 48.9 -1.6 50.7
DAYS MAX >= 90 15 17.5 -2.5 30
DAYS MAX <= 32 62 59.4 2.6 49
DAYS MIN <= 32 140 140.7 -0.7 130
DAYS MIN <= 0 32 19.6 12.4 17
PRECIPITATION (INCHES)
RECORD
MAXIMUM 44.76 2016
MINIMUM 16.77 1910
TOTALS 29.92 35.23 -5.31 37.26
DAYS >= .01 120 122.9 -2.9 99
DAYS >= .10 58 67.7 -9.7 57
DAYS >= .50 21 23.1 -2.1 18
DAYS >= 1.00 7 8.2 -1.2 10
GREATEST
24 HR. TOTAL 2.09 06/13 TO 06/13 5.74 08/07 TO 08/08
SNOWFALL (INCHES)
RECORDS
TOTAL 91.4 1959
24 HR TOTAL 16.7 MM
TOTALS 34.9 46.3 -11.4 40.9
DAYS >= TRACE 70 33.3 36.7 45
DAYS >= 1.0 13 13.3 -0.3 13
GREATEST
SNOW DEPTH 9 12/22 14 02/22
12/23
12/24
24 HR TOTAL 0.3 MM 15.0
DEGREE DAYS
HEATING TOTAL 7308 6788 520 6256
COOLING TOTAL 1019 942 77 1213
................................................................
WIND (MPH)
AVERAGE WIND SPEED 8.9
HIGHEST GUST SPEED/DIRECTION 81/310 DATE 07/23
WEATHER CONDITIONS. NUMBER OF DAYS WITH
THUNDERSTORM 42 MIXED PRECIP 0
HEAVY RAIN 25 RAIN 38
LIGHT RAIN 116 FREEZING RAIN 0
LT FREEZING RAIN 1 HAIL 2
HEAVY SNOW 1 SNOW 3
LIGHT SNOW 66 SLEET 0
FOG 131 FOG W/VIS <= 1/4 MILE 22
HAZE 54
- INDICATES NEGATIVE NUMBERS.
R INDICATES RECORD WAS SET OR TIED.
MM INDICATES DATA IS MISSING.
T INDICATES TRACE AMOUNT.
$$
BOYNE