000
CXUS54 KFWD 010831
CF6LUD
PRELIMINARY LOCAL CLIMATOLOGICAL DATA (WS FORM: F-6)
STATION: DECATUR
MONTH: DECEMBER
YEAR: 2023
LATITUDE: 33 15 N
LONGITUDE: 97 30 W
TEMPERATURE IN F: :PCPN: SNOW: WIND :SUNSHINE: SKY :PK WND
================================================================================
1 2 3 4 5 6A 6B 7 8 9 10 11 12 13 14 15 16 17 18
12Z AVG MX 2MIN
DY MAX MIN AVG DEP HDD CDD WTR SNW DPTH SPD SPD DIR MIN PSBL S-S WX SPD DR
================================================================================
1 57 38 48 1 17 0 0.00 M M 5.6 10 280 M M 0 17 290
2 67 39 53 6 12 0 0.07 M M 5.1 10 220 M M 1 1 16 220
3 72 39 56 10 9 0 0.00 M M 8.8 17 230 M M 0 23 230
4 62 39 51 5 14 0 0.00 M M 3.8 9 180 M M 0 M M
5 68 41 55 9 10 0 0.00 M M 3.3 7 50 M M 0 M M
6 65 40 53 8 12 0 0.00 M M 7.8 15 180 M M 0 21 180
7 70 50 60 15 5 0 0.00 M M 13.9 21 190 M M 0 31 200
8 79 54 67 22 0 2 0.00 M M 10.5 15 210 M M 1 23 240
9 61 38 50 6 15 0 0.00 M M 7.4 13 340 M M 0 24 340
10 52 29 41 -3 24 0 0.00 M M 5.4 10 170 M M 0 16 170
11 64 39 52 8 13 0 0.00 M M 6.6 14 170 M M 0 18 170
12 62 38 50 6 15 0 0.00 M M 6.3 14 150 M M 2 22 150
13 61 45 53 9 12 0 0.00 M M 8.7 16 120 M M 4 22 120
14 60 40 50 7 15 0 0.00 M M 8.5 18 120 M M 3 24 120
15 58 42 50 7 15 0 0.44 M M 7.4 17 140 M M 7 1 26 140
16 57 38 48 5 17 0 0.00 M M 5.1 12 310 M M 0 17 310
17 69 42 56 13 9 0 0.00 M M 4.4 8 250 M M 0 M M
18 61 41 51 8 14 0 0.00 M M 6.4 15 30 M M 0 20 40
19 59 36 48 6 17 0 0.00 M M 8.7 14 160 M M 0 20 150
20 62 46 54 12 11 0 0.00 M M 8.2 13 170 M M 6 1 20 170
21 59 56 58 16 7 0 0.49 M M 9.0 13 140 M M 10 1 20 140
22 69 56 63 21 2 0 0.01 M M 6.4 10 160 M M 7 12 18 150
23 64 59 62 20 3 0 0.23 M M 9.4 15 140 M M 10 12 21 140
24 66 43 55 13 10 0 1.14 M M 10.7 17 310 M M 7 1 32 310
25 48 35 42 0 23 0 0.00 M M 8.9 18 320 M M 0 25 320
26 58 34 46 4 19 0 0.00 M M 7.3 15 190 M M 0 22 190
27 49 37 43 1 22 0 0.00 M M 6.9 12 320 M M 1 24 320
28 48 32 40 -2 25 0 0.03 M M 5.1 10 350 M M 5 18 300
29 54 29 42 0 23 0 0.00 M M 7.4 14 280 M M 0 22 280
30 64 35 50 8 15 0 0.00 M M 5.8 12 170 M M 0 M M
31 62 37 50 8 15 0 0.00 M M 6.7 10 10 M M 0 16 40
================================================================================
SM 1907 1267 420 2 2.41 M 225.4 M 64
================================================================================
AV 61.5 40.9 7.3 FASTST M M 2 MAX(MPH)
MISC ----> 21 190 32 310
================================================================================
NOTES:
# LAST OF SEVERAL OCCURRENCES
COLUMN 17 PEAK WIND IN M.P.H.
PRELIMINARY LOCAL CLIMATOLOGICAL DATA (WS FORM: F-6) , PAGE 2
STATION: DECATUR
MONTH: DECEMBER
YEAR: 2023
LATITUDE: 33 15 N
LONGITUDE: 97 30 W
[TEMPERATURE DATA] [PRECIPITATION DATA] SYMBOLS USED IN COLUMN 16
AVERAGE MONTHLY: 51.2 TOTAL FOR MONTH: 2.41 1 = FOG OR MIST
DPTR FM NORMAL: 7.7 DPTR FM NORMAL: -0.10 2 = FOG REDUCING VISIBILITY
HIGHEST: 79 ON 8 GRTST 24HR 1.14 ON 24-24 TO 1/4 MILE OR LESS
LOWEST: 29 ON 29,10 3 = THUNDER
SNOW, ICE PELLETS, HAIL 4 = ICE PELLETS
TOTAL MONTH: M 5 = HAIL
GRTST 24HR M ON M 6 = FREEZING RAIN OR DRIZZLE
GRTST DEPTH: M ON M 7 = DUSTSTORM OR SANDSTORM:
VSBY 1/2 MILE OR LESS
8 = SMOKE OR HAZE
[NO. OF DAYS WITH] [WEATHER - DAYS WITH] 9 = BLOWING SNOW
X = TORNADO
MAX 32 OR BELOW: 0 0.01 INCH OR MORE: 7
MAX 90 OR ABOVE: 0 0.10 INCH OR MORE: 4
MIN 32 OR BELOW: 3 0.50 INCH OR MORE: 1
MIN 0 OR BELOW: 0 1.00 INCH OR MORE: 1
[HDD (BASE 65) ]
TOTAL THIS MO. 420 CLEAR (SCALE 0-3) 23
DPTR FM NORMAL -248 PTCLDY (SCALE 4-7) 6
TOTAL FM JUL 1 810 CLOUDY (SCALE 8-10) 2
DPTR FM NORMAL -335
[CDD (BASE 65) ]
TOTAL THIS MO. 2
DPTR FM NORMAL 1 [PRESSURE DATA]
TOTAL FM JAN 1 3241 HIGHEST SLP M ON M
DPTR FM NORMAL 1147 LOWEST SLP M ON M
[REMARKS]
#FINAL-12-23#