000
CXUS55 KBYZ 011100
CF6LVM
PRELIMINARY LOCAL CLIMATOLOGICAL DATA (WS FORM: F-6)
STATION: LIVINGSTON MT
MONTH: JANUARY
YEAR: 2021
LATITUDE: 45 41 N
LONGITUDE: 110 26 W
TEMPERATURE IN F: :PCPN: SNOW: WIND :SUNSHINE: SKY :PK WND
================================================================================
1 2 3 4 5 6A 6B 7 8 9 10 11 12 13 14 15 16 17 18
12Z AVG MX 2MIN
DY MAX MIN AVG DEP HDD CDD WTR SNW DPTH SPD SPD DIR MIN PSBL S-S WX SPD DR
================================================================================
1 40 30 35 9 30 0 0.00 M M 27.6 40 200 M M 1 52 200
2 44 31 38 12 27 0 T M M 32.4 47 220 M M 4 63 210
3 47 30 39 13 26 0 0.01 M M 31.9 51 210 M M 3 1 63 210
4 46 34 40 14 25 0 0.00 M M 28.9 46 210 M M 2 60 210
5 45 28 37 10 28 0 0.03 M M 18.8 38 240 M M 5 1 51 230
6 46 29 38 11 27 0 0.00 M M 21.5 46 220 M M 3 57 230
7 42 31 37 10 28 0 0.05 M M 12.5 35 210 M M 10 1 39 210
8 37 26 32 5 33 0 0.01 M M 4.9 14 70 M M 7 12 17 70
9 33 12 23 -4 42 0 0.00 M M 11.7 20 310 M M 2 1 23 320
10 39 11 25 -2 40 0 0.00 M M 26.0 39 240 M M 0 48 250
11 46 26 36 9 29 0 0.00 M M 27.4 45 210 M M 0 57 260
12 50 35 43 16 22 0 T M M 39.6 56 210 M M 2 70 220
13 54 31 43 16 22 0 0.03 M M 29.0 64 250 M M 5 1 79 250
14 37 19 28 1 37 0 0.00 M M 18.6 32 240 M M 2 38 240
15 47 19 33 6 32 0 T M M 26.8 44 220 M M 3 53 220
16 42 32 37 10 28 0 0.00 M M 20.9 33 240 M M 3 41 230
17 44 34 39 12 26 0 T M M 24.6 43 220 M M 9 57 240
18 35 24 30 3 35 0 T M M 12.4 24 230 M M 10 27 240
19 40 13 27 0 38 0 0.00 M M 23.3 49 230 M M 0 63 220
20 47 32 40 13 25 0 0.00 M M 32.8 52 220 M M 4 65 210
21 38 23 31 4 34 0 0.03 M M 11.8 30 210 M M 10 1 36 210
22 24 11 18 -9 47 0 T M M 4.0 13 90 M M 9 1 15 90
23 28 6 17 -10 48 0 0.00 M M 8.8 22 320 M M 5 27 310
24 33 5 19 -8 46 0 0.00 M M 13.2 32 240 M M 0 40 310
25 26 1 14 -13 51 0 0.00 M M 8.1 21 70 M M 4 26 70
26 23 8 16 -11 49 0 T M M 8.5 18 80 M M 7 1 21 90
27 37 0 19 -8 46 0 0.00 M M 14.1 38 200 M M 1 48 210
28 46 21 34 7 31 0 0.00 M M 8.7 26 210 M M 4 32 200
29 45 33 39 12 26 0 0.02 M M 8.3 23 240 M M 10 1 27 240
30 36 30 33 6 32 0 0.12 M M 11.5 28 220 M M 7 12 36 230
31 43 30 37 10 28 0 0.00 M M 22.7 36 210 M M 0 42 210
================================================================================
SM 1240 695 1038 0 0.30 M 591.3 M 132
================================================================================
AV 40.0 22.4 19.1 FASTST M M 4 MAX(MPH)
MISC ----> 64 250 79 250
================================================================================
NOTES:
# LAST OF SEVERAL OCCURRENCES
COLUMN 17 PEAK WIND IN M.P.H.
PRELIMINARY LOCAL CLIMATOLOGICAL DATA (WS FORM: F-6) , PAGE 2
STATION: LIVINGSTON MT
MONTH: JANUARY
YEAR: 2021
LATITUDE: 45 41 N
LONGITUDE: 110 26 W
[TEMPERATURE DATA] [PRECIPITATION DATA] SYMBOLS USED IN COLUMN 16
AVERAGE MONTHLY: 31.2 TOTAL FOR MONTH: 0.30 1 = FOG OR MIST
DPTR FM NORMAL: 4.2 DPTR FM NORMAL: -0.19 2 = FOG REDUCING VISIBILITY
HIGHEST: 54 ON 13 GRTST 24HR 0.29 ON 7- 8 TO 1/4 MILE OR LESS
LOWEST: 0 ON 27 3 = THUNDER
SNOW, ICE PELLETS, HAIL 4 = ICE PELLETS
TOTAL MONTH: M 5 = HAIL
GRTST 24HR M ON M 6 = FREEZING RAIN OR DRIZZLE
GRTST DEPTH: M ON M 7 = DUSTSTORM OR SANDSTORM:
VSBY 1/2 MILE OR LESS
8 = SMOKE OR HAZE
[NO. OF DAYS WITH] [WEATHER - DAYS WITH] 9 = BLOWING SNOW
X = TORNADO
MAX 32 OR BELOW: 4 0.01 INCH OR MORE: 8
MAX 90 OR ABOVE: 0 0.10 INCH OR MORE: 1
MIN 32 OR BELOW: 27 0.50 INCH OR MORE: 0
MIN 0 OR BELOW: 1 1.00 INCH OR MORE: 0
[HDD (BASE 65) ]
TOTAL THIS MO. 1038 CLEAR (SCALE 0-3) 15
DPTR FM NORMAL -144 PTCLDY (SCALE 4-7) 10
TOTAL FM JUL 1 3692 CLOUDY (SCALE 8-10) 6
DPTR FM NORMAL -654
[CDD (BASE 65) ]
TOTAL THIS MO. 0
DPTR FM NORMAL 0 [PRESSURE DATA]
TOTAL FM JAN 1 0 HIGHEST SLP 30.58 ON 19
DPTR FM NORMAL 0 LOWEST SLP 29.55 ON 13
[REMARKS]
#FINAL-01-21#