179
CXUS53 KDMX 020334
CF6LWD
PRELIMINARY LOCAL CLIMATOLOGICAL DATA (WS FORM: F-6)
STATION: LAMONI IA
MONTH: MARCH
YEAR: 2021
LATITUDE: 40 37 N
LONGITUDE: 93 56 W
TEMPERATURE IN F: :PCPN: SNOW: WIND :SUNSHINE: SKY :PK WND
================================================================================
1 2 3 4 5 6A 6B 7 8 9 10 11 12 13 14 15 16 17 18
12Z AVG MX 2MIN
DY MAX MIN AVG DEP HDD CDD WTR SNW DPTH SPD SPD DIR MIN PSBL S-S WX SPD DR
================================================================================
1 46 21 34 1 31 0 0.00 0.0 M 7.0 15 300 M M 0 20 330
2 57 23 40 6 25 0 0.00 0.0 M 11.8 24 200 M M 0 33 220
3 67 33 50 16 15 0 0.00 0.0 M 5.3 14 220 M M 0 18 230
4 65 30 48 13 17 0 0.00 0.0 M 7.7 13 90 M M 0 25 100
5 56 30 43 8 22 0 0.00 0.0 M 5.8 10 80 M M 0 16 80
6 64 33 49 13 16 0 0.00 0.0 M 6.4 12 210 M M M 15 210
7 67 38 53 17 12 0 0.00 0.0 M 14.1 31 200 M M M 45 200
8 70 42 56 20 9 0 0.00 0.0 M 11.6 20 230 M M M 27 220
9 73 48 61 24 4 0 0.00 0.0 M 15.5 30 190 M M 2 42 210
10 75 38 57 19 8 0 0.14 0.0 M 20.7 38 260 M M 7 13 55 260
11 56 31 44 6 21 0 0.00 0.0 M 8.2 16 350 M M 1 8 23 320
12 50 30 40 2 25 0 0.00 0.0 M 6.7 13 70 M M 1 19 70
13 58 35 47 8 18 0 0.04 0.0 M 7.8 14 110 M M 4 23 80
14 46 38 42 3 23 0 1.71 0.0 M 13.7 22 90 M M 10 1 38 100
15 40 35 38 -2 27 0 0.11 0.0 M 9.7 18 50 M M 10 1 30 60
16 48 36 42 2 23 0 0.00 0.0 M 5.9 13 110 M M 10 12 19 100
17 40 35 38 -3 27 0 T 0.0 M 15.8 29 10 M M 10 1 42 20
18 53 32 43 2 22 0 0.00 0.0 M 17.6 29 30 M M 5 42 60
19 54 25 40 -2 25 0 0.00 0.0 M 5.9 10 130 M M 0 16 60
20 59 30 45 3 20 0 0.00 0.0 M 9.9 18 150 M M 0 28 160
21 65 42 54 12 11 0 0.00 0.0 M 15.3 31 180 M M 2 45 170
22 59 49 54 11 11 0 0.04 0.0 M 6.5 12 60 M M 9 M M
23 60 47 54 11 11 0 0.35 0.0 M 9.5 20 150 M M 10 13 28 140
24 50 40 45 1 20 0 T 0.0 M 13.1 22 280 M M 10 28 290
25 43 39 41 -3 24 0 0.19 0.0 M 5.0 14 50 M M 10 1 17 50
26 56 39 48 4 17 0 0.54 0.0 M 5.8 14 40 M M 8 1 19 50
27 58 41 50 5 15 0 0.43 0.0 M 12.6 24 310 M M 6 1 34 290
28 53 33 43 -2 22 0 0.00 0.0 M 12.3 25 320 M M 1 35 330
29 73 42 58 12 7 0 0.00 0.0 M 19.8 37 190 M M 0 55 190
30 59 33 46 0 19 0 0.00 0.0 M 15.4 26 360 M M 5 40 10
31 45 25 35 -11 30 0 0.00 0.0 M 15.2 32 320 M M 1 48 300
================================================================================
SM 1765 1093 577 0 3.55 0.0 337.6 M 122
================================================================================
AV 56.9 35.3 10.9 FASTST M M 4 MAX(MPH)
MISC ----> 38 260 55 190
================================================================================
NOTES:
# LAST OF SEVERAL OCCURRENCES
COLUMN 17 PEAK WIND IN M.P.H.
PRELIMINARY LOCAL CLIMATOLOGICAL DATA (WS FORM: F-6) , PAGE 2
STATION: LAMONI IA
MONTH: MARCH
YEAR: 2021
LATITUDE: 40 37 N
LONGITUDE: 93 56 W
[TEMPERATURE DATA] [PRECIPITATION DATA] SYMBOLS USED IN COLUMN 16
AVERAGE MONTHLY: 46.1 TOTAL FOR MONTH: 3.55 1 = FOG OR MIST
DPTR FM NORMAL: 6.0 DPTR FM NORMAL: 1.27 2 = FOG REDUCING VISIBILITY
HIGHEST: 75 ON 10 GRTST 24HR 1.76 ON 14-15 TO 1/4 MILE OR LESS
LOWEST: 21 ON 1 3 = THUNDER
SNOW, ICE PELLETS, HAIL 4 = ICE PELLETS
TOTAL MONTH: 0.0 INCH 5 = HAIL
GRTST 24HR 0.0 6 = FREEZING RAIN OR DRIZZLE
GRTST DEPTH: M ON M 7 = DUSTSTORM OR SANDSTORM:
VSBY 1/2 MILE OR LESS
8 = SMOKE OR HAZE
[NO. OF DAYS WITH] [WEATHER - DAYS WITH] 9 = BLOWING SNOW
X = TORNADO
MAX 32 OR BELOW: 0 0.01 INCH OR MORE: 9
MAX 90 OR ABOVE: 0 0.10 INCH OR MORE: 7
MIN 32 OR BELOW: 10 0.50 INCH OR MORE: 2
MIN 0 OR BELOW: 0 1.00 INCH OR MORE: 1
[HDD (BASE 65) ]
TOTAL THIS MO. 577 CLEAR (SCALE 0-3) 14
DPTR FM NORMAL -195 PTCLDY (SCALE 4-7) 5
TOTAL FM JUL 1 5298 CLOUDY (SCALE 8-10) 12
DPTR FM NORMAL -192
[CDD (BASE 65) ]
TOTAL THIS MO. 0
DPTR FM NORMAL -1 [PRESSURE DATA]
TOTAL FM JAN 1 0 HIGHEST SLP 30.53 ON 19
DPTR FM NORMAL -1 LOWEST SLP 29.44 ON 23
[REMARKS]
#FINAL-03-21#