000
CXUS56 KTFX 020122
CF6LWT
PRELIMINARY LOCAL CLIMATOLOGICAL DATA (WS FORM: F-6)
STATION: LEWISTOWN MT
MONTH: JUNE
YEAR: 2023
LATITUDE: 47 2 N
LONGITUDE: 109 28 W
TEMPERATURE IN F: :PCPN: SNOW: WIND :SUNSHINE: SKY :PK WND
================================================================================
1 2 3 4 5 6A 6B 7 8 9 10 11 12 13 14 15 16 17 18
12Z AVG MX 2MIN
DY MAX MIN AVG DEP HDD CDD WTR SNW DPTH SPD SPD DIR MIN PSBL S-S WX SPD DR
================================================================================
1 73 50 62 7 3 0 0.09 M 0 6.1 25 270 M M 4 13 34 310
2 56 53 55 0 10 0 2.00 M 0 8.5 15 350 M M 10 12 24 350
3 58 52 55 0 10 0 0.16 M 0 7.7 14 290 M M 10 1 23 290
4 74 47 61 6 4 0 T M 0 4.1 15 80 M M 5 21 70
5 80 51 66 10 0 1 0.00 M 0 6.1 16 230 M M 1 3 23 300
6 66 50 58 2 7 0 0.00 M 0 5.8 17 300 M M 3 3 27 310
7 76 50 63 7 2 0 0.09 M 0 4.5 14 160 M M 2 138 18 150
8 73 55 64 8 1 0 0.56 M 0 4.1 17 70 M M 6 13 30 70
9 68 57 63 7 2 0 0.23 M 0 5.2 14 80 M M 6 1 19 70
10 70 55 63 6 2 0 0.08 M 0 9.2 21 120 M M 6 1 29 120
11 73 47 60 3 5 0 0.00 M 0 11.1 22 90 M M 0 29 110
12 74 48 61 4 4 0 0.00 M 0 7.1 14 110 M M 0 22 80
13 79 45 62 5 3 0 0.00 M 0 4.2 13 70 M M 1 18 70
14 67 45 56 -2 9 0 0.11 M 0 7.5 21 250 M M 6 1 29 240
15 62 43 53 -5 12 0 0.00 M 0 6.4 16 340 M M 6 25 330
16 70 39 55 -3 10 0 0.00 M 0 6.3 16 220 M M 0 24 220
17 69 47 58 0 7 0 T M 0 6.4 18 260 M M 7 25 280
18 69 42 56 -2 9 0 0.40 M 0 7.7 24 290 M M 5 1 35 270
19 71 37 54 -5 11 0 0.05 M 0 4.6 30 260 M M 3 13 39 260
20 63 40 52 -7 13 0 0.26 M 0 5.2 35 260 M M 6 1 43 250
21 61 35 48 -11 17 0 0.89 M 0 5.1 16 90 M M 4 13 22 90
22 68 35 52 -8 13 0 0.00 M 0 7.3 16 90 M M 1 24 70
23 67 50 59 -1 6 0 0.14 M 0 11.0 22 100 M M 5 13 30 100
24 69 49 59 -1 6 0 T M 0 5.6 14 260 M M 5 3 21 290
25 75 44 60 0 5 0 0.15 M 0 5.4 18 250 M M 2 3 25 290
26 74 47 61 0 4 0 T M 0 4.7 15 190 M M 2 3 18 190
27 74 46 60 -1 5 0 T M 0 5.0 15 110 M M 1 3 25 10
28 69 47 58 -3 7 0 0.03 M 0 5.5 17 260 M M 2 3 23 260
29 79 45 62 0 3 0 0.00 M 0 4.0 8 120 M M 0 12 300
30 82 50 66 4 0 1 0.00 M 0 4.9 16 260 M M 0 3 22 250
================================================================================
SM 2109 1401 190 2 5.24 M 186.3 M 109
================================================================================
AV 70.3 46.7 6.2 FASTST M M 4 MAX(MPH)
MISC ----> 35 260 43 250
================================================================================
NOTES:
# LAST OF SEVERAL OCCURRENCES
COLUMN 17 PEAK WIND IN M.P.H.
PRELIMINARY LOCAL CLIMATOLOGICAL DATA (WS FORM: F-6) , PAGE 2
STATION: LEWISTOWN MT
MONTH: JUNE
YEAR: 2023
LATITUDE: 47 2 N
LONGITUDE: 109 28 W
[TEMPERATURE DATA] [PRECIPITATION DATA] SYMBOLS USED IN COLUMN 16
AVERAGE MONTHLY: 58.5 TOTAL FOR MONTH: 5.24 1 = FOG OR MIST
DPTR FM NORMAL: 0.5 DPTR FM NORMAL: 1.89 2 = FOG REDUCING VISIBILITY
HIGHEST: 82 ON 30 GRTST 24HR 2.05 ON 2- 3 TO 1/4 MILE OR LESS
LOWEST: 35 ON 22,21 3 = THUNDER
SNOW, ICE PELLETS, HAIL 4 = ICE PELLETS
TOTAL MONTH: M 5 = HAIL
GRTST 24HR M ON M 6 = FREEZING RAIN OR DRIZZLE
GRTST DEPTH: 0 7 = DUSTSTORM OR SANDSTORM:
VSBY 1/2 MILE OR LESS
8 = SMOKE OR HAZE
[NO. OF DAYS WITH] [WEATHER - DAYS WITH] 9 = BLOWING SNOW
X = TORNADO
MAX 32 OR BELOW: 0 0.01 INCH OR MORE: 15
MAX 90 OR ABOVE: 0 0.10 INCH OR MORE: 10
MIN 32 OR BELOW: 0 0.50 INCH OR MORE: 3
MIN 0 OR BELOW: 0 1.00 INCH OR MORE: 1
[HDD (BASE 65) ]
TOTAL THIS MO. 190 CLEAR (SCALE 0-3) 15
DPTR FM NORMAL -36 PTCLDY (SCALE 4-7) 13
TOTAL FM JUL 1 8253 CLOUDY (SCALE 8-10) 2
DPTR FM NORMAL 76
[CDD (BASE 65) ]
TOTAL THIS MO. 2
DPTR FM NORMAL -15 [PRESSURE DATA]
TOTAL FM JAN 1 2 HIGHEST SLP 30.24 ON 21
DPTR FM NORMAL -16 LOWEST SLP 29.41 ON 18
[REMARKS]
#FINAL-06-23#