000
CXUS53 KILX 011743
CLSLWV
CLIMATE REPORT
NATIONAL WEATHER SERVICE LINCOLN IL
1143 AM CST TUE DEC 01 2020
...................................
...THE LAWRENCEVILLE IL AIRPORT CLIMATE SUMMARY FOR THE SEASON, FROM
9/1/2020 TO 11/30/2020...
CLIMATE NORMAL PERIOD 1981 TO 2010
CLIMATE RECORD PERIOD 9999 TO 9999
WEATHER OBSERVED NORMAL DEPART LAST YEAR`S
VALUE DATE(S) VALUE FROM VALUE
NORMAL
..............................................................
TEMPERATURE (F)
RECORD
HIGH MM MM
LOW 25 11/02/2020
HIGHEST 92 09/08 MM MM 95
LOWEST 25R 11/02 MM MM 5
AVG. MAXIMUM 69.9 69.1 0.8 68.6
AVG. MINIMUM 46.4 46.6 -0.2 45.3
MEAN 58.1 57.8 0.3 56.9
DAYS MAX >= 90 4 4.0 0.0 16
DAYS MAX <= 32 0 0.1 -0.1 2
DAYS MIN <= 32 13 10.8 2.2 19
DAYS MIN <= 0 0 0.0 0.0 0
PRECIPITATION (INCHES)
RECORD
MAXIMUM MM MM
MINIMUM MM MM
TOTALS 9.81 11.14 -1.33 10.43
DAILY AVG. 0.11 0.12
DAYS >= .01 24 MM MM 22
DAYS >= .10 12 MM MM 18
DAYS >= .50 8 MM MM 7
DAYS >= 1.00 3 MM MM 3
GREATEST
24 HR. TOTAL 1.73 2.21
DEGREE DAYS
HEATING TOTAL 801 857 -56 1040
SINCE 7/1 801 858 -57 1040
COOLING TOTAL 197 204 -7 317
SINCE 1/1 20976 1387 19589 1511
FREEZE DATES
RECORD
EARLIEST MM
LATEST MM
EARLIEST 03/01
LATEST 04/02
..............................................................
WIND (MPH)
AVERAGE WIND SPEED 8.0
HIGHEST WIND SPEED/DIRECTION 38/260 DATE 11/15
HIGHEST GUST SPEED/DIRECTION 53/260 DATE 11/15
SKY COVER
POSSIBLE SUNSHINE (PERCENT) MM
AVERAGE SKY COVER 0.35
NUMBER OF DAYS FAIR 50
NUMBER OF DAYS PC 23
NUMBER OF DAYS CLOUDY 18
AVERAGE RH (PERCENT) 68
WEATHER CONDITIONS. NUMBER OF DAYS WITH
THUNDERSTORM 4 MIXED PRECIP 0
HEAVY RAIN 11 RAIN 13
LIGHT RAIN 29 FREEZING RAIN 0
LT FREEZING RAIN 0 HAIL 0
HEAVY SNOW 0 SNOW 0
LIGHT SNOW 1 SLEET 0
FOG 36 FOG W/VIS <= 1/4 MILE 9
HAZE 11
- INDICATES NEGATIVE NUMBERS.
R INDICATES RECORD WAS SET OR TIED.
MM INDICATES DATA IS MISSING.
T INDICATES TRACE AMOUNT.
$$