000
CXUS53 KGID 011143 RRA
CF6LXN
PRELIMINARY LOCAL CLIMATOLOGICAL DATA (WS FORM: F-6)
STATION: LEXINGTON NE
MONTH: APRIL
YEAR: 2023
LATITUDE: 40 47 N
LONGITUDE: 99 46 W
TEMPERATURE IN F: :PCPN: SNOW: WIND :SUNSHINE: SKY :PK WND
================================================================================
1 2 3 4 5 6A 6B 7 8 9 10 11 12 13 14 15 16 17 18
12Z AVG MX 2MIN
DY MAX MIN AVG DEP HDD CDD WTR SNW DPTH SPD SPD DIR MIN PSBL S-S WX SPD DR
================================================================================
1 65 24 45 M 20 0 0.00 M M 12.0 24 310 M M 0 33 320
2 70 28 49 M 16 0 0.00 M M 7.7 21 180 M M 0 27 180
3 60 35 48 M 17 0 0.00 M M 16.1 29 60 M M 2 37 60
4 39 24 32 M 33 0 0.00 M M 18.8 24 330 M M 9 1 33 70
5 44 20 32 M 33 0 0.00 M M 17.7 28 330 M M 2 38 320
6 60 18 39 M 26 0 0.00 M M 8.4 21 250 M M 2 30 240
7 70 22 46 M 19 0 0.00 M M 14.3 31 180 M M 0 40 180
8 78 42 60 M 5 0 0.00 M M 19.9 28 190 M M 0 37 180
9 75 46 61 M 4 0 0.00 M M 8.8 21 160 M M 1 25 160
10 79 37 58 M 7 0 0.00 M M 7.1 13 290 M M 0 M M
11 86 48 67 M 0 2 0.00 M M 13.6 22 190 M M 0 29 200
12 91 54 73 M 0 8 0.00 M M 18.2 27 180 M M 0 40 190
13 91 58 75 M 0 10 0.00 M M 23.0 39 160 M M 0 45 160
14 70 43 57 M 8 0 0.00 M M 21.1 29 10 M M 4 35 10
15 51 34 43 M 22 0 0.07 M M 17.0 25 330 M M 7 31 330
16 61 30 46 M 19 0 0.00 M M 15.2 30 330 M M 0 40 330
17 78 24 51 M 14 0 0.00 M M 7.7 17 110 M M 0 23 120
18 81 39 60 M 5 0 0.00 M M 14.8 27 120 M M 0 33 120
19 71 48 60 M 5 0 0.00 M M 15.7 25 330 M M 1 35 330
20 60 32 46 M 19 0 T M M 18.6 33 300 M M 3 8 43 300
21 53 31 42 M 23 0 0.00 M M 17.3 27 330 M M 2 35 300
22 51 25 38 M 27 0 0.00 M M 15.1 25 330 M M 1 32 330
23 60 18 39 M 26 0 0.00 M M 6.8 15 290 M M 2 29 290
24 69 29 49 M 16 0 0.00 M M 11.4 23 190 M M 1 31 200
25 58 31 45 M 20 0 0.00 M M 8.8 16 100 M M 4 21 130
26 68 40 54 M 11 0 0.00 M M 6.1 13 200 M M 1 20 200
27 73 41 57 M 8 0 0.09 M M 13.2 18 200 M M 2 31 40
28 57 34 46 M 19 0 0.02 M M 18.9 28 10 M M 5 37 360
29 71 32 52 M 13 0 0.00 M M 15.7 33 350 M M 0 8 43 350
30 61 33 47 M 18 0 0.00 M M 14.8 25 360 M M 0 33 350
================================================================================
SM 2001 1020 453 20 0.18 M 423.8 M 49
================================================================================
AV 66.7 34.0 14.1 FASTST M M 2 MAX(MPH)
MISC ----> 39 160 M M
================================================================================
NOTES:
# LAST OF SEVERAL OCCURRENCES
COLUMN 17 PEAK WIND IN M.P.H.
PRELIMINARY LOCAL CLIMATOLOGICAL DATA (WS FORM: F-6) , PAGE 2
STATION: LEXINGTON NE
MONTH: APRIL
YEAR: 2023
LATITUDE: 40 47 N
LONGITUDE: 99 46 W
[TEMPERATURE DATA] [PRECIPITATION DATA] SYMBOLS USED IN COLUMN 16
AVERAGE MONTHLY: 50.4 TOTAL FOR MONTH: 0.18 1 = FOG OR MIST
DPTR FM NORMAL: M DPTR FM NORMAL: M 2 = FOG REDUCING VISIBILITY
HIGHEST: 91 ON 13,12 GRTST 24HR 0.09 ON 27-27 TO 1/4 MILE OR LESS
LOWEST: 18 ON 23, 6 3 = THUNDER
SNOW, ICE PELLETS, HAIL 4 = ICE PELLETS
TOTAL MONTH: M 5 = HAIL
GRTST 24HR M ON M 6 = FREEZING RAIN OR DRIZZLE
GRTST DEPTH: M ON M 7 = DUSTSTORM OR SANDSTORM:
VSBY 1/2 MILE OR LESS
8 = SMOKE OR HAZE
[NO. OF DAYS WITH] [WEATHER - DAYS WITH] 9 = BLOWING SNOW
X = TORNADO
MAX 32 OR BELOW: 0 0.01 INCH OR MORE: 3
MAX 90 OR ABOVE: 2 0.10 INCH OR MORE: 0
MIN 32 OR BELOW: 15 0.50 INCH OR MORE: 0
MIN 0 OR BELOW: 0 1.00 INCH OR MORE: 0
[HDD (BASE 65) ]
TOTAL THIS MO. 453 CLEAR (SCALE 0-3) 24
DPTR FM NORMAL M PTCLDY (SCALE 4-7) 5
TOTAL FM JUL 1 6163 CLOUDY (SCALE 8-10) 1
DPTR FM NORMAL M
[CDD (BASE 65) ]
TOTAL THIS MO. 20
DPTR FM NORMAL M [PRESSURE DATA]
TOTAL FM JAN 1 20 HIGHEST SLP M ON M
DPTR FM NORMAL M LOWEST SLP M ON M
[REMARKS]
#FINAL-04-23#