000
CXUS53 KGID 020352 AAA
CF6LXN
PRELIMINARY LOCAL CLIMATOLOGICAL DATA (WS FORM: F-6)
STATION: LEXINGTON NE
MONTH: DECEMBER
YEAR: 2021
LATITUDE: 40 47 N
LONGITUDE: 99 46 W
TEMPERATURE IN F: :PCPN: SNOW: WIND :SUNSHINE: SKY :PK WND
================================================================================
1 2 3 4 5 6A 6B 7 8 9 10 11 12 13 14 15 16 17 18
12Z AVG MX 2MIN
DY MAX MIN AVG DEP HDD CDD WTR SNW DPTH SPD SPD DIR MIN PSBL S-S WX SPD DR
================================================================================
1 69 29 49 M 16 0 0.00 M M 9.7 20 270 M M 0 28 260
2 74 35 55 M 10 0 0.00 M M 4.9 10 280 M M 0 8 M M
3 58 26 42 M 23 0 0.00 M M 9.9 16 20 M M 0 23 20
4 46 19 33 M 32 0 0.00 M M 8.4 16 160 M M 3 12 16 140
5 53 28 41 M 24 0 0.00 M M 15.2 35 340 M M 2 38 340
6 29 13 21 M 44 0 0.00 M M 9.7 21 330 M M 2 28 330
7 42 18 30 M 35 0 0.00 M M 6.6 18 170 M M 3 23 170
8 57 18 38 M 27 0 0.00 M M 7.2 18 170 M M 0 25 170
9 53 28 41 M 24 0 0.00 M M 9.6 16 310 M M 0 21 350
10 36 25 31 M 34 0 M M M 16.6 22 10 M M 6 32 70
11 44 8 26 M 39 0 0.00 M M 10.5 20 280 M M 1 25 280
12 48 17 33 M 32 0 0.00 M M 4.6 16 210 M M 0 21 210
13 55 21 38 M 27 0 0.00 M M 4.9 10 90 M M 0 M M
14 55 21 38 M 27 0 0.00 M M 5.3 12 140 M M 0 M M
15 66 27 47 M 18 0 0.09 M M 16.3 35 300 M M 3 8 47 320
16 41 17 29 M 36 0 0.00 M M 6.6 10 280 M M 0 M M
17 46 17 32 M 33 0 0.00 M M 8.0 25 10 M M 1 30 10
18 28 9 19 M 46 0 0.00 M M 9.8 21 330 M M 1 27 330
19 47 16 32 M 33 0 0.00 M M 8.5 15 190 M M 0 18 190
20 35 16 26 M 39 0 0.00 M M 9.0 24 10 M M 0 27 20
21 48 18 33 M 32 0 0.00 M M 7.1 17 340 M M 0 25 220
22 60 21 41 M 24 0 0.00 M M 6.6 18 210 M M 0 25 210
23 58 24 41 M 24 0 0.00 M M 8.0 13 280 M M 0 M M
24 62 26 44 M 21 0 T M M 8.0 17 300 M M 2 21 340
25 59 19 39 M 26 0 0.00 M M 4.7 15 280 M M 0 22 280
26 52 19 36 M 29 0 0.00 M M 6.3 20 310 M M 1 25 310
27 40 20 30 M 35 0 0.00 M M 10.2 16 180 M M 0 21 190
28 33 10 22 M 43 0 0.00 M M 8.6 21 330 M M 1 30 340
29 29 8 19 M 46 0 0.00 M M 3.8 7 130 M M 1 M M
30 49 7 28 M 37 0 0.00 M M 5.1 12 190 M M 0 M M
31 26 5 16 M 49 0 0.00 M M 14.5 29 10 M M 4 35 10
================================================================================
SM 1498 585 965 0 M M 264.2 M 31
================================================================================
AV 48.3 18.9 8.5 FASTST M M 1 MAX(MPH)
MISC ----> # 35 340 M M
================================================================================
NOTES:
# LAST OF SEVERAL OCCURRENCES
COLUMN 17 PEAK WIND IN M.P.H.
PRELIMINARY LOCAL CLIMATOLOGICAL DATA (WS FORM: F-6) , PAGE 2
STATION: LEXINGTON NE
MONTH: DECEMBER
YEAR: 2021
LATITUDE: 40 47 N
LONGITUDE: 99 46 W
[TEMPERATURE DATA] [PRECIPITATION DATA] SYMBOLS USED IN COLUMN 16
AVERAGE MONTHLY: 33.6 TOTAL FOR MONTH: M 1 = FOG OR MIST
DPTR FM NORMAL: M DPTR FM NORMAL: M 2 = FOG REDUCING VISIBILITY
HIGHEST: 74 ON 2 GRTST 24HR M ON M TO 1/4 MILE OR LESS
LOWEST: 5 ON 31 3 = THUNDER
SNOW, ICE PELLETS, HAIL 4 = ICE PELLETS
TOTAL MONTH: M 5 = HAIL
GRTST 24HR M ON M 6 = FREEZING RAIN OR DRIZZLE
GRTST DEPTH: M ON M 7 = DUSTSTORM OR SANDSTORM:
VSBY 1/2 MILE OR LESS
8 = SMOKE OR HAZE
[NO. OF DAYS WITH] [WEATHER - DAYS WITH] 9 = BLOWING SNOW
X = TORNADO
MAX 32 OR BELOW: 4 0.01 INCH OR MORE: M
MAX 90 OR ABOVE: 0 0.10 INCH OR MORE: M
MIN 32 OR BELOW: 30 0.50 INCH OR MORE: M
MIN 0 OR BELOW: 0 1.00 INCH OR MORE: M
[HDD (BASE 65) ]
TOTAL THIS MO. 965 CLEAR (SCALE 0-3) 29
DPTR FM NORMAL M PTCLDY (SCALE 4-7) 2
TOTAL FM JUL 1 2043 CLOUDY (SCALE 8-10) 0
DPTR FM NORMAL M
[CDD (BASE 65) ]
TOTAL THIS MO. 0
DPTR FM NORMAL M [PRESSURE DATA]
TOTAL FM JAN 1 1081 HIGHEST SLP M ON M
DPTR FM NORMAL M LOWEST SLP M ON M
[REMARKS]
#FINAL-12-21#