000
CXUS51 KRNK 011217
CF6LYH
PRELIMINARY LOCAL CLIMATOLOGICAL DATA (WS FORM: F-6)
STATION: LYNCHBURG VA
MONTH: OCTOBER
YEAR: 2023
LATITUDE: 37 19 N
LONGITUDE: 79 12 W
TEMPERATURE IN F: :PCPN: SNOW: WIND :SUNSHINE: SKY :PK WND
================================================================================
1 2 3 4 5 6A 6B 7 8 9 10 11 12 13 14 15 16 17 18
12Z AVG MX 2MIN
DY MAX MIN AVG DEP HDD CDD WTR SNW DPTH SPD SPD DIR MIN PSBL S-S WX SPD DR
================================================================================
1 80 53 67 4 0 2 0.00 0.0 0 2.8 10 50 M M 1 1 18 50
2 82 54 68 6 0 3 0.00 0.0 0 2.8 13 40 M M 0 1 17 40
3 81 57 69 7 0 4 0.00 0.0 0 0.5 7 200 M M 4 1 11 210
4 81 54 68 7 0 3 0.00 0.0 0 2.7 9 120 M M 1 12 14 120
5 74 53 64 3 1 0 0.00 0.0 0 2.3 9 100 M M 8 1 18 40
6 78 57 68 7 0 3 T 0.0 0 1.8 8 190 M M 3 11 200
7 67 40 54 -6 11 0 0.08 0.0 0 4.8 14 270 M M 2 1 21 250
8 61 39 50 -10 15 0 0.00 0.0 0 5.1 16 310 M M 4 22 270
9 68 36 52 -8 13 0 0.09 0.0 0 3.5 17 190 M M 5 12 24 200
10 72 38 55 -4 10 0 0.00 0.0 0 2.7 13 230 M M 4 12 20 270
11 68 40 54 -5 11 0 0.00 0.0 0 1.4 10 240 M M 0 1 14 250
12 76 48 62 4 3 0 0.00 0.0 0 2.2 8 30 M M 0 11 140
13 76 46 61 3 4 0 0.00 0.0 0 3.1 10 20 M M 2 1 12 10
14 64 56 60 2 5 0 0.67 0.0 0 2.4 13 300 M M 9 1 22 320
15 64 42 53 -4 12 0 0.01 0.0 0 5.5 16 10 M M 3 24 360
16 63 36 50 -7 15 0 T 0.0 0 2.5 12 300 M M 5 19 10
17 65 41 53 -4 12 0 T 0.0 0 2.3 12 10 M M 6 21 20
18 65 47 56 0 9 0 0.00 0.0 0 2.0 9 200 M M 9 13 200
19 70 41 56 0 9 0 0.00 0.0 0 5.3 17 190 M M 3 1 23 190
20 61 50 56 0 9 0 0.06 0.0 0 4.9 12 210 M M 6 1 16 180
21 67 44 56 1 9 0 0.00 0.0 0 5.3 16 310 M M 3 26 310
22 68 39 54 -1 11 0 0.00 0.0 0 4.2 14 300 M M 2 24 230
23 69 32 51 -3 14 0 0.00 0.0 0 0.4 7 150 M M 0 10 150
24 72 35 54 0 11 0 0.00 0.0 0 2.5 12 180 M M 0 17 200
25 79 39 59 5 6 0 0.00 0.0 0 3.9 14 170 M M 0 18 200
26 80 43 62 9 3 0 0.00 0.0 0 3.9 12 190 M M 0 15 190
27 82 50 66 13 0 1 0.00 0.0 0 2.5 12 200 M M 0 1 17 200
28 85 57 71 18 0 6 0.00 0.0 0 2.5 9 200 M M 1 13 210
29 86 61 74 22 0 9 0.00 0.0 0 4.2 12 200 M M 2 16 200
30 83 54 69 17 0 4 0.06 0.0 0 5.7 16 300 M M 4 1 30 310
31 54 33 44 -8 21 0 T 0.0 0 4.7 15 50 M M 9 22 40
================================================================================
SM 2241 1415 214 35 0.97 0.0 100.4 M 96
================================================================================
AV 72.3 45.6 3.2 FASTST M M 3 MAX(MPH)
MISC ----> # 17 190 30 310
================================================================================
NOTES:
# LAST OF SEVERAL OCCURRENCES
COLUMN 17 PEAK WIND IN M.P.H.
PRELIMINARY LOCAL CLIMATOLOGICAL DATA (WS FORM: F-6) , PAGE 2
STATION: LYNCHBURG VA
MONTH: OCTOBER
YEAR: 2023
LATITUDE: 37 19 N
LONGITUDE: 79 12 W
[TEMPERATURE DATA] [PRECIPITATION DATA] SYMBOLS USED IN COLUMN 16
AVERAGE MONTHLY: 59.0 TOTAL FOR MONTH: 0.97 1 = FOG OR MIST
DPTR FM NORMAL: 2.0 DPTR FM NORMAL: -2.15 2 = FOG REDUCING VISIBILITY
HIGHEST: 86 ON 29 GRTST 24HR 0.67 ON 14-14 TO 1/4 MILE OR LESS
LOWEST: 32 ON 23 3 = THUNDER
SNOW, ICE PELLETS, HAIL 4 = ICE PELLETS
TOTAL MONTH: 0.0 INCH 5 = HAIL
GRTST 24HR 0.0 6 = FREEZING RAIN OR DRIZZLE
GRTST DEPTH: 0 7 = DUSTSTORM OR SANDSTORM:
VSBY 1/2 MILE OR LESS
8 = SMOKE OR HAZE
[NO. OF DAYS WITH] [WEATHER - DAYS WITH] 9 = BLOWING SNOW
X = TORNADO
MAX 32 OR BELOW: 0 0.01 INCH OR MORE: 6
MAX 90 OR ABOVE: 0 0.10 INCH OR MORE: 1
MIN 32 OR BELOW: 1 0.50 INCH OR MORE: 1
MIN 0 OR BELOW: 0 1.00 INCH OR MORE: 0
[HDD (BASE 65) ]
TOTAL THIS MO. 214 CLEAR (SCALE 0-3) 17
DPTR FM NORMAL -53 PTCLDY (SCALE 4-7) 11
TOTAL FM JUL 1 233 CLOUDY (SCALE 8-10) 3
DPTR FM NORMAL -82
[CDD (BASE 65) ]
TOTAL THIS MO. 35
DPTR FM NORMAL 16 [PRESSURE DATA]
TOTAL FM JAN 1 1129 HIGHEST SLP 30.42 ON 24
DPTR FM NORMAL 15 LOWEST SLP 29.51 ON 21
[REMARKS]
#FINAL-10-23#