000
CXUS51 KRNK 010800
CLSLYH
CLIMATE REPORT
NATIONAL WEATHER SERVICE BLACKSBURG, VA
300 AM EST TUE MAR 01 2022
...................................
...THE LYNCHBURG VA CLIMATE SUMMARY FOR THE SEASON, FROM
12/1/2021 TO 2/28/2022...
CLIMATE NORMAL PERIOD: 1991 TO 2020
CLIMATE RECORD PERIOD: 1893 TO 2022
WEATHER OBSERVED NORMAL DEPART LAST YEAR`S
VALUE DATE(S) VALUE FROM VALUE
NORMAL
..............................................................
TEMPERATURE (F)
RECORD
HIGH 82 02/11/1932
LOW -11 02/20/2015
HIGHEST 74 01/01 69
LOWEST 11 01/22 15
AVG. MAXIMUM 53.2 48.2 5.0 48.4
AVG. MINIMUM 30.0 27.5 2.5 28.9
MEAN 41.6 37.9 3.7 38.6
DAYS MAX >= 90 0 0.0 0.0 0
DAYS MAX <= 32 2 6.0 -4.0 2
DAYS MIN <= 32 60 63.6 -3.6 64
DAYS MIN <= 0 0 0.2 -0.2 0
PRECIPITATION (INCHES)
RECORD
MAXIMUM 18.30 1901
MINIMUM 4.69 1906
TOTALS 8.01 9.87 -1.86 13.40
DAYS >= .01 29 28.8 0.2 31
DAYS >= .10 18 18.1 -0.1 22
DAYS >= .50 6 7.3 -1.3 11
DAYS >= 1.00 1 2.1 -1.1 4
GREATEST
24 HR. TOTAL 1.16 2.23
SNOWFALL (INCHES)
TOTALS 9.5 9.1 0.4 8.9
DAYS >= TRACE 11 15
DAYS >= 1.0 2 3
GREATEST
24 HR TOTAL 5.0 4.7
DEGREE DAYS
HEATING TOTAL 2090 2443 -353 2348
COOLING TOTAL 0 0 0 0
..............................................................
WIND (MPH)
AVERAGE WIND SPEED 4.8
RESULTANT WIND SPEED/DIRECTION 1/210
HIGHEST WIND SPEED/DIRECTION 37/040 DATE 01/16
HIGHEST GUST SPEED/DIRECTION 49/050 DATE 01/16
SKY COVER
AVERAGE SKY COVER 0.34
AVERAGE RH (PERCENT) 61
WEATHER CONDITIONS. NUMBER OF DAYS WITH
THUNDERSTORM 0 MIXED PRECIP 1
HEAVY RAIN 7 RAIN 13
LIGHT RAIN 29 FREEZING RAIN 0
LT FREEZING RAIN 2 HAIL 0
HEAVY SNOW 2 SNOW 2
LIGHT SNOW 11 SLEET 1
FOG 27 FOG W/VIS <= 1/4 MILE 9
HAZE 0
- INDICATES NEGATIVE NUMBERS.
R INDICATES RECORD WAS SET OR TIED.
MM INDICATES DATA IS MISSING.
T INDICATES TRACE AMOUNT.
$$
PW