000
CXUS56 KHNX 112327
CF6MAE
PRELIMINARY LOCAL CLIMATOLOGICAL DATA (WS FORM: F-6)
STATION: MADERA CA AIRPORT
MONTH: AUGUST
YEAR: 2021
LATITUDE: 36 58 N
LONGITUDE: 120 7 W
TEMPERATURE IN F: :PCPN: SNOW: WIND :SUNSHINE: SKY :PK WND
================================================================================
1 2 3 4 5 6A 6B 7 8 9 10 11 12 13 14 15 16 17 18
12Z AVG MX 2MIN
DY MAX MIN AVG DEP HDD CDD WTR SNW DPTH SPD SPD DIR MIN PSBL S-S WX SPD DR
================================================================================
1 104 62 83 3 0 18 0.00 0.0 0 5.7 15 310 M M 0 29 350
2 98 58 78 -2 0 13 0.00 0.0 0 7.5 14 290 M M 0 8 28 360
3 103 59 81 1 0 16 0.00 0.0 0 7.6 16 300 M M 0 29 10
4 104 62 83 3 0 18 0.00 0.0 0 7.5 21 330 M M 0 8 38 20
5 97 60 79 -1 0 14 0.00 0.0 0 7.9 15 320 M M 0 31 360
6 96 54 75 -5 0 10 0.00 0.0 0 6.4 13 320 M M 0 8 29 360
7 100 64 82 2 0 17 0.00 0.0 0 3.7 9 310 M M 0 8 17 330
8 101 61 81 1 0 16 0.00 0.0 0 5.5 12 300 M M 0 8 27 350
9 101 63 82 2 0 17 0.00 0.0 0 5.2 14 320 M M 0 8 37 20
10 104 61 83 4 0 18 0.00 0.0 0 4.6 10 260 M M 1 8 27 360
11 106 63 85 6 0 20 0.00 0.0 0 6.9 21 320 M M 1 31 10
12 104 72 88 9 0 23 0.00 0.0 0 8.5 25 350 M M 1 8 43 20
13 101 67 84 5 0 19 0.00 0.0 0 7.0 16 300 M M 0 8 30 360
14 100 66 83 4 0 18 0.00 0.0 0 5.2 12 290 M M 1 8 27 350
15 102 70 86 7 0 21 0.00 0.0 0 4.4 13 310 M M 1 38 20
16 100 70 85 6 0 20 0.00 0.0 0 6.5 14 280 M M 1 8 37 20
17 102 67 85 6 0 20 0.00 0.0 0 5.4 16 310 M M 1 8 40 200
18 88 56 72 -7 0 7 0.00 0.0 0 7.5 14 290 M M 0 8 27 350
19 83 59 71 -8 0 6 0.00 0.0 0 3.8 10 270 M M 0 8 19 340
20 92 59 76 -3 0 11 0.00 0.0 0 3.5 10 270 M M 0 18 30 30
21 90 57 74 -5 0 9 0.00 0.0 0 8.2 17 330 M M 0 18 28 360
22 90 55 73 -6 0 8 0.00 0.0 0 5.6 12 320 M M 1 8 27 350
23 93 56 75 -4 0 10 0.00 0.0 0 5.8 13 310 M M 1 8 39 320
24 94 57 76 -2 0 11 0.00 0.0 0 5.9 12 300 M M 1 8 28 360
25 95 55 75 -3 0 10 0.00 0.0 0 5.9 13 320 M M 2 8 27 350
26 98 56 77 -1 0 12 0.00 0.0 0 6.1 15 330 M M 3 8 23 340
27 97 56 77 -1 0 12 0.00 0.0 0 3.4 14 320 M M 2 8 25 350
28 103 63 83 5 0 18 0.00 0.0 0 4.1 8 260 M M 3 8 18 330
29 105 62 84 6 0 19 0.00 0.0 0 4.3 12 300 M M 1 8 23 350
30 108 62 85 7 0 20 0.00 0.0 0 5.0 16 310 M M 0 8 32 10
31 103 61 82 4 0 17 0.00 0.0 0 7.3 16 310 M M 0 8 28 350
================================================================================
SM 3062 1893 0 468 0.00 0.0 181.9 M 21
================================================================================
AV 98.8 61.1 5.9 FASTST M M 1 MAX(MPH)
MISC ----> 25 350 43 20
================================================================================
NOTES:
# LAST OF SEVERAL OCCURRENCES
COLUMN 17 PEAK WIND IN M.P.H.
PRELIMINARY LOCAL CLIMATOLOGICAL DATA (WS FORM: F-6) , PAGE 2
STATION: MADERA CA AIRPORT
MONTH: AUGUST
YEAR: 2021
LATITUDE: 36 58 N
LONGITUDE: 120 7 W
[TEMPERATURE DATA] [PRECIPITATION DATA] SYMBOLS USED IN COLUMN 16
AVERAGE MONTHLY: 79.9 TOTAL FOR MONTH: 0.00 1 = FOG OR MIST
DPTR FM NORMAL: 0.9 DPTR FM NORMAL: 0.00 2 = FOG REDUCING VISIBILITY
HIGHEST: 108 ON 30 GRTST 24HR 0.00 ON 1- 1 TO 1/4 MILE OR LESS
LOWEST: 54 ON 6 3 = THUNDER
SNOW, ICE PELLETS, HAIL 4 = ICE PELLETS
TOTAL MONTH: 0.0 INCH 5 = HAIL
GRTST 24HR 0.0 6 = FREEZING RAIN OR DRIZZLE
GRTST DEPTH: 0 7 = DUSTSTORM OR SANDSTORM:
VSBY 1/2 MILE OR LESS
8 = SMOKE OR HAZE
[NO. OF DAYS WITH] [WEATHER - DAYS WITH] 9 = BLOWING SNOW
X = TORNADO
MAX 32 OR BELOW: 0 0.01 INCH OR MORE: 0
MAX 90 OR ABOVE: 29 0.10 INCH OR MORE: 0
MIN 32 OR BELOW: 0 0.50 INCH OR MORE: 0
MIN 0 OR BELOW: 0 1.00 INCH OR MORE: 0
[HDD (BASE 65) ]
TOTAL THIS MO. 0 CLEAR (SCALE 0-3) 31
DPTR FM NORMAL 0 PTCLDY (SCALE 4-7) 0
TOTAL FM JUL 1 0 CLOUDY (SCALE 8-10) 0
DPTR FM NORMAL 0
[CDD (BASE 65) ]
TOTAL THIS MO. 468
DPTR FM NORMAL 34 [PRESSURE DATA]
TOTAL FM JAN 1 1598 HIGHEST SLP 30.08 ON 2
DPTR FM NORMAL 221 LOWEST SLP 29.59 ON 31
[REMARKS]
#FINAL-08-21#