864
CXUS54 KMAF 011110
CF6MAF
PRELIMINARY LOCAL CLIMATOLOGICAL DATA (WS FORM: F-6)
STATION: MIDLAND INTERNATIONAL AIRPORT
MONTH: APRIL
YEAR: 2020
LATITUDE: 31 57 N
LONGITUDE: 102 11 W
TEMPERATURE IN F: :PCPN: SNOW: WIND :SUNSHINE: SKY :PK WND
================================================================================
1 2 3 4 5 6A 6B 7 8 9 10 11 12 13 14 15 16 17 18
12Z AVG MX 2MIN
DY MAX MIN AVG DEP HDD CDD WTR SNW DPTH SPD SPD DIR MIN PSBL S-S WX SPD DR
================================================================================
1 76 55 66 6 0 1 0.00 0.0 M 14.0 23 160 M M 0 28 170
2 88 59 74 14 0 9 0.00 0.0 0 12.0 26 240 M M 0 32 250
3 69 41 55 -5 10 0 0.00 0.0 0 15.5 26 20 M M 4 32 10
4 51 40 46 -15 19 0 T 0.0 0 11.2 20 50 M M 10 138 29 150
5 80 48 64 3 1 0 0.00 0.0 0 11.9 23 160 M M 6 12 27 160
6 77 60 69 8 0 4 T 0.0 0 12.0 23 170 M M 6 1 28 180
7 86 60 73 11 0 8 0.00 0.0 0 9.6 16 230 M M 0 20 200
8 89 53 71 9 0 6 0.00 0.0 0 7.1 21 240 M M 2 29 260
9 80 57 69 7 0 4 T 0.0 0 7.4 21 30 M M 4 24 20
10 78 50 64 2 1 0 0.01 0.0 0 13.2 29 130 M M 4 3 33 120
11 85 58 72 9 0 7 T 0.0 0 9.1 21 350 M M 5 138 27 340
12 81 46 64 1 1 0 0.00 0.0 0 18.7 36 250 M M 1 3 45 250
13 60 36 48 -15 17 0 0.00 0.0 0 14.4 26 50 M M 0 32 60
14 55 36 46 -18 19 0 0.00 0.0 0 11.3 24 70 M M 5 29 60
15 72 42 57 -7 8 0 0.00 0.0 0 12.3 24 180 M M 3 36 180
16 84 52 68 4 0 3 0.00 0.0 0 18.1 28 170 M M 0 33 170
17 63 46 55 -10 10 0 0.00 0.0 0 11.2 28 10 M M 4 33 10
18 77 46 62 -3 3 0 0.00 0.0 0 7.7 14 200 M M 6 18 16 210
19 84 56 70 5 0 5 0.00 0.0 0 11.6 26 280 M M 0 35 270
20 89 57 73 7 0 8 0.00 0.0 0 8.3 23 240 M M 0 31 240
21 94 49 72 6 0 7 0.00 0.0 0 7.6 23 180 M M 0 8 29 190
22 87 63 75 9 0 10 T 0.0 0 15.2 30 330 M M 2 8 41 330
23 88 50 69 2 0 4 T 0.0 0 8.9 24 360 M M 0 31 260
24 90 62 76 9 0 11 0.00 0.0 0 15.3 29 340 M M 0 37 340
25 80 50 65 -2 0 0 0.00 0.0 0 9.6 21 60 M M 0 25 70
26 88 53 71 3 0 6 0.00 0.0 0 16.6 31 170 M M 0 36 170
27 97 67 82 14 0 17 0.00 0.0 0 12.3 24 180 M M 0 33 180
28 101 69 85 17 0 20 0.00 0.0 0 12.8 22 290 M M 0 29 290
29 83 58 71 3 0 6 0.00 0.0 M 14.1 32 50 M M 0 40 50
30 93 49 71 2 0 6 0.00 0.0 0 10.3 22 170 M M 0 30 170
================================================================================
SM 2425 1568 89 142 0.01 0.0 359.3 M 62
================================================================================
AV 80.8 52.3 12.0 FASTST M M 2 MAX(MPH)
MISC ----> 36 250 45 250
================================================================================
NOTES:
# LAST OF SEVERAL OCCURRENCES
COLUMN 17 PEAK WIND IN M.P.H.
PRELIMINARY LOCAL CLIMATOLOGICAL DATA (WS FORM: F-6) , PAGE 2
STATION: MIDLAND INTERNATIONAL AIRPORT
MONTH: APRIL
YEAR: 2020
LATITUDE: 31 57 N
LONGITUDE: 102 11 W
[TEMPERATURE DATA] [PRECIPITATION DATA] SYMBOLS USED IN COLUMN 16
AVERAGE MONTHLY: 66.6 TOTAL FOR MONTH: 0.01 1 = FOG OR MIST
DPTR FM NORMAL: 2.4 DPTR FM NORMAL: -0.64 2 = FOG REDUCING VISIBILITY
HIGHEST: 101 ON 28 GRTST 24HR 0.01 ON 10-10 TO 1/4 MILE OR LESS
LOWEST: 36 ON 14,13 3 = THUNDER
SNOW, ICE PELLETS, HAIL 4 = ICE PELLETS
TOTAL MONTH: 0.0 INCH 5 = HAIL
GRTST 24HR 0.0 6 = FREEZING RAIN OR DRIZZLE
GRTST DEPTH: 0 7 = DUSTSTORM OR SANDSTORM:
VSBY 1/2 MILE OR LESS
8 = SMOKE OR HAZE
[NO. OF DAYS WITH] [WEATHER - DAYS WITH] 9 = BLOWING SNOW
X = TORNADO
MAX 32 OR BELOW: 0 0.01 INCH OR MORE: 1
MAX 90 OR ABOVE: 5 0.10 INCH OR MORE: 0
MIN 32 OR BELOW: 0 0.50 INCH OR MORE: 0
MIN 0 OR BELOW: 0 1.00 INCH OR MORE: 0
[HDD (BASE 65) ]
TOTAL THIS MO. 89 CLEAR (SCALE 0-3) 19
DPTR FM NORMAL -23 PTCLDY (SCALE 4-7) 10
TOTAL FM JUL 1 2217 CLOUDY (SCALE 8-10) 1
DPTR FM NORMAL -439
[CDD (BASE 65) ]
TOTAL THIS MO. 142
DPTR FM NORMAL 52 [PRESSURE DATA]
TOTAL FM JAN 1 193 HIGHEST SLP 30.26 ON 14
DPTR FM NORMAL 85 LOWEST SLP 29.45 ON 11
[REMARKS]
#FINAL-04-20#