000
CXUS53 KDTX 010635
CF6MBS
PRELIMINARY LOCAL CLIMATOLOGICAL DATA (WS FORM: F-6)
STATION: TRI CITIES MI
MONTH: MAY
YEAR: 2023
LATITUDE: 43 31 N
LONGITUDE: 84 5 W
TEMPERATURE IN F: :PCPN: SNOW: WIND :SUNSHINE: SKY :PK WND
================================================================================
1 2 3 4 5 6A 6B 7 8 9 10 11 12 13 14 15 16 17 18
12Z AVG MX 2MIN
DY MAX MIN AVG DEP HDD CDD WTR SNW DPTH SPD SPD DIR MIN PSBL S-S WX SPD DR
================================================================================
1 49 36 43 -9 22 0 0.25 T 0 13.6 23 280 M M 10 1 34 280
2 43 36 40 -13 25 0 0.08 0.0 0 15.4 26 290 M M 10 1 36 320
3 55 39 47 -6 18 0 0.01 0.0 0 13.7 23 330 M M 8 1 29 330
4 63 36 50 -4 15 0 0.00 0.0 0 5.0 14 110 M M 3 18 110
5 67 45 56 2 9 0 T 0.0 0 8.8 18 110 M M 5 25 80
6 72 47 60 6 5 0 0.18 0.0 0 8.8 16 110 M M 3 21 100
7 63 50 57 2 8 0 0.05 0.0 0 8.6 17 40 M M 10 13 23 10
8 64 49 57 2 8 0 0.00 0.0 0 9.7 16 40 M M 4 1 20 50
9 70 40 55 -1 10 0 0.00 0.0 0 5.0 13 140 M M 0 16 150
10 78 48 63 7 2 0 0.00 0.0 0 6.6 13 210 M M 0 21 220
11 80 51 66 10 0 1 0.00 0.0 0 6.5 16 230 M M 0 23 250
12 79 56 68 11 0 3 0.00 0.0 0 3.5 10 30 M M 1 13 20
13 69 52 61 4 4 0 T 0.0 0 11.4 26 50 M M 1 32 40
14 59 43 51 -7 14 0 0.00 0.0 0 10.9 21 30 M M 0 26 50
15 73 36 55 -3 10 0 0.00 0.0 0 4.8 14 280 M M 0 19 230
16 78 42 60 2 5 0 0.00 0.0 0 12.8 25 40 M M 1 8 33 50
17 54 40 47 -12 18 0 0.00 0.0 0 8.7 17 40 M M 3 24 50
18 67 35 51 -8 14 0 0.00 0.0 0 5.9 10 150 M M 0 M M
19 70 47 59 0 6 0 0.23 0.0 0 10.5 18 230 M M 6 18 26 230
20 65 42 54 -6 11 0 T 0.0 0 9.8 18 320 M M 5 25 310
21 77 45 61 1 4 0 0.00 0.0 0 8.3 16 20 M M 1 8 22 290
22 73 47 60 0 5 0 0.00 0.0 0 5.8 10 30 M M 0 8 15 30
23 79 51 65 4 0 0 0.00 0.0 0 3.2 9 150 M M 0 8 14 150
24 62 44 53 -8 12 0 0.00 0.0 0 15.1 32 60 M M 2 8 42 60
25 59 40 50 -12 15 0 0.00 0.0 0 11.7 21 60 M M 0 31 60
26 72 37 55 -7 10 0 0.00 0.0 0 4.5 14 60 M M 0 8 20 60
27 78 42 60 -2 5 0 0.00 0.0 0 3.2 14 70 M M 0 16 60
28 81 51 66 3 0 1 0.00 0.0 0 5.7 15 70 M M 0 19 70
29 85 50 68 5 0 3 0.00 0.0 0 5.7 13 60 M M 0 19 60
30 90 54 72 9 0 7 0.00 0.0 0 5.0 17 60 M M 0 21 60
31 89 65 77 13 0 12 0.00 0.0 0 8.0 16 150 M M 1 22 150
================================================================================
SM 2163 1396 255 27 0.80 T 256.2 M 74
================================================================================
AV 69.8 45.0 8.3 FASTST M M 2 MAX(MPH)
MISC ----> 32 60 42 60
================================================================================
NOTES:
# LAST OF SEVERAL OCCURRENCES
COLUMN 17 PEAK WIND IN M.P.H.
PRELIMINARY LOCAL CLIMATOLOGICAL DATA (WS FORM: F-6) , PAGE 2
STATION: TRI CITIES MI
MONTH: MAY
YEAR: 2023
LATITUDE: 43 31 N
LONGITUDE: 84 5 W
[TEMPERATURE DATA] [PRECIPITATION DATA] SYMBOLS USED IN COLUMN 16
AVERAGE MONTHLY: 57.4 TOTAL FOR MONTH: 0.80 1 = FOG OR MIST
DPTR FM NORMAL: -0.8 DPTR FM NORMAL: -2.61 2 = FOG REDUCING VISIBILITY
HIGHEST: 90 ON 30 GRTST 24HR 0.31 ON 1- 2 TO 1/4 MILE OR LESS
LOWEST: 35 ON 18 3 = THUNDER
SNOW, ICE PELLETS, HAIL 4 = ICE PELLETS
TOTAL MONTH: T 5 = HAIL
GRTST 24HR T ON 1- 1 6 = FREEZING RAIN OR DRIZZLE
GRTST DEPTH: 0 7 = DUSTSTORM OR SANDSTORM:
VSBY 1/2 MILE OR LESS
8 = SMOKE OR HAZE
[NO. OF DAYS WITH] [WEATHER - DAYS WITH] 9 = BLOWING SNOW
X = TORNADO
MAX 32 OR BELOW: 0 0.01 INCH OR MORE: 6
MAX 90 OR ABOVE: 1 0.10 INCH OR MORE: 3
MIN 32 OR BELOW: 0 0.50 INCH OR MORE: 0
MIN 0 OR BELOW: 0 1.00 INCH OR MORE: 0
[HDD (BASE 65) ]
TOTAL THIS MO. 255 CLEAR (SCALE 0-3) 22
DPTR FM NORMAL 2 PTCLDY (SCALE 4-7) 5
TOTAL FM JUL 1 6064 CLOUDY (SCALE 8-10) 4
DPTR FM NORMAL -669
[CDD (BASE 65) ]
TOTAL THIS MO. 27
DPTR FM NORMAL -14 [PRESSURE DATA]
TOTAL FM JAN 1 41 HIGHEST SLP M ON M
DPTR FM NORMAL -3 LOWEST SLP 29.16 ON 1
[REMARKS]
#FINAL-05-23#