000
CXUS53 KDTX 010735
CF6MBS
PRELIMINARY LOCAL CLIMATOLOGICAL DATA (WS FORM: F-6)
STATION: TRI CITIES MI
MONTH: FEBRUARY
YEAR: 2021
LATITUDE: 43 31 N
LONGITUDE: 84 5 W
TEMPERATURE IN F: :PCPN: SNOW: WIND :SUNSHINE: SKY :PK WND
================================================================================
1 2 3 4 5 6A 6B 7 8 9 10 11 12 13 14 15 16 17 18
12Z AVG MX 2MIN
DY MAX MIN AVG DEP HDD CDD WTR SNW DPTH SPD SPD DIR MIN PSBL S-S WX SPD DR
================================================================================
1 28 17 23 1 42 0 0.00 0.0 2 11.8 23 30 M M 4 30 30
2 35 18 27 5 38 0 0.00 0.0 2 10.4 17 350 M M 0 21 350
3 34 13 24 2 41 0 0.00 0.0 1 7.5 13 300 M M 0 17 300
4 37 21 29 7 36 0 0.14 1.8 1 12.0 25 180 M M 3 12 37 190
5 34 14 24 1 41 0 0.03 0.7 3 20.5 36 250 M M 10 189 53 250
6 19 11 15 -8 50 0 0.01 0.3 3 16.1 28 250 M M 8 18 38 260
7 16 -2 7 -16 58 0 0.04 0.8 3 11.0 21 250 M M 2 18 27 250
8 17 -2 8 -15 57 0 T 0.1 3 4.8 14 250 M M 7 18 17 250
9 16 3 10 -13 55 0 T 0.1 3 7.1 17 230 M M 2 18 21 240
10 18 -2 8 -15 57 0 0.00 0.0 3 6.9 15 330 M M 6 19 230
11 19 4 12 -12 53 0 0.00 0.0 3 6.3 15 320 M M 3 17 320
12 21 12 17 -7 48 0 0.06 1.1 3 6.9 12 90 M M 6 18 14 100
13 21 8 15 -9 50 0 0.03 1.0 4 6.7 13 80 M M 8 18 16 80
14 19 3 11 -13 54 0 0.02 0.5 4 7.4 14 270 M M 7 1 17 290
15 14 6 10 -14 55 0 0.22 3.2 6 12.0 29 30 M M 8 18 36 10
16 18 3 11 -13 54 0 0.19 3.5 8 13.2 24 360 M M 6 128 33 350
17 21 -6 8 -17 57 0 0.00 0.0 8 4.1 9 220 M M 1 11 210
18 25 3 14 -11 51 0 0.02 0.5 8 7.2 14 40 M M 8 18 19 50
19 26 17 22 -3 43 0 T 0.4 7 8.0 16 240 M M 8 18 22 250
20 27 14 21 -5 44 0 T 0.3 7 8.9 15 220 M M 3 18 18 220
21 32 6 19 -7 46 0 T T 7 10.3 21 130 M M 3 18 27 130
22 36 28 32 6 33 0 0.11 2.0 8 15.7 28 230 M M 9 18 37 240
23 46 33 40 14 25 0 T T 7 13.7 25 270 M M 6 18 33 280
24 43 28 36 9 29 0 0.00 0.0 4 13.0 24 320 M M 6 32 310
25 38 18 28 1 37 0 0.00 0.0 2 9.0 22 280 M M 3 29 270
26 40 22 31 4 34 0 0.00 0.0 1 9.4 16 170 M M 1 18 24 190
27 41 30 36 8 29 0 0.17 1.8 3 7.9 17 220 M M 7 18 21 220
28 47 28 38 10 27 0 0.01 0.0 3 10.3 28 250 M M 6 128 37 250
================================================================================
SM 788 348 1244 0 1.05 18.1 278.1 M 141
================================================================================
AV 28.1 12.4 9.9 FASTST M M 5 MAX(MPH)
MISC ----> 36 250 53 250
================================================================================
NOTES:
# LAST OF SEVERAL OCCURRENCES
COLUMN 17 PEAK WIND IN M.P.H.
PRELIMINARY LOCAL CLIMATOLOGICAL DATA (WS FORM: F-6) , PAGE 2
STATION: TRI CITIES MI
MONTH: FEBRUARY
YEAR: 2021
LATITUDE: 43 31 N
LONGITUDE: 84 5 W
[TEMPERATURE DATA] [PRECIPITATION DATA] SYMBOLS USED IN COLUMN 16
AVERAGE MONTHLY: 20.3 TOTAL FOR MONTH: 1.05 1 = FOG OR MIST
DPTR FM NORMAL: -4.2 DPTR FM NORMAL: -0.56 2 = FOG REDUCING VISIBILITY
HIGHEST: 47 ON 28 GRTST 24HR 0.22 ON 15-15 TO 1/4 MILE OR LESS
LOWEST: -6 ON 17 3 = THUNDER
SNOW, ICE PELLETS, HAIL 4 = ICE PELLETS
TOTAL MONTH: 18.1 INCHES 5 = HAIL
GRTST 24HR 3.5 ON 16-16 6 = FREEZING RAIN OR DRIZZLE
GRTST DEPTH: 8 ON 22,18 7 = DUSTSTORM OR SANDSTORM:
VSBY 1/2 MILE OR LESS
8 = SMOKE OR HAZE
[NO. OF DAYS WITH] [WEATHER - DAYS WITH] 9 = BLOWING SNOW
X = TORNADO
MAX 32 OR BELOW: 17 0.01 INCH OR MORE: 13
MAX 90 OR ABOVE: 0 0.10 INCH OR MORE: 5
MIN 32 OR BELOW: 27 0.50 INCH OR MORE: 0
MIN 0 OR BELOW: 4 1.00 INCH OR MORE: 0
[HDD (BASE 65) ]
TOTAL THIS MO. 1244 CLEAR (SCALE 0-3) 9
DPTR FM NORMAL 110 PTCLDY (SCALE 4-7) 16
TOTAL FM JUL 1 4717 CLOUDY (SCALE 8-10) 3
DPTR FM NORMAL -381
[CDD (BASE 65) ]
TOTAL THIS MO. 0
DPTR FM NORMAL 0 [PRESSURE DATA]
TOTAL FM JAN 1 0 HIGHEST SLP 30.50 ON 11
DPTR FM NORMAL 0 LOWEST SLP 29.18 ON 5
[REMARKS]
#FINAL-02-21#