000
CXUS54 KLIX 010910
CF6MCB
PRELIMINARY LOCAL CLIMATOLOGICAL DATA (WS FORM: F-6)
STATION: MCCOMB
MONTH: FEBRUARY
YEAR: 2022
LATITUDE: 31 10 N
LONGITUDE: 90 28 W
TEMPERATURE IN F: :PCPN: SNOW: WIND :SUNSHINE: SKY :PK WND
================================================================================
1 2 3 4 5 6A 6B 7 8 9 10 11 12 13 14 15 16 17 18
12Z AVG MX 2MIN
DY MAX MIN AVG DEP HDD CDD WTR SNW DPTH SPD SPD DIR MIN PSBL S-S WX SPD DR
================================================================================
1 65 53 59 9 6 0 0.28 M M 10.4 21 130 M M 9 1 31 140
2 73 58 66 16 0 1 0.14 M M 6.2 13 150 M M 8 1 16 130
3 73 36 55 4 10 0 0.64 M M 11.3 22 340 M M 10 13 28 340
4 36 31 34 -17 31 0 0.03 M M 12.0 20 330 M M 10 26 350
5 50 27 39 -12 26 0 0.00 M M 6.2 16 360 M M 1 21 10
6 58 24 41 -10 24 0 0.00 M M 2.0 9 340 M M 0 12 350
7 58 33 46 -5 19 0 0.00 M M 7.2 16 330 M M 1 21 360
8 62 31 47 -5 18 0 0.00 M M 3.5 10 350 M M 0 17 70
9 67 29 48 -4 17 0 0.00 0.0 M 2.3 14 320 M M 0 16 310
10 70 32 51 -1 14 0 0.00 0.0 M 3.5 13 200 M M 0 1 17 190
11 71 35 53 1 12 0 0.00 0.0 M 2.9 12 160 M M 0 16 160
12 68 37 53 1 12 0 0.00 M M 8.0 23 350 M M 5 12 29 360
13 55 30 43 -10 22 0 0.00 M M 8.1 18 310 M M 2 27 350
14 68 26 47 -6 18 0 0.00 M M 2.4 14 320 M M 0 18 300
15 69 31 50 -3 15 0 0.00 0.0 M 6.9 20 170 M M 0 26 170
16 76 49 63 10 2 0 0.07 M M 12.1 25 160 M M 5 1 37 180
17 78 51 65 11 0 0 1.08 M M 16.5 33 180 M M 10 13 52 170
18 52 37 45 -9 20 0 0.00 0.0 M 10.4 21 330 M M 5 27 320
19 63 31 47 -7 18 0 0.00 0.0 M 4.5 15 40 M M 0 24 30
20 69 33 51 -3 14 0 0.00 M M 6.3 18 170 M M 4 24 160
21 78 56 67 13 0 2 0.02 M M 10.4 22 170 M M 9 1 27 170
22 85 68 77 22 0 12 T M M 12.0 23 200 M M 7 13 32 210
23 82 62 72 17 0 7 0.01 0.0 M 7.4 18 150 M M 8 1 23 170
24 82 59 71 16 0 6 0.28 0.0 M 7.0 20 160 M M 8 18 23 170
25 64 41 53 -2 12 0 0.21 0.0 M 9.8 23 320 M M 10 1 28 320
26 55 44 50 -6 15 0 0.00 M M 5.0 9 40 M M 10 14 20
27 51 42 47 -9 18 0 0.01 M M 9.9 17 350 M M 10 1 24 10
28 65 37 51 -5 14 0 0.00 M M 7.5 16 10 M M 1 23 360
================================================================================
SM 1843 1123 357 28 2.77 0.0 211.7 M 133
================================================================================
AV 65.8 40.1 7.6 FASTST M M 5 MAX(MPH)
MISC ----> 33 180 52 170
================================================================================
NOTES:
# LAST OF SEVERAL OCCURRENCES
COLUMN 17 PEAK WIND IN M.P.H.
PRELIMINARY LOCAL CLIMATOLOGICAL DATA (WS FORM: F-6) , PAGE 2
STATION: MCCOMB
MONTH: FEBRUARY
YEAR: 2022
LATITUDE: 31 10 N
LONGITUDE: 90 28 W
[TEMPERATURE DATA] [PRECIPITATION DATA] SYMBOLS USED IN COLUMN 16
AVERAGE MONTHLY: 53.0 TOTAL FOR MONTH: 2.77 1 = FOG OR MIST
DPTR FM NORMAL: 0.0 DPTR FM NORMAL: -2.36 2 = FOG REDUCING VISIBILITY
HIGHEST: 85 ON 22 GRTST 24HR 1.15 ON 16-17 TO 1/4 MILE OR LESS
LOWEST: 24 ON 6 3 = THUNDER
SNOW, ICE PELLETS, HAIL 4 = ICE PELLETS
TOTAL MONTH: 0.0 INCH 5 = HAIL
GRTST 24HR 0.0 6 = FREEZING RAIN OR DRIZZLE
GRTST DEPTH: M ON M 7 = DUSTSTORM OR SANDSTORM:
VSBY 1/2 MILE OR LESS
8 = SMOKE OR HAZE
[NO. OF DAYS WITH] [WEATHER - DAYS WITH] 9 = BLOWING SNOW
X = TORNADO
MAX 32 OR BELOW: 0 0.01 INCH OR MORE: 11
MAX 90 OR ABOVE: 0 0.10 INCH OR MORE: 6
MIN 32 OR BELOW: 10 0.50 INCH OR MORE: 2
MIN 0 OR BELOW: 0 1.00 INCH OR MORE: 1
[HDD (BASE 65) ]
TOTAL THIS MO. 357 CLEAR (SCALE 0-3) 12
DPTR FM NORMAL 9 PTCLDY (SCALE 4-7) 5
TOTAL FM JUL 1 1364 CLOUDY (SCALE 8-10) 11
DPTR FM NORMAL -258
[CDD (BASE 65) ]
TOTAL THIS MO. 28
DPTR FM NORMAL 14 [PRESSURE DATA]
TOTAL FM JAN 1 41 HIGHEST SLP 30.52 ON 5
DPTR FM NORMAL 27 LOWEST SLP 29.80 ON 17
[REMARKS]
#FINAL-02-22#