000
CXUS56 KHNX 011553
CF6MCE
PRELIMINARY LOCAL CLIMATOLOGICAL DATA (WS FORM: F-6)
STATION: MERCED CA AIRPORT
MONTH: JULY
YEAR: 2022
LATITUDE: 37 16 N
LONGITUDE: 120 36 W
TEMPERATURE IN F: :PCPN: SNOW: WIND :SUNSHINE: SKY :PK WND
================================================================================
1 2 3 4 5 6A 6B 7 8 9 10 11 12 13 14 15 16 17 18
12Z AVG MX 2MIN
DY MAX MIN AVG DEP HDD CDD WTR SNW DPTH SPD SPD DIR MIN PSBL S-S WX SPD DR
================================================================================
1 95 57 76 -2 0 11 0.00 0.0 0 6.9 14 350 M M 0 18 330
2 89 56 73 -5 0 8 0.00 0.0 0 8.1 18 330 M M 0 24 350
3 83 54 69 -9 0 4 0.00 0.0 0 9.7 17 320 M M 0 22 320
4 89 57 73 -5 0 8 0.00 0.0 0 9.2 16 350 M M 0 20 350
5 92 65 79 1 0 14 0.00 0.0 0 9.7 18 330 M M 0 23 330
6 88 63 76 -2 0 11 0.00 0.0 0 11.3 17 330 M M 0 22 320
7 92 60 76 -3 0 11 0.00 0.0 0 10.6 15 330 M M 0 20 330
8 98 62 80 1 0 15 0.00 0.0 0 8.2 16 340 M M 0 20 340
9 95 62 79 0 0 14 0.00 0.0 0 9.9 18 340 M M 0 25 330
10 99 60 80 1 0 15 0.00 0.0 0 6.3 15 320 M M 0 18 330
11 104 66 85 6 0 20 0.00 0.0 0 5.4 13 350 M M 0 16 340
12 100 67 84 5 0 19 0.00 0.0 0 9.4 15 330 M M 0 19 360
13 96 63 80 1 0 15 0.00 0.0 0 9.0 15 330 M M 0 20 340
14 101 65 83 4 0 18 0.00 0.0 0 8.3 17 340 M M 0 21 320
15 100 64 82 3 0 17 0.00 0.0 0 8.1 17 330 M M 0 20 330
16 105 63 84 5 0 19 0.00 0.0 0 6.0 13 340 M M 0 15 330
17 107 71 89 10 0 24 0.00 0.0 0 7.0 17 330 M M 0 21 330
18 106 70 88 9 0 23 0.00 0.0 0 4.2 13 340 M M 0 16 340
19 104 74 89 10 0 24 0.00 0.0 0 8.9 15 330 M M 0 19 300
20 104 67 86 6 0 21 0.00 0.0 0 7.5 16 330 M M 0 19 330
21 102 62 82 2 0 17 0.00 0.0 0 7.9 17 330 M M 0 21 360
22 103 63 83 4 0 18 0.00 0.0 0 10.0 18 330 M M 0 23 330
23 99 60 80 1 0 15 0.00 0.0 0 6.4 13 360 M M 0 19 340
24 102 59 81 2 0 16 0.00 0.0 0 5.9 12 340 M M 0 14 330
25 99 64 82 3 0 17 0.00 0.0 0 7.7 13 340 M M 0 17 350
26 97 67 82 3 0 17 T 0.0 0 8.4 15 350 M M 0 18 350
27 97 65 81 2 0 16 0.00 0.0 0 9.0 14 330 M M 0 18 10
28 99 68 84 5 0 19 0.00 0.0 0 6.4 12 340 M M 0 16 320
29 97 67 82 3 0 17 0.00 0.0 0 6.7 12 350 M M 0 15 340
30 98 69 84 5 0 19 0.00 0.0 0 8.4 13 300 M M 0 17 330
31 97 71 84 5 0 19 0.00 0.0 0 6.9 13 340 M M 0 17 350
================================================================================
SM 3037 1981 0 501 T 0.0 247.4 M 0
================================================================================
AV 98.0 63.9 8.0 FASTST M M 0 MAX(MPH)
MISC ----> # 18 330 25 330
================================================================================
NOTES:
# LAST OF SEVERAL OCCURRENCES
COLUMN 17 PEAK WIND IN M.P.H.
PRELIMINARY LOCAL CLIMATOLOGICAL DATA (WS FORM: F-6) , PAGE 2
STATION: MERCED CA AIRPORT
MONTH: JULY
YEAR: 2022
LATITUDE: 37 16 N
LONGITUDE: 120 36 W
[TEMPERATURE DATA] [PRECIPITATION DATA] SYMBOLS USED IN COLUMN 16
AVERAGE MONTHLY: 80.9 TOTAL FOR MONTH: T 1 = FOG OR MIST
DPTR FM NORMAL: 1.9 DPTR FM NORMAL: -0.00 2 = FOG REDUCING VISIBILITY
HIGHEST: 107 ON 17 GRTST 24HR T ON 26-26 TO 1/4 MILE OR LESS
LOWEST: 54 ON 3 3 = THUNDER
SNOW, ICE PELLETS, HAIL 4 = ICE PELLETS
TOTAL MONTH: 0.0 INCH 5 = HAIL
GRTST 24HR 0.0 6 = FREEZING RAIN OR DRIZZLE
GRTST DEPTH: 0 7 = DUSTSTORM OR SANDSTORM:
VSBY 1/2 MILE OR LESS
8 = SMOKE OR HAZE
[NO. OF DAYS WITH] [WEATHER - DAYS WITH] 9 = BLOWING SNOW
X = TORNADO
MAX 32 OR BELOW: 0 0.01 INCH OR MORE: 0
MAX 90 OR ABOVE: 27 0.10 INCH OR MORE: 0
MIN 32 OR BELOW: 0 0.50 INCH OR MORE: 0
MIN 0 OR BELOW: 0 1.00 INCH OR MORE: 0
[HDD (BASE 65) ]
TOTAL THIS MO. 0 CLEAR (SCALE 0-3) 31
DPTR FM NORMAL 0 PTCLDY (SCALE 4-7) 0
TOTAL FM JUL 1 0 CLOUDY (SCALE 8-10) 0
DPTR FM NORMAL 0
[CDD (BASE 65) ]
TOTAL THIS MO. 501
DPTR FM NORMAL 67 [PRESSURE DATA]
TOTAL FM JAN 1 1090 HIGHEST SLP 30.10 ON 9
DPTR FM NORMAL 232 LOWEST SLP 29.69 ON 17
[REMARKS]
#FINAL-07-22#