000
CXUS53 KEAX 010736
CF6MCI
PRELIMINARY LOCAL CLIMATOLOGICAL DATA (WS FORM: F-6)
STATION: KANSAS CITY INTERNATIONAL MO
MONTH: MARCH
YEAR: 2023
LATITUDE: 39 19 N
LONGITUDE: 94 43 W
TEMPERATURE IN F: :PCPN: SNOW: WIND :SUNSHINE: SKY :PK WND
================================================================================
1 2 3 4 5 6A 6B 7 8 9 10 11 12 13 14 15 16 17 18
12Z AVG MX 2MIN
DY MAX MIN AVG DEP HDD CDD WTR SNW DPTH SPD SPD DIR MIN PSBL S-S WX SPD DR
================================================================================
1 60 34 47 8 18 0 0.00 0.0 0 9.8 18 20 M M 3 1 26 30
2 44 29 37 -2 28 0 0.00 0.0 0 13.3 18 40 M M 8 24 20
3 55 34 45 5 20 0 0.60 0.0 0 9.3 20 60 M M 6 1 26 60
4 61 33 47 7 18 0 0.01 0.0 0 7.7 15 280 M M 6 22 280
5 71 41 56 16 9 0 0.00 0.0 0 15.7 30 180 M M 5 39 170
6 62 38 50 9 15 0 0.00 0.0 0 13.2 24 350 M M 6 32 350
7 49 36 43 2 22 0 0.16 0.0 0 14.3 23 90 M M 10 1 32 80
8 43 41 42 0 23 0 0.02 0.0 0 9.2 16 110 M M 10 1 22 100
9 42 36 39 -3 26 0 0.18 0.0 0 8.4 18 320 M M 10 18 27 320
10 39 33 36 -6 29 0 0.00 0.0 0 7.9 16 310 M M 10 22 310
11 39 33 36 -7 29 0 0.18 0.0 0 11.9 21 110 M M 10 12 28 100
12 44 28 36 -7 29 0 0.00 0.0 0 12.0 22 340 M M 7 1 29 280
13 34 24 29 -15 36 0 T T 0 10.9 18 350 M M 9 27 310
14 48 20 34 -10 31 0 0.00 0.0 0 8.5 16 150 M M 2 26 180
15 64 36 50 6 15 0 0.00 0.0 M 19.4 32 170 M M 6 8 41 170
16 57 28 43 -2 22 0 0.54 0.3 T 16.1 29 340 M M 9 1 41 340
17 42 23 33 -12 32 0 0.01 T T 11.0 25 320 M M 5 18 38 300
18 27 15 21 -24 44 0 T T 0 13.0 25 310 M M 5 36 320
19 44 14 29 -17 36 0 0.00 0.0 0 10.4 23 190 M M 0 31 200
20 62 32 47 1 18 0 0.00 0.0 0 20.2 31 210 M M 5 41 200
21 47 41 44 -2 21 0 0.20 0.0 0 14.4 25 170 M M 10 18 32 160
22 54 45 50 3 15 0 0.07 0.0 0 9.2 16 40 M M 10 12 22 150
23 50 36 43 -4 22 0 T 0.0 0 12.9 22 10 M M 10 1 27 20
24 54 35 45 -3 20 0 0.61 0.0 0 11.2 20 50 M M 9 1 26 40
25 61 35 48 0 17 0 0.13 0.0 0 6.9 15 220 M M 6 1 21 220
26 45 32 39 -9 26 0 0.00 0.0 0 9.6 17 320 M M 7 1 24 270
27 51 27 39 -10 26 0 T 0.0 0 5.9 15 320 M M 4 19 340
28 51 32 42 -7 23 0 0.03 0.0 0 7.8 16 360 M M 5 1 24 310
29 58 31 45 -4 20 0 0.00 0.0 0 8.3 16 100 M M 3 23 80
30 71 39 55 5 10 0 0.00 0.0 0 19.1 35 200 M M 8 8 48 200
31 79 40 60 10 5 0 T 0.0 0 22.2 37 270 M M 7 38 59 270
================================================================================
SM 1608 1001 705 0 2.74 0.3 369.7 M 211
================================================================================
AV 51.9 32.3 11.9 FASTST M M 7 MAX(MPH)
MISC ----> 37 270 59 270
================================================================================
NOTES:
# LAST OF SEVERAL OCCURRENCES
COLUMN 17 PEAK WIND IN M.P.H.
PRELIMINARY LOCAL CLIMATOLOGICAL DATA (WS FORM: F-6) , PAGE 2
STATION: KANSAS CITY INTERNATIONAL MO
MONTH: MARCH
YEAR: 2023
LATITUDE: 39 19 N
LONGITUDE: 94 43 W
[TEMPERATURE DATA] [PRECIPITATION DATA] SYMBOLS USED IN COLUMN 16
AVERAGE MONTHLY: 42.1 TOTAL FOR MONTH: 2.74 1 = FOG OR MIST
DPTR FM NORMAL: -2.4 DPTR FM NORMAL: 0.38 2 = FOG REDUCING VISIBILITY
HIGHEST: 79 ON 31 GRTST 24HR 0.61 ON 24-24 TO 1/4 MILE OR LESS
LOWEST: 14 ON 19 3 = THUNDER
SNOW, ICE PELLETS, HAIL 4 = ICE PELLETS
TOTAL MONTH: 0.3 INCH 5 = HAIL
GRTST 24HR 0.3 ON 16-16 6 = FREEZING RAIN OR DRIZZLE
GRTST DEPTH: T 7 = DUSTSTORM OR SANDSTORM:
VSBY 1/2 MILE OR LESS
8 = SMOKE OR HAZE
[NO. OF DAYS WITH] [WEATHER - DAYS WITH] 9 = BLOWING SNOW
X = TORNADO
MAX 32 OR BELOW: 1 0.01 INCH OR MORE: 13
MAX 90 OR ABOVE: 0 0.10 INCH OR MORE: 8
MIN 32 OR BELOW: 13 0.50 INCH OR MORE: 3
MIN 0 OR BELOW: 0 1.00 INCH OR MORE: 0
[HDD (BASE 65) ]
TOTAL THIS MO. 705 CLEAR (SCALE 0-3) 4
DPTR FM NORMAL 66 PTCLDY (SCALE 4-7) 16
TOTAL FM JUL 1 4215 CLOUDY (SCALE 8-10) 11
DPTR FM NORMAL -409
[CDD (BASE 65) ]
TOTAL THIS MO. 0
DPTR FM NORMAL -4 [PRESSURE DATA]
TOTAL FM JAN 1 0 HIGHEST SLP M ON M
DPTR FM NORMAL -4 LOWEST SLP 29.29 ON 31
[REMARKS]
#FINAL-03-23#