000
CXUS52 KMLB 010627
CF6MCO
PRELIMINARY LOCAL CLIMATOLOGICAL DATA (WS FORM: F-6)
STATION: ORLANDO INTL
MONTH: MAY
YEAR: 2022
LATITUDE: 28 25 N
LONGITUDE: 81 19 W
TEMPERATURE IN F: :PCPN: SNOW: WIND :SUNSHINE: SKY :PK WND
================================================================================
1 2 3 4 5 6A 6B 7 8 9 10 11 12 13 14 15 16 17 18
12Z AVG MX 2MIN
DY MAX MIN AVG DEP HDD CDD WTR SNW DPTH SPD SPD DIR MIN PSBL S-S WX SPD DR
================================================================================
1 90 69 80 5 0 15 0.00 0.0 0 6.8 20 100 M M 5 23 100
2 90 69 80 5 0 15 0.00 0.0 0 6.1 20 110 M M 4 24 110
3 89 70 80 5 0 15 0.00 0.0 0 5.3 17 120 M M 7 23 120
4 94 69 82 7 0 17 0.00 0.0 0 4.6 16 70 M M 4 3 19 70
5 96 70 83 7 0 18 0.00 0.0 0 4.7 17 100 M M 3 22 100
6 94 71 83 7 0 18 0.00 0.0 0 9.9 24 240 M M 6 31 250
7 92 75 84 8 0 19 0.07 0.0 0 13.7 24 270 M M 4 3 32 230
8 91 71 81 5 0 16 0.00 0.0 0 9.8 20 290 M M 2 25 300
9 84 64 74 -2 0 9 0.00 0.0 0 12.5 20 30 M M 4 24 20
10 84 61 73 -3 0 8 0.00 0.0 0 11.2 22 30 M M 2 29 20
11 84 63 74 -3 0 9 0.00 0.0 0 13.7 24 10 M M 2 31 360
12 84 65 75 -2 0 10 0.00 0.0 0 10.6 23 40 M M 4 28 30
13 86 65 76 -1 0 11 0.36 0.0 0 4.3 21 190 M M 4 13 27 210
14 90 65 78 1 0 13 T 0.0 0 4.4 17 50 M M 4 24 80
15 89 68 79 2 0 14 0.30 0.0 0 7.4 25 60 M M 6 13 32 60
16 90 67 79 2 0 14 0.00 0.0 0 6.3 15 300 M M 3 1 19 300
17 93 69 81 3 0 16 0.01 0.0 0 4.8 18 10 M M 4 3 23 10
18 94 74 84 6 0 19 T 0.0 0 3.7 21 50 M M 3 3 27 50
19 91 72 82 4 0 17 0.00 0.0 0 4.7 16 110 M M 6 20 110
20 82 71 77 -1 0 12 0.98 0.0 0 7.1 28 190 M M 8 13 37 210
21 92 69 81 3 0 16 0.43 0.0 0 7.4 26 230 M M 10 13 36 240
22 92 71 82 4 0 17 0.00 0.0 0 9.9 17 130 M M 8 22 130
23 92 74 83 5 0 18 0.00 0.0 0 8.9 15 110 M M 6 21 100
24 91 72 82 3 0 17 0.00 0.0 0 9.1 20 80 M M 5 24 100
25 90 70 80 1 0 15 0.00 0.0 0 10.2 18 110 M M 6 24 110
26 93 74 84 5 0 19 0.00 0.0 0 9.5 17 140 M M 5 25 140
27 91 73 82 3 0 17 0.00 0.0 0 9.1 20 260 M M 7 24 270
28 91 72 82 3 0 17 T 0.0 0 5.3 17 330 M M 5 3 21 330
29 93 71 82 3 0 17 T 0.0 0 5.9 16 180 M M 3 3 20 80
30 90 67 79 -1 0 14 0.00 0.0 0 6.5 18 110 M M 4 24 110
31 91 72 82 2 0 17 T 0.0 0 9.4 22 70 M M 5 28 60
================================================================================
SM 2793 2153 0 469 2.15 0.0 242.8 M 149
================================================================================
AV 90.1 69.5 7.8 FASTST M M 5 MAX(MPH)
MISC ----> 28 190 37 210
================================================================================
NOTES:
# LAST OF SEVERAL OCCURRENCES
COLUMN 17 PEAK WIND IN M.P.H.
PRELIMINARY LOCAL CLIMATOLOGICAL DATA (WS FORM: F-6) , PAGE 2
STATION: ORLANDO INTL
MONTH: MAY
YEAR: 2022
LATITUDE: 28 25 N
LONGITUDE: 81 19 W
[TEMPERATURE DATA] [PRECIPITATION DATA] SYMBOLS USED IN COLUMN 16
AVERAGE MONTHLY: 79.8 TOTAL FOR MONTH: 2.15 1 = FOG OR MIST
DPTR FM NORMAL: 2.5 DPTR FM NORMAL: -1.87 2 = FOG REDUCING VISIBILITY
HIGHEST: 96 ON 5 GRTST 24HR 0.99 ON 20-21 TO 1/4 MILE OR LESS
LOWEST: 61 ON 10 3 = THUNDER
SNOW, ICE PELLETS, HAIL 4 = ICE PELLETS
TOTAL MONTH: 0.0 INCH 5 = HAIL
GRTST 24HR 0.0 6 = FREEZING RAIN OR DRIZZLE
GRTST DEPTH: 0 7 = DUSTSTORM OR SANDSTORM:
VSBY 1/2 MILE OR LESS
8 = SMOKE OR HAZE
[NO. OF DAYS WITH] [WEATHER - DAYS WITH] 9 = BLOWING SNOW
X = TORNADO
MAX 32 OR BELOW: 0 0.01 INCH OR MORE: 6
MAX 90 OR ABOVE: 23 0.10 INCH OR MORE: 4
MIN 32 OR BELOW: 0 0.50 INCH OR MORE: 1
MIN 0 OR BELOW: 0 1.00 INCH OR MORE: 0
[HDD (BASE 65) ]
TOTAL THIS MO. 0 CLEAR (SCALE 0-3) 4
DPTR FM NORMAL 0 PTCLDY (SCALE 4-7) 25
TOTAL FM JUL 1 278 CLOUDY (SCALE 8-10) 2
DPTR FM NORMAL -247
[CDD (BASE 65) ]
TOTAL THIS MO. 469
DPTR FM NORMAL 86 [PRESSURE DATA]
TOTAL FM JAN 1 1182 HIGHEST SLP M ON M
DPTR FM NORMAL 335 LOWEST SLP 29.71 ON 7
[REMARKS]
#FINAL-05-22#
USED KORL FOR THE MIN TEMP ON 5/7 AND 5/8 DUE TO ASOS ISSUES