000
CXUS53 KDMX 050303
CF6MCW
PRELIMINARY LOCAL CLIMATOLOGICAL DATA (WS FORM: F-6)
STATION: MASON CITY IA
MONTH: FEBRUARY
YEAR: 2022
LATITUDE: 43 9 N
LONGITUDE: 93 20 W
TEMPERATURE IN F: :PCPN: SNOW: WIND :SUNSHINE: SKY :PK WND
================================================================================
1 2 3 4 5 6A 6B 7 8 9 10 11 12 13 14 15 16 17 18
12Z AVG MX 2MIN
DY MAX MIN AVG DEP HDD CDD WTR SNW DPTH SPD SPD DIR MIN PSBL S-S WX SPD DR
================================================================================
1 36 5 21 5 44 0 0.00 0.0 6 20.6 32 320 M M 2 8 42 330
2 5 -3 1 -15 64 0 0.00 0.0 6 18.6 26 340 M M 1 31 330
3 2 -13 -5 -21 70 0 0.00 0.0 6 7.6 15 340 M M 0 8 18 340
4 10 -15 -2 -19 67 0 0.02 0.4 6 13.7 29 320 M M 4 8 36 300
5 27 -7 10 -7 55 0 0.00 0.0 6 12.8 29 170 M M 3 8 40 160
6 28 0 14 -3 51 0 T T 6 14.0 30 320 M M 5 18 37 320
7 17 -5 6 -11 59 0 0.00 0.0 6 7.4 16 170 M M 4 19 170
8 39 8 24 6 41 0 0.00 0.0 6 10.9 18 310 M M 1 24 310
9 35 21 28 10 37 0 T T 5 22.1 33 320 M M 10 43 310
10 39 10 25 7 40 0 0.05 T 5 17.7 33 220 M M 9 46 220
11 39 0 20 2 45 0 0.01 0.3 5 25.4 46 310 M M 8 60 310
12 10 -7 2 -17 63 0 0.02 0.3 5 8.5 23 320 M M 4 8 28 320
13 9 -3 3 -16 62 0 0.01 0.2 5 8.4 21 350 M M 6 18 26 170
14 21 8 15 -4 50 0 0.00 0.0 5 10.1 23 330 M M 6 28 330
15 37 11 24 4 41 0 0.00 0.0 5 16.1 29 130 M M 0 41 140
16 40 18 29 9 36 0 0.00 0.0 4 18.6 30 340 M M 3 18 37 340
17 18 2 10 -10 55 0 0.00 0.0 3 16.7 30 340 M M 2 37 340
18 41 5 23 2 42 0 T T 3 22.6 41 320 M M 4 8 54 310
19 24 1 13 -8 52 0 0.00 0.0 2 16.1 29 320 M M 0 39 320
20 51 22 37 15 28 0 0.00 0.0 2 14.9 26 240 M M 1 37 220
21 34 22 28 6 37 0 T 0.0 1 16.8 26 40 M M 6 16 34 40
22 22 -1 11 -11 54 0 0.05 0.4 1 22.8 31 330 M M 10 1689 39 330
23 7 -6 1 -22 64 0 0.00 0.0 1 13.9 21 310 M M 6 8 27 310
24 16 2 9 -14 56 0 0.07 2.2 1 10.8 17 20 M M 8 1 21 30
25 15 0 8 -16 57 0 T T 3 8.7 14 330 M M 3 18 19 310
26 35 6 21 -3 44 0 0.00 0.0 2 11.9 20 250 M M 0 27 250
27 40 12 26 1 39 0 0.00 0.0 1 7.2 12 260 M M 0 15 230
28 54 24 39 14 26 0 0.00 0.0 T 8.0 17 270 M M 1 23 260
================================================================================
SM 751 117 1379 0 0.23 3.8 402.9 M 107
================================================================================
AV 26.8 4.2 14.4 FASTST M M 4 MAX(MPH)
MISC ----> 46 310 60 310
================================================================================
NOTES:
# LAST OF SEVERAL OCCURRENCES
COLUMN 17 PEAK WIND IN M.P.H.
PRELIMINARY LOCAL CLIMATOLOGICAL DATA (WS FORM: F-6) , PAGE 2
STATION: MASON CITY IA
MONTH: FEBRUARY
YEAR: 2022
LATITUDE: 43 9 N
LONGITUDE: 93 20 W
[TEMPERATURE DATA] [PRECIPITATION DATA] SYMBOLS USED IN COLUMN 16
AVERAGE MONTHLY: 15.5 TOTAL FOR MONTH: 0.23 1 = FOG OR MIST
DPTR FM NORMAL: -4.5 DPTR FM NORMAL: -0.99 2 = FOG REDUCING VISIBILITY
HIGHEST: 54 ON 28 GRTST 24HR 0.07 ON 24-24 TO 1/4 MILE OR LESS
LOWEST: -15 ON 4 3 = THUNDER
SNOW, ICE PELLETS, HAIL 4 = ICE PELLETS
TOTAL MONTH: 3.8 INCHES 5 = HAIL
GRTST 24HR 2.2 ON 24-24 6 = FREEZING RAIN OR DRIZZLE
GRTST DEPTH: 7 ON M 7 = DUSTSTORM OR SANDSTORM:
VSBY 1/2 MILE OR LESS
8 = SMOKE OR HAZE
[NO. OF DAYS WITH] [WEATHER - DAYS WITH] 9 = BLOWING SNOW
X = TORNADO
MAX 32 OR BELOW: 15 0.01 INCH OR MORE: 7
MAX 90 OR ABOVE: 0 0.10 INCH OR MORE: 0
MIN 32 OR BELOW: 28 0.50 INCH OR MORE: 0
MIN 0 OR BELOW: 12 1.00 INCH OR MORE: 0
[HDD (BASE 65) ]
TOTAL THIS MO. 1379 CLEAR (SCALE 0-3) 14
DPTR FM NORMAL 118 PTCLDY (SCALE 4-7) 11
TOTAL FM JUL 1 5549 CLOUDY (SCALE 8-10) 3
DPTR FM NORMAL -242
[CDD (BASE 65) ]
TOTAL THIS MO. 0
DPTR FM NORMAL 0 [PRESSURE DATA]
TOTAL FM JAN 1 0 HIGHEST SLP 30.72 ON 23
DPTR FM NORMAL 0 LOWEST SLP 29.43 ON 10
[REMARKS]
#FINAL-02-22#