000
CXUS51 KCTP 010820
CLSMDT
CLIMATE REPORT
NATIONAL WEATHER SERVICE STATE COLLEGE PA
420 AM EDT WED SEP 01 2021
...................................
...THE HARRISBURG PA CLIMATE SUMMARY FOR THE SEASON, FROM
6/1/2021 TO 8/31/2021...
CLIMATE NORMAL PERIOD 1991 TO 2020
CLIMATE RECORD PERIOD 1888 TO 2021
WEATHER OBSERVED NORMAL DEPART LAST YEAR`S
VALUE DATE(S) VALUE FROM VALUE DATE(S)
NORMAL
................................................................
TEMPERATURE (F)
RECORD
HIGH 107 07/03/1966
LOW 40 06/11/1980
HIGHEST 98 06/30 100 07/19
LOWEST 53 06/23 46 06/01
AVG. MAXIMUM 86.2 84.6 1.6 87.6
AVG. MINIMUM 68.1 65.4 2.7 68.2
MEAN 77.1 75.0 2.1 77.9
DAYS MAX >= 90 32 18.9 13.1 35
DAYS MAX <= 32 0 0.0 0.0 0
DAYS MIN <= 32 0 0.0 0.0 0
DAYS MIN <= 0 0 0.0 0.0 0
PRECIPITATION (INCHES)
RECORD
MAXIMUM 23.33 1972
MINIMUM 2.41 1966
TOTALS 15.99 12.49 3.50 9.64
DAILY AVG. 0.17 0.14 0.03 0.10
DAYS >= .01 34 32.4 1.6 33
DAYS >= .10 24 20.7 3.3 22
DAYS >= .50 11 8.6 2.4 5
DAYS >= 1.00 4 3.2 0.8 1
GREATEST
24 HR. TOTAL 2.56 07/11 TO 07/12 1.68 08/03 TO 08/04
STORM TOTAL 2.17 0.38
(MM/DD(HH)) MM
SNOWFALL (INCHES)
RECORDS
TOTAL MM MM
24 HR TOTAL MM
SNOW DEPTH MM MM
TOTALS 0.0 0.0 0.0 0.0
LIQUID EQUIV 0.00 0.00 0.00 0.00
SINCE 7/1 0.0 0.0 0.0 MM
LIQUID 7/1 0.00 0.00 0.00 MM
SNOWDEPTH AVG. 0 0
DAYS >= TRACE 0 0.0 0.0 0
DAYS >= 1.0 0 0.0 0.0 0
GREATEST
SNOW DEPTH 0 0 MM
24 HR TOTAL MM MM
STORM TOTAL 0.0 0.0
(MM/DD(HH)) MM
DEGREE DAYS
HEATING TOTAL 0 14 -14 8
SINCE 7/1 0 0 0 MM
COOLING TOTAL 1139 939 200 1225
SINCE 1/1 1239 1021 218 MM
FREEZE DATES
RECORD
EARLIEST 09/24/1963
LATEST 05/11/1966
EARLIEST MM
LATEST 04/23
................................................................
WIND (MPH)
AVERAGE WIND SPEED 5.2
RESULTANT WIND SPEED/DIRECTION 1/250
HIGHEST WIND SPEED/DIRECTION 39/240 DATE 06/30
HIGHEST GUST SPEED/DIRECTION 51/240 DATE 08/11
SKY COVER
POSSIBLE SUNSHINE (PERCENT) MM
AVERAGE SKY COVER 0.58
NUMBER OF DAYS FAIR 21
NUMBER OF DAYS PC 47
NUMBER OF DAYS CLOUDY 24
AVERAGE RH (PERCENT) 65
WEATHER CONDITIONS. NUMBER OF DAYS WITH
THUNDERSTORM 28 MIXED PRECIP 0
HEAVY RAIN 20 RAIN 19
LIGHT RAIN 41 FREEZING RAIN 0
LT FREEZING RAIN 0 HAIL 0
HEAVY SNOW 0 SNOW 0
LIGHT SNOW 0 SLEET 0
FOG 25 FOG W/VIS <= 1/4 MILE 2
HAZE 33
- INDICATES NEGATIVE NUMBERS.
R INDICATES RECORD WAS SET OR TIED.
MM INDICATES DATA IS MISSING.
T INDICATES TRACE AMOUNT.
$$