000
CXUS54 KMEG 011329
CLMMEG
CLIMATE REPORT
NATIONAL WEATHER SERVICE MEMPHIS TN
729 AM CST MON JAN 01 2024
...................................
...THE MEMPHIS/GERMANTOWN WFO CLIMATE SUMMARY FOR THE MONTH OF DECEMBER 2023...
CLIMATE NORMAL PERIOD 1991 TO 2020
CLIMATE RECORD PERIOD 1988 TO 2023
WEATHER OBSERVED NORMAL DEPART LAST YEAR`S
VALUE DATE(S) VALUE FROM VALUE DATE(S)
NORMAL
................................................................
TEMPERATURE (F)
RECORD
HIGH 80 12/26/2015
LOW -6 12/23/1989
HIGHEST 69 12/09 71 -2 72 12/06
LOWEST 23 12/19 18 5 0 12/23
AVG. MAXIMUM 57.2 52.4 4.8 52.0
AVG. MINIMUM 36.7 32.8 3.9 35.5
MEAN 46.9 42.6 4.3 43.8
DAYS MAX >= 90 0 0.0 0.0 0
DAYS MAX <= 32 0 0.9 -0.9 3
DAYS MIN <= 32 9 16.3 -7.3 14
DAYS MIN <= 0 0 0.0 0.0 1
PRECIPITATION (INCHES)
RECORD
MAXIMUM 6.77 2020
MINIMUM 5.30 2021
TOTALS 2.78R 5.68 -2.90 6.11
DAILY AVG. 0.09 0.18 -0.09 0.20
DAYS >= .01 8 11.3 -3.3 13
DAYS >= .10 4 7.3 -3.3 9
DAYS >= .50 3 4.0 -1.0 6
DAYS >= 1.00 0 1.8 -1.8 2
GREATEST
24 HR. TOTAL 0.94 12/25 TO 12/25
SNOWFALL (INCHES)
RECORDS
TOTAL MM 2022
TOTALS T 0.1 -0.1 0.6
SINCE 7/1 0.0 0.1 -0.1 MM
SNOWDEPTH AVG. 0 0
DAYS >= 1.0 0 0.0 0.0 0
GREATEST
SNOW DEPTH 0 1 12/23
12/24
24 HR TOTAL MM
DEGREE DAYS
HEATING TOTAL 550 695 -145 651
SINCE 7/1 1032 1312 -280 MM
COOLING TOTAL 0 1 -1 1
SINCE 1/1 2200 1976 224 MM
................................................................
- INDICATES NEGATIVE NUMBERS.
R INDICATES RECORD WAS SET OR TIED.
MM INDICATES DATA IS MISSING.
T INDICATES TRACE AMOUNT.
$$