000
CXUS56 KPDT 011810
CF6MEH
PRELIMINARY LOCAL CLIMATOLOGICAL DATA (WS FORM: F-6)
STATION: MEACHAM OR
MONTH: JUNE
YEAR: 2022
LATITUDE: 45 30 N
LONGITUDE: 118 24 W
TEMPERATURE IN F: :PCPN: SNOW: WIND :SUNSHINE: SKY :PK WND
================================================================================
1 2 3 4 5 6A 6B 7 8 9 10 11 12 13 14 15 16 17 18
12Z AVG MX 2MIN
DY MAX MIN AVG DEP HDD CDD WTR SNW DPTH SPD SPD DIR MIN PSBL S-S WX SPD DR
================================================================================
1 70 39 55 4 10 0 0.08 M M 0.5 12 90 M M 4 1 18 230
2 73 45 59 8 6 0 0.34 M M 0.3 8 90 M M 6 1 14 90
3 66 45 56 5 9 0 0.88 M M 0.6 7 300 M M 9 12 M M
4 63 45 54 3 11 0 0.33 M M 0.4 6 280 M M 10 1 12 270
5 68 45 57 5 8 0 0.92 M M 0.6 6 99 M M 8 13 M M
6 61 40 51 -1 14 0 0.01 M M 0.8 10 270 M M 6 16 270
7 71 33 52 0 13 0 0.00 M M 0.7 9 100 M M 2 15 100
8 69 47 58 6 7 0 0.00 M M 1.3 7 40 M M 4 12 40
9 78 44 61 9 4 0 T M M 1.1 7 270 M M 3 15 290
10 65 54 60 8 5 0 0.21 M M 0.4 7 40 M M 10 12 13 40
11 60 51 56 3 9 0 1.13 M M 0.0 8 360 M M 10 12 17 20
12 55 39 47 -6 18 0 0.90 M M 1.7 8 270 M M 10 1 M M
13 50 37 44 -9 21 0 0.52 M M 4.7 10 270 M M 10 1 27 250
14 54 34 44 -9 21 0 0.01 M M 2.9 9 270 M M 7 21 320
15 71 30 51 -2 14 0 0.00 M M 0.6 12 100 M M 0 22 100
16 65 45 55 1 10 0 0.00 M M 1.4 8 20 M M 0 16 40
17 64 43 54 0 11 0 T M M 1.7 9 270 M M 4 19 260
18 53 41 47 -7 18 0 0.02 M M 1.7 8 260 M M 8 1 16 300
19 56 43 50 -4 15 0 0.04 M M 1.5 8 260 M M 10 1 17 230
20 64 40 52 -3 13 0 0.00 M M 1.4 7 250 M M 5 13 260
21 73 35 54 -1 11 0 0.00 M M 1.1 8 30 M M 0 14 30
22 78 40 59 4 6 0 0.00 M M 1.3 8 310 M M 0 14 270
23 70 41 56 1 9 0 0.00 M M 1.8 7 320 M M 0 14 230
24 66 36 51 -5 14 0 0.00 M M 1.4 10 30 M M 0 21 50
25 76 35 56 0 9 0 0.00 M M 1.7 10 30 M M 0 18 50
26 86 40 63 7 2 0 0.00 M M 0.9 8 100 M M 0 14 90
27 92 48 70 14 0 5 0.00 M M 0.5 8 280 M M 0 15 260
28 75 47 61 4 4 0 0.00 M M 1.0 8 290 M M 0 18 10
29 73 39 56 -1 9 0 0.00 M M 2.1 8 290 M M 0 17 240
30 75 37 56 -1 9 0 0.00 M M 1.1 8 30 M M 0 13 50
================================================================================
SM 2040 1238 310 5 5.39 M 37.2 M 126
================================================================================
AV 68.0 41.3 1.2 FASTST M M 4 MAX(MPH)
MISC ----> # 12 90 27 250
================================================================================
NOTES:
# LAST OF SEVERAL OCCURRENCES
COLUMN 17 PEAK WIND IN M.P.H.
PRELIMINARY LOCAL CLIMATOLOGICAL DATA (WS FORM: F-6) , PAGE 2
STATION: MEACHAM OR
MONTH: JUNE
YEAR: 2022
LATITUDE: 45 30 N
LONGITUDE: 118 24 W
[TEMPERATURE DATA] [PRECIPITATION DATA] SYMBOLS USED IN COLUMN 16
AVERAGE MONTHLY: 54.6 TOTAL FOR MONTH: 5.39 1 = FOG OR MIST
DPTR FM NORMAL: 0.9 DPTR FM NORMAL: 3.20 2 = FOG REDUCING VISIBILITY
HIGHEST: 92 ON 27 GRTST 24HR 1.41 ON 12-13 TO 1/4 MILE OR LESS
LOWEST: 30 ON 15 3 = THUNDER
SNOW, ICE PELLETS, HAIL 4 = ICE PELLETS
TOTAL MONTH: M 5 = HAIL
GRTST 24HR M ON M 6 = FREEZING RAIN OR DRIZZLE
GRTST DEPTH: M ON M 7 = DUSTSTORM OR SANDSTORM:
VSBY 1/2 MILE OR LESS
8 = SMOKE OR HAZE
[NO. OF DAYS WITH] [WEATHER - DAYS WITH] 9 = BLOWING SNOW
X = TORNADO
MAX 32 OR BELOW: 0 0.01 INCH OR MORE: 13
MAX 90 OR ABOVE: 1 0.10 INCH OR MORE: 8
MIN 32 OR BELOW: 1 0.50 INCH OR MORE: 5
MIN 0 OR BELOW: 0 1.00 INCH OR MORE: 1
[HDD (BASE 65) ]
TOTAL THIS MO. 310 CLEAR (SCALE 0-3) 13
DPTR FM NORMAL -33 PTCLDY (SCALE 4-7) 10
TOTAL FM JUL 1 8088 CLOUDY (SCALE 8-10) 7
DPTR FM NORMAL -22
[CDD (BASE 65) ]
TOTAL THIS MO. 5
DPTR FM NORMAL 1 [PRESSURE DATA]
TOTAL FM JAN 1 5 HIGHEST SLP M ON M
DPTR FM NORMAL 1 LOWEST SLP 29.67 ON 17
[REMARKS]
#FINAL-06-22#