000
CXUS54 KJAN 011910
CF6MEI
PRELIMINARY LOCAL CLIMATOLOGICAL DATA (WS FORM: F-6)
STATION: MERIDIAN
MONTH: OCTOBER
YEAR: 2023
LATITUDE: 32 19 N
LONGITUDE: 88 45 W
TEMPERATURE IN F: :PCPN: SNOW: WIND :SUNSHINE: SKY :PK WND
================================================================================
1 2 3 4 5 6A 6B 7 8 9 10 11 12 13 14 15 16 17 18
12Z AVG MX 2MIN
DY MAX MIN AVG DEP HDD CDD WTR SNW DPTH SPD SPD DIR MIN PSBL S-S WX SPD DR
================================================================================
1 91 61 76 3 0 11 0.00 0.0 0 4.9 18 40 M M 1 24 50
2 89 60 75 3 0 10 0.00 0.0 0 4.6 18 70 M M 0 25 70
3 88 57 73 1 0 8 0.00 0.0 0 3.7 13 110 M M 0 8 18 130
4 87 55 71 -1 0 6 0.00 0.0 0 3.2 15 150 M M 0 8 20 150
5 88 62 75 4 0 10 0.17 0.0 0 5.0 16 170 M M 4 18 21 160
6 79 63 71 0 0 6 0.06 0.0 0 6.0 14 360 M M 6 18 19 360
7 74 47 61 -9 4 0 0.00 0.0 0 8.1 23 20 M M 0 30 10
8 75 41 58 -12 7 0 0.00 0.0 0 2.8 13 30 M M 0 19 330
9 81 41 61 -9 4 0 0.00 0.0 0 4.6 16 210 M M 0 23 200
10 85 50 68 -1 0 3 0.00 0.0 0 3.9 12 200 M M 0 17 190
11 72 59 66 -3 0 1 0.75 0.0 0 5.7 21 90 M M 5 1 34 120
12 72 60 66 -2 0 1 0.02 0.0 0 6.5 12 50 M M 10 1 15 50
13 71 59 65 -3 0 0 0.00 0.0 0 2.7 7 320 M M 8 9 310
14 76 55 66 -2 0 1 0.00 0.0 0 5.9 16 330 M M 3 1 24 290
15 66 49 58 -9 7 0 T 0.0 0 9.1 21 330 M M 8 34 320
16 69 44 57 -10 8 0 0.00 0.0 0 7.4 20 330 M M 0 28 340
17 74 41 58 -8 7 0 0.00 0.0 0 1.2 12 20 M M 0 15 20
18 76 43 60 -6 5 0 0.00 0.0 0 3.2 13 170 M M 0 23 200
19 77 47 62 -3 3 0 0.00 0.0 0 5.0 14 190 M M 1 19 200
20 88 51 70 5 0 5 0.00 0.0 0 5.8 20 250 M M 0 31 270
21 84 46 65 1 0 0 0.00 0.0 0 M 12 200 M M 0 17 M
22 88 54 71 7 0 6 0.00 0.0 0 2.3 8 30 M M 0 11 10
23 87 58 73 9 0 8 0.00 0.0 0 3.8 12 100 M M 0 17 100
24 83 56 70 7 0 5 0.00 0.0 0 3.8 16 160 M M 0 24 160
25 84 55 70 7 0 5 0.00 0.0 0 4.8 15 150 M M 2 20 130
26 86 55 71 9 0 6 0.00 0.0 0 6.3 20 170 M M 2 28 170
27 85 58 72 10 0 7 0.00 0.0 0 2.3 12 160 M M 2 1 17 180
28 85 59 72 10 0 7 0.00 0.0 0 2.4 16 160 M M 3 12 23 170
29 85 58 72 11 0 7 0.00 0.0 0 4.1 14 210 M M 2 12 19 170
30 68 47 58 -3 7 0 T 0.0 0 11.3 20 350 M M 10 18 24 20
31 61 42 52 -8 13 0 T 0.0 0 11.9 21 10 M M 4 28 330
================================================================================
SM 2474 1633 65 113 1.00 0.0 152.3 M 71
================================================================================
AV 79.8 52.7 5.1 FASTST M M 2 MAX(MPH)
MISC ----> 23 20 # 34 120
================================================================================
NOTES:
# LAST OF SEVERAL OCCURRENCES
COLUMN 17 PEAK WIND IN M.P.H.
PRELIMINARY LOCAL CLIMATOLOGICAL DATA (WS FORM: F-6) , PAGE 2
STATION: MERIDIAN
MONTH: OCTOBER
YEAR: 2023
LATITUDE: 32 19 N
LONGITUDE: 88 45 W
[TEMPERATURE DATA] [PRECIPITATION DATA] SYMBOLS USED IN COLUMN 16
AVERAGE MONTHLY: 66.2 TOTAL FOR MONTH: 1.00 1 = FOG OR MIST
DPTR FM NORMAL: -0.4 DPTR FM NORMAL: -2.86 2 = FOG REDUCING VISIBILITY
HIGHEST: 91 ON 1 GRTST 24HR 0.77 ON 11-12 TO 1/4 MILE OR LESS
LOWEST: 41 ON 17, 9 3 = THUNDER
SNOW, ICE PELLETS, HAIL 4 = ICE PELLETS
TOTAL MONTH: 0.0 INCH 5 = HAIL
GRTST 24HR 0.0 6 = FREEZING RAIN OR DRIZZLE
GRTST DEPTH: 0 7 = DUSTSTORM OR SANDSTORM:
VSBY 1/2 MILE OR LESS
8 = SMOKE OR HAZE
[NO. OF DAYS WITH] [WEATHER - DAYS WITH] 9 = BLOWING SNOW
X = TORNADO
MAX 32 OR BELOW: 0 0.01 INCH OR MORE: 4
MAX 90 OR ABOVE: 1 0.10 INCH OR MORE: 2
MIN 32 OR BELOW: 0 0.50 INCH OR MORE: 1
MIN 0 OR BELOW: 0 1.00 INCH OR MORE: 0
[HDD (BASE 65) ]
TOTAL THIS MO. 65 CLEAR (SCALE 0-3) 22
DPTR FM NORMAL -18 PTCLDY (SCALE 4-7) 6
TOTAL FM JUL 1 65 CLOUDY (SCALE 8-10) 3
DPTR FM NORMAL -20
[CDD (BASE 65) ]
TOTAL THIS MO. 113
DPTR FM NORMAL -19 [PRESSURE DATA]
TOTAL FM JAN 1 2659 HIGHEST SLP 30.31 ON 31
DPTR FM NORMAL 211 LOWEST SLP 29.69 ON 12
[REMARKS]
#FINAL-10-23#