000
CXUS54 KJAN 011451
CF6MEI
PRELIMINARY LOCAL CLIMATOLOGICAL DATA (WS FORM: F-6)
STATION: MERIDIAN
MONTH: AUGUST
YEAR: 2023
LATITUDE: 32 19 N
LONGITUDE: 88 45 W
TEMPERATURE IN F: :PCPN: SNOW: WIND :SUNSHINE: SKY :PK WND
================================================================================
1 2 3 4 5 6A 6B 7 8 9 10 11 12 13 14 15 16 17 18
12Z AVG MX 2MIN
DY MAX MIN AVG DEP HDD CDD WTR SNW DPTH SPD SPD DIR MIN PSBL S-S WX SPD DR
================================================================================
1 95 72 84 1 0 19 0.00 0.0 0 2.3 12 350 M M 2 17 360
2 96 72 84 1 0 19 0.00 0.0 0 2.9 9 90 M M 0 13 120
3 99 74 87 4 0 22 0.00 0.0 0 3.3 12 180 M M 0 15 200
4 99 77 88 5 0 23 0.01 0.0 0 4.5 36 10 M M 0 3 52 10
5 101 74 88 5 0 23 0.01 0.0 0 4.5 16 180 M M 1 3 23 190
6 100 77 89 6 0 24 0.00 0.0 0 5.0 15 240 M M 1 23 280
7 99 76 88 5 0 23 0.00 0.0 0 6.4 16 240 M M 1 24 230
8 84 73 79 -4 0 14 T 0.0 0 3.4 15 340 M M 1 23 340
9 97 73 85 2 0 20 0.00 0.0 0 6.6 16 180 M M 1 25 220
10 94 76 85 2 0 20 0.01 0.0 0 6.0 21 40 M M 2 26 40
11 98 77 88 5 0 23 0.00 0.0 0 5.7 15 240 M M 1 21 260
12 102 79 91 8 0 26 0.00 0.0 0 4.7 10 220 M M 1 15 250
13 101 77 89 6 0 24 0.08 0.0 0 3.3 26 310 M M 1 33 310
14 103 78 91 9 0 26 0.00 0.0 0 3.4 13 180 M M 1 18 190
15 92 69 81 -1 0 16 0.00 0.0 0 7.5 17 360 M M 0 23 360
16 89 65 77 -5 0 12 0.00 0.0 0 4.5 10 340 M M 0 16 320
17 95 63 79 -3 0 14 0.00 0.0 0 2.8 14 260 M M 0 18 270
18 98 65 82 0 0 17 0.00 0.0 0 3.5 12 20 M M 0 17 110
19 99 69 84 2 0 19 0.00 0.0 0 3.5 13 10 M M 0 18 70
20 98 71 85 3 0 20 0.00 0.0 0 4.3 16 90 M M 0 8 30 60
21 99 73 86 4 0 21 0.00 0.0 0 2.7 13 100 M M 1 22 80
22 102 73 88 6 0 23 0.00 0.0 0 3.5 13 10 M M 1 16 360
23 102 75 89 7 0 24 0.00 0.0 0 4.1 15 30 M M 1 19 50
24 103 77 90 8 0 25 0.00 0.0 0 2.9 12 90 M M 0 1 17 80
25 104 76 90 8 0 25 0.00 0.0 0 2.9 13 300 M M 0 18 18 290
26 104 73 89 8 0 24 0.00 0.0 0 2.8 14 60 M M 0 8 19 30
27 101 74 88 7 0 23 0.00 0.0 0 6.8 21 350 M M 0 1 29 360
28 95 74 85 4 0 20 0.54 0.0 0 5.4 24 160 M M 5 13 33 160
29 92 72 82 1 0 17 T 0.0 0 4.4 16 40 M M 5 138 20 60
30 93 71 82 1 0 17 0.00 0.0 0 9.0 20 10 M M 0 26 360
31 92 66 79 -2 0 14 0.00 0.0 0 7.1 14 40 M M 1 19 40
================================================================================
SM 3026 2261 0 637 0.65 0.0 139.7 M 27
================================================================================
AV 97.6 72.9 4.5 FASTST M M 1 MAX(MPH)
MISC ----> 36 10 52 10
================================================================================
NOTES:
# LAST OF SEVERAL OCCURRENCES
COLUMN 17 PEAK WIND IN M.P.H.
PRELIMINARY LOCAL CLIMATOLOGICAL DATA (WS FORM: F-6) , PAGE 2
STATION: MERIDIAN
MONTH: AUGUST
YEAR: 2023
LATITUDE: 32 19 N
LONGITUDE: 88 45 W
[TEMPERATURE DATA] [PRECIPITATION DATA] SYMBOLS USED IN COLUMN 16
AVERAGE MONTHLY: 85.3 TOTAL FOR MONTH: 0.65 1 = FOG OR MIST
DPTR FM NORMAL: 3.1 DPTR FM NORMAL: -3.71 2 = FOG REDUCING VISIBILITY
HIGHEST: 104 ON 26,25 GRTST 24HR 0.54 ON 28-28 TO 1/4 MILE OR LESS
LOWEST: 63 ON 17 3 = THUNDER
SNOW, ICE PELLETS, HAIL 4 = ICE PELLETS
TOTAL MONTH: 0.0 INCH 5 = HAIL
GRTST 24HR 0.0 6 = FREEZING RAIN OR DRIZZLE
GRTST DEPTH: 0 7 = DUSTSTORM OR SANDSTORM:
VSBY 1/2 MILE OR LESS
8 = SMOKE OR HAZE
[NO. OF DAYS WITH] [WEATHER - DAYS WITH] 9 = BLOWING SNOW
X = TORNADO
MAX 32 OR BELOW: 0 0.01 INCH OR MORE: 5
MAX 90 OR ABOVE: 29 0.10 INCH OR MORE: 1
MIN 32 OR BELOW: 0 0.50 INCH OR MORE: 1
MIN 0 OR BELOW: 0 1.00 INCH OR MORE: 0
[HDD (BASE 65) ]
TOTAL THIS MO. 0 CLEAR (SCALE 0-3) 29
DPTR FM NORMAL 0 PTCLDY (SCALE 4-7) 2
TOTAL FM JUL 1 0 CLOUDY (SCALE 8-10) 0
DPTR FM NORMAL 0
[CDD (BASE 65) ]
TOTAL THIS MO. 637
DPTR FM NORMAL 104 [PRESSURE DATA]
TOTAL FM JAN 1 2145 HIGHEST SLP 30.12 ON 21
DPTR FM NORMAL 199 LOWEST SLP 29.72 ON 30
[REMARKS]
#FINAL-08-23#