000
CXUS51 KCLE 021729
CLMMFD
CLIMATE REPORT
NATIONAL WEATHER SERVICE CLEVELAND, OH
1229 PM EST TUE JAN 02 2024
...................................
...THE MANSFIELD OH CLIMATE SUMMARY FOR THE MONTH OF DECEMBER 2023...
CLIMATE NORMAL PERIOD 1991 TO 2020
CLIMATE RECORD PERIOD 1916 TO 2024
WEATHER OBSERVED NORMAL DEPART LAST YEAR`S
VALUE DATE(S) VALUE FROM VALUE
NORMAL
..............................................................
TEMPERATURE (F)
RECORD
HIGH 73 12/03/1982
LOW -17 12/22/1989
HIGHEST 61 12/25
LOWEST 21 12/19
AVG. MAXIMUM 45.5 38.6 6.9 38.9
AVG. MINIMUM 33.7 25.0 8.7 26.2
MEAN 39.6 31.8 7.8 32.6
DAYS MAX >= 90 0 0.0 0.0 0
DAYS MAX <= 32 1 10.5 -9.5 7
DAYS MIN <= 32 16 24.6 -8.6 21
DAYS MIN <= 0 0 0.5 -0.5 2
PRECIPITATION (INCHES)
RECORD
MAXIMUM 11.19 1990
MINIMUM 0.74 1976
TOTALS 2.39 3.02 -0.63 1.32
DAYS >= .01 17 14.3 2.7 12
DAYS >= .10 7 7.1 -0.1 6
DAYS >= .50 1 2.0 -1.0 0
DAYS >= 1.00 0 0.5 -0.5 0
GREATEST
24 HR. TOTAL 0.67 12/26 TO 12/27 0.34
SNOWFALL (INCHES)
RECORDS
TOTAL 28.7 2004
TOTALS 0.7 9.7 -9.0 4.1
SINCE 7/1 1.0 12.5 -11.5 4.7
DAYS >= 1.0 0 2.7 -2.7 1
GREATEST
24 HR TOTAL 0.7 12/18 TO 12/18
DEGREE DAYS
HEATING TOTAL 782 1029 -247 997
SINCE 7/1 1891 2237 -346 2134
COOLING TOTAL 0 0 0 0
SINCE 1/1 617 750 -133 811
..............................................................
WIND (MPH)
AVERAGE WIND SPEED 8.7
HIGHEST WIND SPEED/DIRECTION 29/210 DATE 12/09
HIGHEST GUST SPEED/DIRECTION 46/180 DATE 12/09
SKY COVER
AVERAGE SKY COVER 0.72
AVERAGE RH (PERCENT) 76
WEATHER CONDITIONS. NUMBER OF DAYS WITH
THUNDERSTORM 0 MIXED PRECIP 0
HEAVY RAIN 1 RAIN 3
LIGHT RAIN 13 FREEZING RAIN 0
LT FREEZING RAIN 0 HAIL 0
HEAVY SNOW 0 SNOW 1
LIGHT SNOW 9 SLEET 0
FOG 20 FOG W/VIS <= 1/4 MILE 6
HAZE 2
- INDICATES NEGATIVE NUMBERS.
R INDICATES RECORD WAS SET OR TIED.
MM INDICATES DATA IS MISSING.
T INDICATES TRACE AMOUNT.
$$