000
CXUS54 KBRO 010800
CF6MFE
PRELIMINARY LOCAL CLIMATOLOGICAL DATA (WS FORM: F-6)
STATION: MCALLEN
MONTH: OCTOBER
YEAR: 2021
LATITUDE: 26 10 N
LONGITUDE: 98 14 W
TEMPERATURE IN F: :PCPN: SNOW: WIND :SUNSHINE: SKY :PK WND
================================================================================
1 2 3 4 5 6A 6B 7 8 9 10 11 12 13 14 15 16 17 18
12Z AVG MX 2MIN
DY MAX MIN AVG DEP HDD CDD WTR SNW DPTH SPD SPD DIR MIN PSBL S-S WX SPD DR
================================================================================
1 93 73 83 1 0 18 0.01 0.0 0 8.2 23 50 M M 4 1 31 50
2 92 72 82 0 0 17 T 0.0 0 4.5 21 30 M M 1 34 40
3 94 75 85 3 0 20 0.01 0.0 0 5.6 20 80 M M 3 1 26 90
4 94 74 84 2 0 19 T 0.0 0 5.8 14 40 M M 2 19 50
5 94 68 81 -1 0 16 0.00 0.0 0 5.6 15 10 M M 0 8 23 60
6 92 64 78 -4 0 13 0.00 0.0 0 5.1 16 100 M M 0 20 90
7 92 66 79 -2 0 14 0.00 0.0 0 5.1 13 90 M M 0 18 80
8 92 65 79 -2 0 14 0.00 0.0 0 6.1 15 100 M M 0 1 20 110
9 94 67 81 0 0 16 0.00 0.0 0 8.1 20 140 M M 1 26 150
10 97 76 87 6 0 22 0.00 0.0 0 17.2 29 140 M M 3 39 170
11 95 78 87 7 0 22 0.00 0.0 0 10.9 18 160 M M 7 18 26 170
12 97 80 89 9 0 24 0.00 0.0 0 15.0 28 130 M M 7 18 38 130
13 94 79 87 7 0 22 0.00 0.0 0 17.3 29 140 M M 9 1 39 130
14 97 80 89 9 0 24 0.00 0.0 0 11.4 20 90 M M 7 18 26 100
15 97 74 86 6 0 21 0.23 0.0 0 9.1 35 350 M M 4 13 45 360
16 81 62 72 -7 0 7 0.00 0.0 0 11.7 22 340 M M 6 32 340
17 82 59 71 -8 0 6 0.00 0.0 0 7.2 14 10 M M 1 20 10
18 86 59 73 -6 0 8 0.00 0.0 0 6.8 14 90 M M 0 19 100
19 90 64 77 -1 0 12 0.00 0.0 0 9.8 20 130 M M 2 26 140
20 93 71 82 4 0 17 0.00 0.0 0 8.2 17 120 M M 1 22 130
21 94 71 83 5 0 18 0.00 0.0 0 6.0 17 90 M M 1 23 80
22 94 71 83 5 0 18 0.04 0.0 0 6.2 21 80 M M 3 3 32 80
23 92 67 80 3 0 15 0.00 0.0 0 6.9 17 130 M M 1 1 23 120
24 94 71 83 6 0 18 0.00 0.0 0 9.4 17 140 M M 1 12 23 130
25 93 73 83 6 0 18 0.00 0.0 0 8.2 16 140 M M 4 128 22 140
26 95 78 87 11 0 22 0.00 0.0 0 16.5 28 130 M M 7 18 37 130
27 97 66 82 6 0 17 0.00 0.0 0 15.0 29 350 M M 4 18 39 340
28 90 59 75 -1 0 10 0.00 0.0 0 6.9 20 320 M M 0 29 310
29 89 54 72 -3 0 7 0.00 0.0 0 6.5 22 310 M M 0 29 290
30 90 51 71 -4 0 6 0.00 0.0 0 3.6 14 100 M M 0 19 120
31 M M M M M M M M M M M M M M M M M
================================================================================
SM 2774 2067 0 481 0.29 0.0 263.9 M 79
================================================================================
AV 92.5 68.9 8.8 FASTST M M 3 MAX(MPH)
MISC ----> 35 350 45 360
================================================================================
NOTES:
# LAST OF SEVERAL OCCURRENCES
COLUMN 17 PEAK WIND IN M.P.H.
PRELIMINARY LOCAL CLIMATOLOGICAL DATA (WS FORM: F-6) , PAGE 2
STATION: MCALLEN
MONTH: OCTOBER
YEAR: 2021
LATITUDE: 26 10 N
LONGITUDE: 98 14 W
[TEMPERATURE DATA] [PRECIPITATION DATA] SYMBOLS USED IN COLUMN 16
AVERAGE MONTHLY: 80.7 TOTAL FOR MONTH: 0.29 1 = FOG OR MIST
DPTR FM NORMAL: 1.7 DPTR FM NORMAL: -1.81 2 = FOG REDUCING VISIBILITY
HIGHEST: 97 ON 27,15 GRTST 24HR 0.23 ON 15-15 TO 1/4 MILE OR LESS
LOWEST: 51 ON 30 3 = THUNDER
SNOW, ICE PELLETS, HAIL 4 = ICE PELLETS
TOTAL MONTH: 0.0 INCH 5 = HAIL
GRTST 24HR 0.0 6 = FREEZING RAIN OR DRIZZLE
GRTST DEPTH: 0 7 = DUSTSTORM OR SANDSTORM:
VSBY 1/2 MILE OR LESS
8 = SMOKE OR HAZE
[NO. OF DAYS WITH] [WEATHER - DAYS WITH] 9 = BLOWING SNOW
X = TORNADO
MAX 32 OR BELOW: 0 0.01 INCH OR MORE: 4
MAX 90 OR ABOVE: 26 0.10 INCH OR MORE: 1
MIN 32 OR BELOW: 0 0.50 INCH OR MORE: 0
MIN 0 OR BELOW: 0 1.00 INCH OR MORE: 0
[HDD (BASE 65) ]
TOTAL THIS MO. 0 CLEAR (SCALE 0-3) 20
DPTR FM NORMAL -4 PTCLDY (SCALE 4-7) 9
TOTAL FM JUL 1 0 CLOUDY (SCALE 8-10) 1
DPTR FM NORMAL -1
[CDD (BASE 65) ]
TOTAL THIS MO. 481
DPTR FM NORMAL 43 [PRESSURE DATA]
TOTAL FM JAN 1 4315 HIGHEST SLP M ON M
DPTR FM NORMAL -365 LOWEST SLP 29.58 ON 27
[REMARKS]
#FINAL-10-21#