000
CXUS53 KEAX 010836
CF6MKC
PRELIMINARY LOCAL CLIMATOLOGICAL DATA (WS FORM: F-6)
STATION: DOWNTOWN KANSAS CITY MO
MONTH: FEBRUARY
YEAR: 2023
LATITUDE: 39 7 N
LONGITUDE: 94 36 W
TEMPERATURE IN F: :PCPN: SNOW: WIND :SUNSHINE: SKY :PK WND
================================================================================
1 2 3 4 5 6A 6B 7 8 9 10 11 12 13 14 15 16 17 18
12Z AVG MX 2MIN
DY MAX MIN AVG DEP HDD CDD WTR SNW DPTH SPD SPD DIR MIN PSBL S-S WX SPD DR
================================================================================
1 39 11 25 -7 40 0 0.00 M M 6.8 14 210 M M 0 20 200
2 51 15 33 1 32 0 0.00 M M 9.6 22 350 M M 0 29 350
3 35 8 22 -10 43 0 0.00 M M 6.3 13 160 M M 0 19 120
4 54 30 42 9 23 0 0.00 M M 14.3 25 210 M M 0 37 210
5 62 27 45 12 20 0 0.00 M M 4.3 13 230 M M 0 16 220
6 71 30 51 18 14 0 0.00 M M 12.6 31 190 M M 1 48 200
7 54 28 41 8 24 0 0.00 M M 5.8 13 290 M M 0 20 300
8 45 23 34 0 31 0 0.19 M M 5.3 15 360 M M 6 1 21 360
9 40 32 36 2 29 0 0.89 M M 10.4 18 290 M M 10 13 31 320
10 36 22 29 -5 36 0 0.00 M M 6.5 16 330 M M 2 23 330
11 50 20 35 1 30 0 0.00 M M 2.5 10 200 M M 0 14 220
12 63 29 46 11 19 0 0.00 M M 7.6 22 210 M M 0 28 200
13 61 26 44 9 21 0 0.00 M M 5.2 12 160 M M 0 16 170
14 55 43 49 14 16 0 0.29 M M 12.4 39 210 M M 8 13 56 200
15 43 33 38 2 27 0 0.00 M M 11.2 22 270 M M 9 35 260
16 33 20 27 -9 38 0 T M M 10.1 18 320 M M 8 13 28 320
17 46 14 30 -6 35 0 0.00 M M 7.2 17 210 M M 0 26 200
18 58 32 45 8 20 0 0.00 M M 15.2 29 200 M M 1 38 200
19 58 34 46 9 19 0 T M M 8.0 23 210 M M 1 34 180
20 63 28 46 9 19 0 0.00 M M 4.9 18 280 M M 1 1 30 290
21 61 31 46 8 19 0 0.00 M M 7.9 18 130 M M 1 34 130
22 67 32 50 12 15 0 0.02 M M 12.0 28 160 M M 6 1 44 170
23 32 17 25 -13 40 0 0.00 M M 12.6 23 290 M M 2 32 280
24 31 13 22 -17 43 0 0.03 M M 7.9 16 90 M M 5 16 24 100
25 48 21 35 -4 30 0 0.00 M M 5.6 13 210 M M 2 17 200
26 61 33 47 7 18 0 0.01 M M 6.3 18 150 M M 8 138 26 150
27 65 45 55 15 10 0 0.42 M M 14.5 32 200 M M 5 13 51 200
28 66 36 51 11 14 0 0.00 M M 6.2 15 70 M M 0 24 100
================================================================================
SM 1448 733 725 0 1.85 M 239.2 M 76
================================================================================
AV 51.7 26.2 8.5 FASTST M M 3 MAX(MPH)
MISC ----> 39 210 56 200
================================================================================
NOTES:
# LAST OF SEVERAL OCCURRENCES
COLUMN 17 PEAK WIND IN M.P.H.
PRELIMINARY LOCAL CLIMATOLOGICAL DATA (WS FORM: F-6) , PAGE 2
STATION: DOWNTOWN KANSAS CITY MO
MONTH: FEBRUARY
YEAR: 2023
LATITUDE: 39 7 N
LONGITUDE: 94 36 W
[TEMPERATURE DATA] [PRECIPITATION DATA] SYMBOLS USED IN COLUMN 16
AVERAGE MONTHLY: 38.9 TOTAL FOR MONTH: 1.85 1 = FOG OR MIST
DPTR FM NORMAL: 3.1 DPTR FM NORMAL: 0.32 2 = FOG REDUCING VISIBILITY
HIGHEST: 71 ON 6 GRTST 24HR 1.08 ON 8- 9 TO 1/4 MILE OR LESS
LOWEST: 8 ON 3 3 = THUNDER
SNOW, ICE PELLETS, HAIL 4 = ICE PELLETS
TOTAL MONTH: M 5 = HAIL
GRTST 24HR M ON M 6 = FREEZING RAIN OR DRIZZLE
GRTST DEPTH: M ON M 7 = DUSTSTORM OR SANDSTORM:
VSBY 1/2 MILE OR LESS
8 = SMOKE OR HAZE
[NO. OF DAYS WITH] [WEATHER - DAYS WITH] 9 = BLOWING SNOW
X = TORNADO
MAX 32 OR BELOW: 2 0.01 INCH OR MORE: 7
MAX 90 OR ABOVE: 0 0.10 INCH OR MORE: 4
MIN 32 OR BELOW: 22 0.50 INCH OR MORE: 1
MIN 0 OR BELOW: 0 1.00 INCH OR MORE: 0
[HDD (BASE 65) ]
TOTAL THIS MO. 725 CLEAR (SCALE 0-3) 19
DPTR FM NORMAL -94 PTCLDY (SCALE 4-7) 6
TOTAL FM JUL 1 3511 CLOUDY (SCALE 8-10) 3
DPTR FM NORMAL -154
[CDD (BASE 65) ]
TOTAL THIS MO. 0
DPTR FM NORMAL 0 [PRESSURE DATA]
TOTAL FM JAN 1 0 HIGHEST SLP 30.69 ON 3
DPTR FM NORMAL 0 LOWEST SLP 29.02 ON 27
[REMARKS]
#FINAL-02-23#