000
CXHW52 PHFO 011250
CF6MKK
PRELIMINARY LOCAL CLIMATOLOGICAL DATA (WS FORM: F-6)
STATION: MOLOKAI HI
MONTH: NOVEMBER
YEAR: 2022
LATITUDE: 21 8 N
LONGITUDE: 157 6 W
TEMPERATURE IN F: :PCPN: SNOW: WIND :SUNSHINE: SKY :PK WND
================================================================================
1 2 3 4 5 6A 6B 7 8 9 10 11 12 13 14 15 16 17 18
12Z AVG MX 2MIN
DY MAX MIN AVG DEP HDD CDD WTR SNW DPTH SPD SPD DIR MIN PSBL S-S WX SPD DR
================================================================================
1 84 75 80 3 0 15 0.00 M M 12.5 22 40 M M 0 33 60
2 86 73 80 3 0 15 T M M 7.6 16 30 M M 1 26 40
3 87 71 79 2 0 14 0.00 M M 7.8 17 40 M M 0 25 50
4 88 70 79 2 0 14 0.00 M M 6.5 17 160 M M 3 22 150
5 86 72 79 2 0 14 0.00 M M 10.4 20 40 M M 3 30 40
6 85 66 76 -1 0 11 0.00 M M 9.5 23 50 M M 0 31 50
7 85 74 80 3 0 15 0.00 M M 12.7 22 40 M M 0 33 40
8 85 74 80 3 0 15 T M M 13.0 22 60 M M 2 32 60
9 84 73 79 2 0 14 T M M 12.1 23 30 M M 3 32 30
10 81 68 75 -2 0 10 0.00 M M 8.9 21 10 M M 3 31 10
11 81 71 76 0 0 11 0.04 M M 11.4 20 350 M M 7 29 360
12 80 69 75 -1 0 10 0.07 M M 9.7 20 30 M M 6 18 29 40
13 83 71 77 1 0 12 T M M 8.8 21 30 M M 4 32 30
14 83 71 77 1 0 12 0.08 M M 9.7 21 40 M M 3 1 30 40
15 80 67 74 -2 0 9 0.01 M M 8.4 17 50 M M 5 1 26 50
16 83 65 74 -2 0 9 T M M 9.3 18 40 M M 1 28 50
17 84 71 78 2 0 13 T M M 7.4 14 40 M M 2 19 40
18 87 68 78 2 0 13 T M M 8.2 21 50 M M 2 27 50
19 83 74 79 3 0 14 T M M 13.3 23 60 M M 3 33 40
20 81 73 77 1 0 12 0.09 M M 12.5 25 50 M M 5 8 38 40
21 82 72 77 1 0 12 0.03 M M 15.1 26 50 M M 5 36 50
22 82 72 77 1 0 12 0.02 M M 13.5 24 50 M M 3 32 50
23 81 71 76 0 0 11 0.00 M M 9.5 21 60 M M 6 30 60
24 77 68 73 -3 0 8 0.09 M M 15.0 29 360 M M 6 1 38 10
25 78 66 72 -4 0 7 0.04 M M 13.8 22 30 M M 3 1 32 30
26 78 66 72 -3 0 7 0.08 M M 8.2 15 360 M M 8 1 20 40
27 81 67 74 -1 0 9 0.00 M M 4.4 12 10 M M 4 19 60
28 72 69 71 -4 0 6 0.22 M M 2.5 9 310 M M 6 1 25 210
29 82 67 75 0 0 10 T M M 4.3 13 320 M M 2 22 350
30 81 70 76 1 0 11 0.01 M M 6.9 16 350 M M 4 22 360
================================================================================
SM 2470 2104 0 345 0.78 M 292.9 M 100
================================================================================
AV 82.3 70.1 9.8 FASTST M M 3 MAX(MPH)
MISC ----> 29 360 # 38 40
================================================================================
NOTES:
# LAST OF SEVERAL OCCURRENCES
COLUMN 17 PEAK WIND IN M.P.H.
PRELIMINARY LOCAL CLIMATOLOGICAL DATA (WS FORM: F-6) , PAGE 2
STATION: MOLOKAI HI
MONTH: NOVEMBER
YEAR: 2022
LATITUDE: 21 8 N
LONGITUDE: 157 6 W
[TEMPERATURE DATA] [PRECIPITATION DATA] SYMBOLS USED IN COLUMN 16
AVERAGE MONTHLY: 76.2 TOTAL FOR MONTH: 0.78 1 = FOG OR MIST
DPTR FM NORMAL: 0.0 DPTR FM NORMAL: -1.89 2 = FOG REDUCING VISIBILITY
HIGHEST: 88 ON 4 GRTST 24HR 0.22 ON 28-28 TO 1/4 MILE OR LESS
LOWEST: 65 ON 16 3 = THUNDER
SNOW, ICE PELLETS, HAIL 4 = ICE PELLETS
TOTAL MONTH: M 5 = HAIL
GRTST 24HR M ON M 6 = FREEZING RAIN OR DRIZZLE
GRTST DEPTH: M ON M 7 = DUSTSTORM OR SANDSTORM:
VSBY 1/2 MILE OR LESS
8 = SMOKE OR HAZE
[NO. OF DAYS WITH] [WEATHER - DAYS WITH] 9 = BLOWING SNOW
X = TORNADO
MAX 32 OR BELOW: 0 0.01 INCH OR MORE: 12
MAX 90 OR ABOVE: 0 0.10 INCH OR MORE: 1
MIN 32 OR BELOW: 0 0.50 INCH OR MORE: 0
MIN 0 OR BELOW: 0 1.00 INCH OR MORE: 0
[HDD (BASE 65) ]
TOTAL THIS MO. 0 CLEAR (SCALE 0-3) 14
DPTR FM NORMAL 0 PTCLDY (SCALE 4-7) 16
TOTAL FM JUL 1 0 CLOUDY (SCALE 8-10) 0
DPTR FM NORMAL 0
[CDD (BASE 65) ]
TOTAL THIS MO. 345
DPTR FM NORMAL 9 [PRESSURE DATA]
TOTAL FM JAN 1 3816 HIGHEST SLP 30.19 ON 21
DPTR FM NORMAL 100 LOWEST SLP 29.91 ON 30
[REMARKS]
#FINAL-11-22#