000
CXHW52 PHFO 011250
CF6MKK
PRELIMINARY LOCAL CLIMATOLOGICAL DATA (WS FORM: F-6)
STATION: MOLOKAI HI
MONTH: JUNE
YEAR: 2022
LATITUDE: 21 8 N
LONGITUDE: 157 6 W
TEMPERATURE IN F: :PCPN: SNOW: WIND :SUNSHINE: SKY :PK WND
================================================================================
1 2 3 4 5 6A 6B 7 8 9 10 11 12 13 14 15 16 17 18
12Z AVG MX 2MIN
DY MAX MIN AVG DEP HDD CDD WTR SNW DPTH SPD SPD DIR MIN PSBL S-S WX SPD DR
================================================================================
1 83 69 76 -1 0 11 T M M 10.9 23 50 M M 1 30 50
2 81 63 72 -5 0 7 0.00 M M 9.7 22 50 M M 2 31 50
3 82 70 76 -1 0 11 0.00 M M 10.1 20 30 M M 2 29 360
4 82 71 77 0 0 12 0.00 M M 9.8 20 40 M M 1 27 30
5 84 71 78 0 0 13 0.00 M M 8.1 16 350 M M 3 22 340
6 87 66 77 -1 0 12 0.00 M M 7.1 17 50 M M 1 25 30
7 86 67 77 -1 0 12 0.00 M M 8.2 18 40 M M 1 25 30
8 86 68 77 -1 0 12 0.00 M M 6.7 17 60 M M 1 23 10
9 85 61 73 -5 0 8 0.00 M M 6.3 17 50 M M 2 23 50
10 84 64 74 -4 0 9 0.00 M M 11.2 24 30 M M 2 8 32 40
11 84 72 78 0 0 13 T M M 13.6 25 40 M M 4 35 50
12 83 73 78 0 0 13 T M M 15.9 28 50 M M 4 1 40 40
13 84 73 79 1 0 14 T M M 15.8 26 40 M M 1 40 50
14 84 73 79 1 0 14 T M M 14.1 28 30 M M 4 40 50
15 83 73 78 0 0 13 T M M 11.3 20 20 M M 5 18 29 40
16 85 73 79 1 0 14 0.00 M M 11.1 25 50 M M 3 35 60
17 86 73 80 2 0 15 0.00 M M 10.1 23 50 M M 5 30 50
18 89 71 80 2 0 15 0.00 M M 9.3 22 50 M M 2 27 50
19 88 73 81 3 0 16 0.00 M M 10.9 21 50 M M 1 26 40
20 85 71 78 0 0 13 T M M 10.6 25 50 M M 3 31 50
21 84 72 78 0 0 13 0.00 M M 11.9 23 60 M M 2 31 50
22 85 73 79 1 0 14 0.00 M M 13.3 24 50 M M 3 33 70
23 84 72 78 0 0 13 0.00 M M 12.5 24 60 M M 3 34 50
24 83 68 76 -3 0 11 0.03 M M 9.9 20 30 M M 5 1 27 30
25 83 68 76 -3 0 11 T M M 9.2 18 60 M M 7 25 60
26 85 70 78 -1 0 13 0.00 M M 7.4 17 30 M M 4 23 10
27 85 70 78 -1 0 13 T M M 12.0 23 50 M M 2 29 50
28 84 73 79 0 0 14 T M M 14.0 28 50 M M 2 34 50
29 85 73 79 0 0 14 T M M 12.4 29 70 M M 3 39 70
30 86 74 80 1 0 15 T M M 13.3 28 50 M M 1 37 50
================================================================================
SM 2535 2108 0 378 0.03 M 326.7 M 80
================================================================================
AV 84.5 70.3 10.9 FASTST M M 3 MAX(MPH)
MISC ----> 29 70 # 40 40
================================================================================
NOTES:
# LAST OF SEVERAL OCCURRENCES
COLUMN 17 PEAK WIND IN M.P.H.
PRELIMINARY LOCAL CLIMATOLOGICAL DATA (WS FORM: F-6) , PAGE 2
STATION: MOLOKAI HI
MONTH: JUNE
YEAR: 2022
LATITUDE: 21 8 N
LONGITUDE: 157 6 W
[TEMPERATURE DATA] [PRECIPITATION DATA] SYMBOLS USED IN COLUMN 16
AVERAGE MONTHLY: 77.4 TOTAL FOR MONTH: 0.03 1 = FOG OR MIST
DPTR FM NORMAL: -0.7 DPTR FM NORMAL: -0.58 2 = FOG REDUCING VISIBILITY
HIGHEST: 89 ON 18 GRTST 24HR 0.03 ON 24-24 TO 1/4 MILE OR LESS
LOWEST: 61 ON 9 3 = THUNDER
SNOW, ICE PELLETS, HAIL 4 = ICE PELLETS
TOTAL MONTH: M 5 = HAIL
GRTST 24HR M ON M 6 = FREEZING RAIN OR DRIZZLE
GRTST DEPTH: M ON M 7 = DUSTSTORM OR SANDSTORM:
VSBY 1/2 MILE OR LESS
8 = SMOKE OR HAZE
[NO. OF DAYS WITH] [WEATHER - DAYS WITH] 9 = BLOWING SNOW
X = TORNADO
MAX 32 OR BELOW: 0 0.01 INCH OR MORE: 1
MAX 90 OR ABOVE: 0 0.10 INCH OR MORE: 0
MIN 32 OR BELOW: 0 0.50 INCH OR MORE: 0
MIN 0 OR BELOW: 0 1.00 INCH OR MORE: 0
[HDD (BASE 65) ]
TOTAL THIS MO. 0 CLEAR (SCALE 0-3) 19
DPTR FM NORMAL 0 PTCLDY (SCALE 4-7) 11
TOTAL FM JUL 1 0 CLOUDY (SCALE 8-10) 0
DPTR FM NORMAL 0
[CDD (BASE 65) ]
TOTAL THIS MO. 378
DPTR FM NORMAL -15 [PRESSURE DATA]
TOTAL FM JAN 1 1718 HIGHEST SLP 30.16 ON 13
DPTR FM NORMAL 97 LOWEST SLP 29.96 ON 24
[REMARKS]
#FINAL-06-22#