000
CXHW52 PHFO 011250
CF6MKK
PRELIMINARY LOCAL CLIMATOLOGICAL DATA (WS FORM: F-6)
STATION: MOLOKAI HI
MONTH: FEBRUARY
YEAR: 2021
LATITUDE: 21 8 N
LONGITUDE: 157 6 W
TEMPERATURE IN F: :PCPN: SNOW: WIND :SUNSHINE: SKY :PK WND
================================================================================
1 2 3 4 5 6A 6B 7 8 9 10 11 12 13 14 15 16 17 18
12Z AVG MX 2MIN
DY MAX MIN AVG DEP HDD CDD WTR SNW DPTH SPD SPD DIR MIN PSBL S-S WX SPD DR
================================================================================
1 77 65 71 1 0 6 0.01 M M 7.4 17 40 M M 3 8 25 60
2 79 60 70 0 0 5 0.14 M M 5.9 15 120 M M 2 22 140
3 75 67 71 1 0 6 0.57 M M 12.6 29 170 M M 8 18 42 170
4 73 64 69 -1 0 4 T M M 10.2 18 320 M M 3 24 300
5 75 60 68 -2 0 3 0.00 M M 6.8 14 330 M M 3 19 330
6 77 55 66 -4 0 1 0.00 M M 4.2 14 310 M M 2 19 320
7 78 58 68 -2 0 3 0.00 M M 5.9 14 340 M M 3 19 340
8 79 57 68 -2 0 3 T M M 8.5 21 180 M M 4 26 170
9 76 67 72 2 0 7 T M M 12.5 21 360 M M 5 27 10
10 77 68 73 3 0 8 0.00 M M 10.6 20 60 M M 4 29 50
11 80 65 73 3 0 8 0.00 M M 8.1 17 10 M M 1 25 360
12 80 65 73 3 0 8 0.00 M M 9.7 22 120 M M 2 29 120
13 82 67 75 5 0 10 T M M 9.9 21 50 M M 3 29 50
14 83 65 74 4 0 9 0.00 M M 5.6 15 180 M M 3 18 180
15 82 66 74 4 0 9 T M M 7.2 16 170 M M 5 21 170
16 82 63 73 3 0 8 0.00 M M 4.5 12 60 M M 1 17 50
17 79 67 73 3 0 8 T M M 9.0 20 30 M M 4 26 30
18 74 68 71 1 0 6 0.67 M M 8.4 18 50 M M 6 1 25 50
19 80 71 76 6 0 11 0.00 M M 11.9 23 50 M M 2 31 30
20 82 69 76 6 0 11 0.00 M M 9.6 17 40 M M 1 25 60
21 83 69 76 6 0 11 0.00 M M 8.8 23 50 M M 3 29 50
22 81 66 74 4 0 9 0.00 M M 12.4 24 50 M M 0 33 50
23 83 70 77 7 0 12 0.00 M M 10.8 22 60 M M 1 29 50
24 83 70 77 7 0 12 0.00 M M 12.0 24 50 M M 1 34 30
25 83 71 77 7 0 12 0.00 M M 11.1 22 50 M M 0 31 50
26 83 71 77 7 0 12 0.00 M M 15.1 24 50 M M 1 34 60
27 80 69 75 5 0 10 0.01 M M 16.1 28 50 M M 5 37 50
28 79 69 74 4 0 9 0.04 M M 16.6 26 50 M M 4 38 60
================================================================================
SM 2225 1842 0 221 1.44 M 271.4 M 80
================================================================================
AV 79.5 65.8 9.7 FASTST M M 3 MAX(MPH)
MISC ----> 29 170 42 170
================================================================================
NOTES:
# LAST OF SEVERAL OCCURRENCES
COLUMN 17 PEAK WIND IN M.P.H.
PRELIMINARY LOCAL CLIMATOLOGICAL DATA (WS FORM: F-6) , PAGE 2
STATION: MOLOKAI HI
MONTH: FEBRUARY
YEAR: 2021
LATITUDE: 21 8 N
LONGITUDE: 157 6 W
[TEMPERATURE DATA] [PRECIPITATION DATA] SYMBOLS USED IN COLUMN 16
AVERAGE MONTHLY: 72.6 TOTAL FOR MONTH: 1.44 1 = FOG OR MIST
DPTR FM NORMAL: 2.4 DPTR FM NORMAL: -1.75 2 = FOG REDUCING VISIBILITY
HIGHEST: 83 ON 26,25 GRTST 24HR 0.71 ON 2- 3 TO 1/4 MILE OR LESS
LOWEST: 55 ON 6 3 = THUNDER
SNOW, ICE PELLETS, HAIL 4 = ICE PELLETS
TOTAL MONTH: M 5 = HAIL
GRTST 24HR M ON M 6 = FREEZING RAIN OR DRIZZLE
GRTST DEPTH: M ON M 7 = DUSTSTORM OR SANDSTORM:
VSBY 1/2 MILE OR LESS
8 = SMOKE OR HAZE
[NO. OF DAYS WITH] [WEATHER - DAYS WITH] 9 = BLOWING SNOW
X = TORNADO
MAX 32 OR BELOW: 0 0.01 INCH OR MORE: 6
MAX 90 OR ABOVE: 0 0.10 INCH OR MORE: 3
MIN 32 OR BELOW: 0 0.50 INCH OR MORE: 2
MIN 0 OR BELOW: 0 1.00 INCH OR MORE: 0
[HDD (BASE 65) ]
TOTAL THIS MO. 0 CLEAR (SCALE 0-3) 18
DPTR FM NORMAL -1 PTCLDY (SCALE 4-7) 9
TOTAL FM JUL 1 0 CLOUDY (SCALE 8-10) 1
DPTR FM NORMAL -1
[CDD (BASE 65) ]
TOTAL THIS MO. 221
DPTR FM NORMAL 73 [PRESSURE DATA]
TOTAL FM JAN 1 549 HIGHEST SLP 30.21 ON 28
DPTR FM NORMAL 236 LOWEST SLP 29.80 ON 3
[REMARKS]
#FINAL-02-21#