000
CXUS54 KMEG 010900
CF6MKL
PRELIMINARY LOCAL CLIMATOLOGICAL DATA (WS FORM: F-6)
STATION: JACKSON
MONTH: MARCH
YEAR: 2023
LATITUDE: 35 35 N
LONGITUDE: 88 55 W
TEMPERATURE IN F: :PCPN: SNOW: WIND :SUNSHINE: SKY :PK WND
================================================================================
1 2 3 4 5 6A 6B 7 8 9 10 11 12 13 14 15 16 17 18
12Z AVG MX 2MIN
DY MAX MIN AVG DEP HDD CDD WTR SNW DPTH SPD SPD DIR MIN PSBL S-S WX SPD DR
================================================================================
1 76 57 67 21 0 2 1.29 M M 8.8 22 290 M M 5 13 28 290
2 63 56 60 13 5 0 0.33 M M 5.5 16 330 M M 9 13 21 120
3 70 49 60 13 5 0 0.36 M M 9.2 47 250 M M 9 13 62 240
4 62 42 52 5 13 0 0.00 M M 4.4 13 30 M M 4 16 30
5 72 36 54 6 11 0 0.00 M M 3.1 12 240 M M 0 16 110
6 79 45 62 14 3 0 0.00 M M 7.8 20 230 M M 0 26 230
7 66 50 58 10 7 0 0.00 M M 10.3 17 30 M M 0 24 90
8 54 46 50 2 15 0 0.12 M M 6.8 16 90 M M 6 22 340
9 58 44 51 2 14 0 0.21 M M 4.8 21 330 M M 9 1 27 330
10 55 39 47 -2 18 0 0.00 M M 10.1 18 340 M M 5 1 23 340
11 52 36 44 -5 21 0 0.67 M M 6.3 14 90 M M 5 13 19 160
12 50 42 46 -4 19 0 T M M 10.5 16 350 M M 8 1 21 350
13 44 31 38 -12 27 0 0.00 M M 9.7 18 320 M M 3 23 350
14 47 25 36 -14 29 0 0.00 M M 6.0 16 350 M M 2 21 310
15 58 22 40 -11 25 0 0.00 M M 3.5 12 110 M M 0 14 120
16 70 40 55 4 10 0 0.31 M M 9.4 22 180 M M 6 1 30 200
17 M 31 M M M M M M M 10.5 22 200 M M 4 1 30 200
18 46 26 36 -16 29 0 0.00 M M 11.5 24 320 M M 2 31 330
19 40 21 31 -21 34 0 0.00 M M 7.4 18 360 M M 2 23 350
20 53 17 35 -17 30 0 0.00 M M 3.6 14 240 M M 0 17 240
21 53 33 43 -9 22 0 0.25 M M 5.4 16 200 M M 8 1 20 190
22 67 47 57 4 8 0 0.17 M M 8.4 14 190 M M 8 1 20 190
23 77 59 68 15 0 3 0.00 M M 9.1 18 200 M M 6 26 210
24 76 57 67 14 0 2 0.84 M M 10.8 37 340 M M 7 138 47 330
25 66 47 57 3 8 0 0.00 M M 8.7 18 260 M M 2 26 280
26 79 46 63 9 2 0 0.00 M M 3.3 13 240 M M 0 16 250
27 65 47 56 2 9 0 0.00 M M 9.9 25 350 M M 0 33 360
28 60 37 49 -5 16 0 T M M 10.0 24 350 M M 3 30 360
29 64 30 47 -8 18 0 0.00 M M 1.9 8 140 M M 0 1 10 300
30 75 36 56 1 9 0 0.04 M M 5.3 16 210 M M 4 23 180
31 76 60 68 13 0 3 0.15 M M 15.1 33 180 M M 7 13 48 180
================================================================================
SM 1873 1254 407 10 4.74 M 237.1 M 124
================================================================================
AV 62.4 40.5 7.6 FASTST M M 4 MAX(MPH)
MISC ----> 47 250 62 240
================================================================================
NOTES:
# LAST OF SEVERAL OCCURRENCES
COLUMN 17 PEAK WIND IN M.P.H.
PRELIMINARY LOCAL CLIMATOLOGICAL DATA (WS FORM: F-6) , PAGE 2
STATION: JACKSON
MONTH: MARCH
YEAR: 2023
LATITUDE: 35 35 N
LONGITUDE: 88 55 W
[TEMPERATURE DATA] [PRECIPITATION DATA] SYMBOLS USED IN COLUMN 16
AVERAGE MONTHLY: 51.4 TOTAL FOR MONTH: 4.74 1 = FOG OR MIST
DPTR FM NORMAL: 0.5 DPTR FM NORMAL: -0.81 2 = FOG REDUCING VISIBILITY
HIGHEST: 79 ON 26, 6 GRTST 24HR 1.32 ON 1- 2 TO 1/4 MILE OR LESS
LOWEST: 17 ON 20 3 = THUNDER
SNOW, ICE PELLETS, HAIL 4 = ICE PELLETS
TOTAL MONTH: M 5 = HAIL
GRTST 24HR M ON M 6 = FREEZING RAIN OR DRIZZLE
GRTST DEPTH: M ON M 7 = DUSTSTORM OR SANDSTORM:
VSBY 1/2 MILE OR LESS
8 = SMOKE OR HAZE
[NO. OF DAYS WITH] [WEATHER - DAYS WITH] 9 = BLOWING SNOW
X = TORNADO
MAX 32 OR BELOW: 0 0.01 INCH OR MORE: 12
MAX 90 OR ABOVE: 0 0.10 INCH OR MORE: 11
MIN 32 OR BELOW: 8 0.50 INCH OR MORE: 3
MIN 0 OR BELOW: 0 1.00 INCH OR MORE: 1
[HDD (BASE 65) ]
TOTAL THIS MO. 407 CLEAR (SCALE 0-3) 14
DPTR FM NORMAL -40 PTCLDY (SCALE 4-7) 12
TOTAL FM JUL 1 2890 CLOUDY (SCALE 8-10) 5
DPTR FM NORMAL -393
[CDD (BASE 65) ]
TOTAL THIS MO. 10
DPTR FM NORMAL 0 [PRESSURE DATA]
TOTAL FM JAN 1 16 HIGHEST SLP 30.50 ON 19
DPTR FM NORMAL 5 LOWEST SLP 29.08 ON 3
[REMARKS]
#FINAL-03-23#