000
CXUS54 KMEG 020142
CF6MKL
PRELIMINARY LOCAL CLIMATOLOGICAL DATA (WS FORM: F-6)
STATION: JACKSON
MONTH: OCTOBER
YEAR: 2020
LATITUDE: 35 35 N
LONGITUDE: 88 55 W
TEMPERATURE IN F: :PCPN: SNOW: WIND :SUNSHINE: SKY :PK WND
================================================================================
1 2 3 4 5 6A 6B 7 8 9 10 11 12 13 14 15 16 17 18
12Z AVG MX 2MIN
DY MAX MIN AVG DEP HDD CDD WTR SNW DPTH SPD SPD DIR MIN PSBL S-S WX SPD DR
================================================================================
1 75 45 60 -6 5 0 0.00 0.0 0 5.2 17 350 M M 0 23 350
2 67 39 53 -12 12 0 0.00 0.0 0 3.8 14 360 M M 1 20 10
3 69 37 53 -12 12 0 0.00 0.0 0 2.2 9 130 M M 1 17 150
4 71 46 59 -5 6 0 T 0.0 0 6.6 20 340 M M 3 22 330
5 67 36 52 -12 13 0 0.00 0.0 0 1.8 12 40 M M 0 1 16 40
6 76 37 57 -7 8 0 0.00 0.0 0 1.4 8 240 M M 0 18 13 280
7 82 44 63 0 2 0 0.00 0.0 0 2.2 9 240 M M 0 12 230
8 80 48 64 1 1 0 0.00 0.0 0 1.3 7 110 M M 0 1 8 110
9 70 60 65 2 0 0 0.04 0.0 0 4.3 10 160 M M 6 1 18 150
10 71 66 69 7 0 4 0.70 0.0 0 10.2 20 80 M M 10 1 29 80
11 76 59 68 6 0 3 0.00 0.0 0 5.5 13 30 M M 9 12 17 50
12 83 51 67 5 0 2 0.00 0.0 0 7.2 21 300 M M 5 12 28 290
13 75 43 59 -2 6 0 0.00 0.0 0 2.3 10 30 M M 0 1 15 20
14 82 42 62 1 3 0 0.00 0.0 0 4.6 14 210 M M 0 19 180
15 70 46 58 -3 7 0 0.14 0.0 0 8.1 21 20 M M 6 1 25 10
16 63 36 50 -10 15 0 0.00 0.0 0 5.2 16 10 M M 1 20 10
17 68 33 51 -9 14 0 0.00 0.0 0 4.3 13 160 M M 1 19 120
18 75 56 66 6 0 1 0.01 0.0 0 6.8 14 200 M M 9 20 190
19 82 64 73 13 0 8 0.00 0.0 0 9.2 18 200 M M 6 26 230
20 82 59 71 12 0 6 0.00 0.0 0 3.5 13 200 M M 3 12 19 180
21 83 55 69 10 0 4 0.00 0.0 0 3.4 12 180 M M 1 1 17 190
22 85 57 71 12 0 6 0.00 0.0 0 4.8 15 200 M M 1 1 20 210
23 83 50 67 9 0 2 0.02 0.0 0 10.4 22 360 M M 5 3 27 360
24 50 48 49 -9 16 0 0.04 0.0 0 9.8 18 20 M M 10 1 23 20
25 57 50 54 -4 11 0 0.00 0.0 0 4.5 8 350 M M 10 1 10 310
26 56 51 54 -3 11 0 0.02 0.0 0 7.7 15 80 M M 10 1 19 130
27 62 52 57 0 8 0 0.00 0.0 0 5.1 10 40 M M 10 1 12 40
28 73 53 63 6 2 0 1.86 0.0 0 5.8 15 30 M M 10 1 29 10
29 72 46 59 3 6 0 0.24 0.0 0 12.7 24 260 M M 10 1 33 250
30 58 37 48 -8 17 0 0.00 0.0 0 5.5 15 360 M M 2 1 19 350
31 67 35 51 -5 14 0 0.00 0.0 0 3.7 12 190 M M 0 16 200
================================================================================
SM 2230 1481 189 36 3.07 0.0 169.1 M 130
================================================================================
AV 71.9 47.8 5.5 FASTST M M 4 MAX(MPH)
MISC ----> # 24 260 # 33 250
================================================================================
NOTES:
# LAST OF SEVERAL OCCURRENCES
COLUMN 17 PEAK WIND IN M.P.H.
PRELIMINARY LOCAL CLIMATOLOGICAL DATA (WS FORM: F-6) , PAGE 2
STATION: JACKSON
MONTH: OCTOBER
YEAR: 2020
LATITUDE: 35 35 N
LONGITUDE: 88 55 W
[TEMPERATURE DATA] [PRECIPITATION DATA] SYMBOLS USED IN COLUMN 16
AVERAGE MONTHLY: 59.9 TOTAL FOR MONTH: 3.07 1 = FOG OR MIST
DPTR FM NORMAL: -0.6 DPTR FM NORMAL: -0.70 2 = FOG REDUCING VISIBILITY
HIGHEST: 85 ON 22 GRTST 24HR 1.86 ON 28-28 TO 1/4 MILE OR LESS
LOWEST: 33 ON 17 3 = THUNDER
SNOW, ICE PELLETS, HAIL 4 = ICE PELLETS
TOTAL MONTH: 0.0 INCH 5 = HAIL
GRTST 24HR 0.0 6 = FREEZING RAIN OR DRIZZLE
GRTST DEPTH: 0 7 = DUSTSTORM OR SANDSTORM:
VSBY 1/2 MILE OR LESS
8 = SMOKE OR HAZE
[NO. OF DAYS WITH] [WEATHER - DAYS WITH] 9 = BLOWING SNOW
X = TORNADO
MAX 32 OR BELOW: 0 0.01 INCH OR MORE: 9
MAX 90 OR ABOVE: 0 0.10 INCH OR MORE: 4
MIN 32 OR BELOW: 0 0.50 INCH OR MORE: 2
MIN 0 OR BELOW: 0 1.00 INCH OR MORE: 1
[HDD (BASE 65) ]
TOTAL THIS MO. 189 CLEAR (SCALE 0-3) 17
DPTR FM NORMAL 1 PTCLDY (SCALE 4-7) 5
TOTAL FM JUL 1 214 CLOUDY (SCALE 8-10) 9
DPTR FM NORMAL 0
[CDD (BASE 65) ]
TOTAL THIS MO. 36
DPTR FM NORMAL -12 [PRESSURE DATA]
TOTAL FM JAN 1 1609 HIGHEST SLP 30.37 ON 16
DPTR FM NORMAL -82 LOWEST SLP 29.51 ON 29
[REMARKS]
#FINAL-10-20#