000
CXUS54 KFWD 010830
CF6MKN
PRELIMINARY LOCAL CLIMATOLOGICAL DATA (WS FORM: F-6)
STATION: COMANCHE
MONTH: FEBRUARY
YEAR: 2023
LATITUDE: 31 55 N
LONGITUDE: 98 36 W
TEMPERATURE IN F: :PCPN: SNOW: WIND :SUNSHINE: SKY :PK WND
================================================================================
1 2 3 4 5 6A 6B 7 8 9 10 11 12 13 14 15 16 17 18
12Z AVG MX 2MIN
DY MAX MIN AVG DEP HDD CDD WTR SNW DPTH SPD SPD DIR MIN PSBL S-S WX SPD DR
================================================================================
1 30 27 29 M 36 0 M M M M M M M M 10 6 M M
2 34 29 32 M 33 0 0.38 M M 4.9 7 310 M M 9 16 M M
3 56 31 44 M 21 0 0.00 M M 5.5 8 330 M M 0 M M
4 57 34 46 M 19 0 0.00 M M 10.8 20 200 M M 5 12 24 200
5 75 43 59 M 6 0 0.00 M M 7.8 14 200 M M 0 21 200
6 75 51 63 M 2 0 0.00 M M 15.2 23 190 M M 2 31 190
7 63 42 53 M 12 0 0.08 M M 11.1 16 340 M M 10 1 22 360
8 53 39 46 M 19 0 0.50 M M 9.7 15 300 M M 6 13 24 300
9 70 45 58 M 7 0 0.00 M M 12.2 17 240 M M 0 22 240
10 47 34 41 M 24 0 0.00 M M 15.4 23 320 M M 5 31 320
11 58 30 44 M 21 0 0.00 M M 6.2 12 330 M M 0 16 330
12 68 34 51 M 14 0 0.00 M M 8.0 15 200 M M 0 22 240
13 64 42 53 M 12 0 0.00 M M 9.8 25 160 M M 3 39 150
14 70 51 61 M 4 0 0.36 M M 16.8 29 180 M M 4 39 240
15 82 47 65 M 0 0 0.00 M M 12.0 21 180 M M 1 32 180
16 55 33 44 M 21 0 0.00 M M 16.7 23 340 M M 3 36 340
17 55 25 40 M 25 0 0.00 M M 6.0 12 350 M M 0 M M
18 54 28 41 M 24 0 0.00 M M 8.8 16 210 M M 0 24 210
19 72 46 59 M 6 0 0.00 M M 9.8 17 220 M M 0 22 210
20 84 58 71 M 0 6 0.00 M M 14.7 20 230 M M 0 28 230
21 87 62 75 M 0 10 0.00 M M 13.9 22 190 M M 0 28 190
22 79 56 68 M 0 3 0.21 M M 12.1 25 180 M M 3 32 180
23 64 46 55 M 10 0 0.00 M M 10.1 14 30 M M 3 21 40
24 46 39 43 M 22 0 0.00 M M 9.3 13 360 M M 10 21 360
25 55 36 46 M 19 0 0.00 M M 4.3 10 350 M M 9 1 M M
26 78 49 64 M 1 0 0.01 M M 13.2 28 170 M M 7 12 41 190
27 78 50 64 M 1 0 0.00 M M 11.3 21 290 M M 1 8 31 290
28 85 55 70 M 0 5 0.00 M M 9.1 13 210 M M 0 17 230
================================================================================
SM 1794 1162 359 24 1.54 M 284.6 M 91
================================================================================
AV 64.1 41.5 10.5 FASTST M M 3 MAX(MPH)
MISC ----> 29 180 41 190
================================================================================
NOTES:
# LAST OF SEVERAL OCCURRENCES
COLUMN 17 PEAK WIND IN M.P.H.
PRELIMINARY LOCAL CLIMATOLOGICAL DATA (WS FORM: F-6) , PAGE 2
STATION: COMANCHE
MONTH: FEBRUARY
YEAR: 2023
LATITUDE: 31 55 N
LONGITUDE: 98 36 W
[TEMPERATURE DATA] [PRECIPITATION DATA] SYMBOLS USED IN COLUMN 16
AVERAGE MONTHLY: 52.8 TOTAL FOR MONTH: 1.54 1 = FOG OR MIST
DPTR FM NORMAL: 0.0 DPTR FM NORMAL: -0.62 2 = FOG REDUCING VISIBILITY
HIGHEST: 87 ON 21 GRTST 24HR 0.50 ON 8- 8 TO 1/4 MILE OR LESS
LOWEST: 25 ON 17 3 = THUNDER
SNOW, ICE PELLETS, HAIL 4 = ICE PELLETS
TOTAL MONTH: M 5 = HAIL
GRTST 24HR M ON M 6 = FREEZING RAIN OR DRIZZLE
GRTST DEPTH: M ON M 7 = DUSTSTORM OR SANDSTORM:
VSBY 1/2 MILE OR LESS
8 = SMOKE OR HAZE
[NO. OF DAYS WITH] [WEATHER - DAYS WITH] 9 = BLOWING SNOW
X = TORNADO
MAX 32 OR BELOW: 1 0.01 INCH OR MORE: 6
MAX 90 OR ABOVE: 0 0.10 INCH OR MORE: 4
MIN 32 OR BELOW: 6 0.50 INCH OR MORE: 1
MIN 0 OR BELOW: 0 1.00 INCH OR MORE: 0
[HDD (BASE 65) ]
TOTAL THIS MO. 359 CLEAR (SCALE 0-3) 16
DPTR FM NORMAL M PTCLDY (SCALE 4-7) 7
TOTAL FM JUL 1 1475 CLOUDY (SCALE 8-10) 5
DPTR FM NORMAL M
[CDD (BASE 65) ]
TOTAL THIS MO. 24
DPTR FM NORMAL M [PRESSURE DATA]
TOTAL FM JAN 1 45 HIGHEST SLP M ON M
DPTR FM NORMAL M LOWEST SLP M ON M
[REMARKS]
#FINAL-02-23#