000
CXUS52 KMLB 010743
CF6MLB
PRELIMINARY LOCAL CLIMATOLOGICAL DATA (WS FORM: F-6)
STATION: MELBOURNE
MONTH: NOVEMBER
YEAR: 2021
LATITUDE: 28 6 N
LONGITUDE: 80 39 W
TEMPERATURE IN F: :PCPN: SNOW: WIND :SUNSHINE: SKY :PK WND
================================================================================
1 2 3 4 5 6A 6B 7 8 9 10 11 12 13 14 15 16 17 18
12Z AVG MX 2MIN
DY MAX MIN AVG DEP HDD CDD WTR SNW DPTH SPD SPD DIR MIN PSBL S-S WX SPD DR
================================================================================
1 77 55 66 -8 0 1 0.00 0.0 0 5.6 12 50 M M 3 15 50
2 82 63 73 -1 0 8 0.00 0.0 0 5.7 12 40 M M 1 15 60
3 82 63 73 0 0 8 0.00 0.0 0 5.5 12 60 M M 0 1 15 50
4 78 63 71 -2 0 6 0.00 0.0 0 8.3 16 350 M M 1 1 21 360
5 75 68 72 -1 0 7 1.53 0.0 0 9.6 18 280 M M 8 1 25 290
6 72 52 62 -10 3 0 0.01 0.0 0 17.1 28 300 M M 7 1 33 300
7 69 50 60 -12 5 0 0.00 0.0 0 12.9 23 290 M M 8 28 290
8 75 54 65 -7 0 0 0.00 0.0 0 11.9 24 360 M M 1 30 350
9 79 54 67 -5 0 2 0.00 0.0 0 7.7 16 30 M M 5 20 30
10 74 59 67 -5 0 2 0.62 0.0 0 4.8 17 90 M M 7 18 22 90
11 81 66 74 3 0 9 0.05 0.0 0 5.8 16 130 M M 8 21 160
12 80 66 73 2 0 8 0.00 0.0 0 4.1 15 30 M M 4 18 30
13 83 61 72 1 0 7 T 0.0 0 6.5 22 290 M M 3 18 26 290
14 73 52 63 -8 2 0 0.00 0.0 0 6.7 13 320 M M 0 16 320
15 71 48 60 -11 5 0 0.00 0.0 0 7.3 16 360 M M 0 19 30
16 78 49 64 -6 1 0 0.00 0.0 0 7.7 14 70 M M 1 18 50
17 80 68 74 4 0 9 0.00 0.0 0 8.9 15 90 M M 2 20 110
18 79 70 75 5 0 10 0.01 0.0 0 5.5 13 110 M M 5 18 10
19 80 70 75 5 0 10 0.25 0.0 0 10.4 22 360 M M 7 1 27 10
20 78 71 75 5 0 10 0.01 0.0 0 16.6 26 40 M M 8 1 32 40
21 80 69 75 5 0 10 1.68 0.0 0 13.6 20 90 M M 10 1 25 100
22 78 63 71 2 0 6 T 0.0 0 8.5 25 310 M M 5 1 32 310
23 68 51 60 -9 5 0 0.00 0.0 0 14.3 28 10 M M 1 35 350
24 72 50 61 -8 4 0 T 0.0 0 11.7 20 50 M M 8 25 30
25 76 58 67 -2 0 2 0.00 0.0 0 6.8 14 40 M M 5 18 60
26 78 55 67 -2 0 2 0.00 0.0 0 7.0 18 290 M M 3 23 300
27 70 47 59 -10 6 0 0.00 0.0 0 7.4 14 30 M M 1 17 30
28 71 48 60 -8 5 0 0.00 0.0 0 5.5 12 330 M M 2 14 300
29 71 50 61 -7 4 0 0.04 0.0 0 8.1 15 340 M M 3 21 310
30 71 46 59 -9 6 0 0.00 0.0 0 5.8 12 20 M M 0 16 30
================================================================================
SM 2281 1739 46 117 4.20 0.0 257.3 M 117
================================================================================
AV 76.0 58.0 8.6 FASTST M M 4 MAX(MPH)
MISC ----> # 28 300 35 350
================================================================================
NOTES:
# LAST OF SEVERAL OCCURRENCES
COLUMN 17 PEAK WIND IN M.P.H.
PRELIMINARY LOCAL CLIMATOLOGICAL DATA (WS FORM: F-6) , PAGE 2
STATION: MELBOURNE
MONTH: NOVEMBER
YEAR: 2021
LATITUDE: 28 6 N
LONGITUDE: 80 39 W
[TEMPERATURE DATA] [PRECIPITATION DATA] SYMBOLS USED IN COLUMN 16
AVERAGE MONTHLY: 67.0 TOTAL FOR MONTH: 4.20 1 = FOG OR MIST
DPTR FM NORMAL: -3.7 DPTR FM NORMAL: 1.65 2 = FOG REDUCING VISIBILITY
HIGHEST: 83 ON 13 GRTST 24HR 1.68 ON 21-21 TO 1/4 MILE OR LESS
LOWEST: 46 ON 30 3 = THUNDER
SNOW, ICE PELLETS, HAIL 4 = ICE PELLETS
TOTAL MONTH: 0.0 INCH 5 = HAIL
GRTST 24HR 0.0 6 = FREEZING RAIN OR DRIZZLE
GRTST DEPTH: 0 7 = DUSTSTORM OR SANDSTORM:
VSBY 1/2 MILE OR LESS
8 = SMOKE OR HAZE
[NO. OF DAYS WITH] [WEATHER - DAYS WITH] 9 = BLOWING SNOW
X = TORNADO
MAX 32 OR BELOW: 0 0.01 INCH OR MORE: 9
MAX 90 OR ABOVE: 0 0.10 INCH OR MORE: 4
MIN 32 OR BELOW: 0 0.50 INCH OR MORE: 3
MIN 0 OR BELOW: 0 1.00 INCH OR MORE: 2
[HDD (BASE 65) ]
TOTAL THIS MO. 46 CLEAR (SCALE 0-3) 13
DPTR FM NORMAL 19 PTCLDY (SCALE 4-7) 15
TOTAL FM JUL 1 46 CLOUDY (SCALE 8-10) 2
DPTR FM NORMAL 17
[CDD (BASE 65) ]
TOTAL THIS MO. 117
DPTR FM NORMAL -80 [PRESSURE DATA]
TOTAL FM JAN 1 3669 HIGHEST SLP 30.28 ON 24
DPTR FM NORMAL -66 LOWEST SLP 29.77 ON 6
[REMARKS]
#FINAL-11-21#