000
CXUS54 KTSA 010850
CF6MLC
PRELIMINARY LOCAL CLIMATOLOGICAL DATA (WS FORM: F-6)
STATION: MCALESTER OKLAHOMA
MONTH: SEPTEMBER
YEAR: 2022
LATITUDE: 34 52 N
LONGITUDE: 95 47 W
TEMPERATURE IN F: :PCPN: SNOW: WIND :SUNSHINE: SKY :PK WND
================================================================================
1 2 3 4 5 6A 6B 7 8 9 10 11 12 13 14 15 16 17 18
12Z AVG MX 2MIN
DY MAX MIN AVG DEP HDD CDD WTR SNW DPTH SPD SPD DIR MIN PSBL S-S WX SPD DR
================================================================================
1 87 71 79 0 0 14 0.15 0.0 M 3.7 12 340 M M 6 1 16 130
2 92 71 82 3 0 17 T 0.0 M 5.7 15 230 M M 6 3 23 210
3 93 70 82 4 0 17 0.00 0.0 M 4.3 16 10 M M 3 12 23 10
4 91 66 79 1 0 14 0.05 0.0 M 2.3 17 240 M M 3 3 31 250
5 93 62 78 0 0 13 0.00 0.0 M 2.8 13 20 M M 2 18 20
6 95 67 81 3 0 16 0.00 0.0 M 2.5 10 20 M M 2 21 20
7 91 68 80 3 0 15 0.00 0.0 M 5.0 17 10 M M 1 27 10
8 91 63 77 0 0 12 0.00 0.0 M 3.2 10 20 M M 2 17 110
9 91 62 77 0 0 12 0.00 0.0 M 2.7 9 210 M M 2 14 210
10 92 60 76 0 0 11 0.00 0.0 M 3.0 18 340 M M 2 25 340
11 83 54 69 -7 0 4 T 0.0 M 9.0 18 360 M M 4 25 340
12 87 48 68 -8 0 3 0.00 0.0 M 1.7 9 280 M M 2 12 290
13 91 54 73 -2 0 8 0.00 0.0 M 4.1 14 220 M M 1 19 220
14 91 56 74 -1 0 9 0.00 0.0 M 3.9 13 210 M M 2 20 180
15 90 58 74 -1 0 9 0.00 0.0 M 4.5 13 210 M M 1 21 140
16 92 59 76 2 0 11 0.00 0.0 M 5.6 16 220 M M 1 26 220
17 94 73 84 10 0 19 0.00 0.0 M 7.1 17 220 M M 1 28 210
18 98 75 87 13 0 22 0.00 0.0 M 7.3 18 220 M M 2 27 240
19 98 70 84 11 0 19 0.00 0.0 M 5.3 16 220 M M 2 23 220
20 100 69 85 12 0 20 0.00 0.0 M 5.5 16 210 M M 1 25 210
21 100 72 86 13 0 21 0.00 0.0 M 4.0 15 240 M M 1 8 22 220
22 92 68 80 8 0 15 0.00 0.0 M 7.9 18 10 M M 4 24 20
23 96 60 78 6 0 13 0.00 0.0 M 5.5 17 220 M M 2 26 210
24 99 74 87 15 0 22 0.00 0.0 M 6.6 17 210 M M 3 28 240
25 91 66 79 8 0 14 0.00 0.0 M 6.8 22 10 M M 1 29 20
26 87 50 69 -2 0 4 0.00 0.0 M 3.9 16 10 M M 2 26 340
27 90 49 70 0 0 5 0.00 0.0 M 4.4 13 230 M M 1 18 220
28 92 60 76 6 0 11 0.00 0.0 M 4.6 15 210 M M 3 23 210
29 84 57 71 1 0 6 0.00 0.0 M 5.2 12 110 M M 1 22 70
30 84 45 65 -4 0 0 0.00 0.0 M 2.4 10 20 M M 1 16 50
================================================================================
SM 2755 1877 0 376 0.20 0.0 140.5 M 65
================================================================================
AV 91.8 62.6 4.7 FASTST M M 2 MAX(MPH)
MISC ----> 22 10 31 250
================================================================================
NOTES:
# LAST OF SEVERAL OCCURRENCES
COLUMN 17 PEAK WIND IN M.P.H.
PRELIMINARY LOCAL CLIMATOLOGICAL DATA (WS FORM: F-6) , PAGE 2
STATION: MCALESTER OKLAHOMA
MONTH: SEPTEMBER
YEAR: 2022
LATITUDE: 34 52 N
LONGITUDE: 95 47 W
[TEMPERATURE DATA] [PRECIPITATION DATA] SYMBOLS USED IN COLUMN 16
AVERAGE MONTHLY: 77.2 TOTAL FOR MONTH: 0.20 1 = FOG OR MIST
DPTR FM NORMAL: 2.9 DPTR FM NORMAL: -3.46 2 = FOG REDUCING VISIBILITY
HIGHEST: 100 ON 21,20 GRTST 24HR 0.71 ON 31- 1 TO 1/4 MILE OR LESS
LOWEST: 45 ON 30 3 = THUNDER
SNOW, ICE PELLETS, HAIL 4 = ICE PELLETS
TOTAL MONTH: 0.0 INCH 5 = HAIL
GRTST 24HR 0.0 6 = FREEZING RAIN OR DRIZZLE
GRTST DEPTH: M ON M 7 = DUSTSTORM OR SANDSTORM:
VSBY 1/2 MILE OR LESS
8 = SMOKE OR HAZE
[NO. OF DAYS WITH] [WEATHER - DAYS WITH] 9 = BLOWING SNOW
X = TORNADO
MAX 32 OR BELOW: 0 0.01 INCH OR MORE: 2
MAX 90 OR ABOVE: 24 0.10 INCH OR MORE: 1
MIN 32 OR BELOW: 0 0.50 INCH OR MORE: 0
MIN 0 OR BELOW: 0 1.00 INCH OR MORE: 0
[HDD (BASE 65) ]
TOTAL THIS MO. 0 CLEAR (SCALE 0-3) 24
DPTR FM NORMAL -14 PTCLDY (SCALE 4-7) 6
TOTAL FM JUL 1 0 CLOUDY (SCALE 8-10) 0
DPTR FM NORMAL -13
[CDD (BASE 65) ]
TOTAL THIS MO. 376
DPTR FM NORMAL 81 [PRESSURE DATA]
TOTAL FM JAN 1 2466 HIGHEST SLP 30.29 ON 29
DPTR FM NORMAL 436 LOWEST SLP 29.75 ON 9
[REMARKS]
#FINAL-09-22#