000
CXUS53 KDVN 010848
CLSMLI
CLIMATE REPORT
NATIONAL WEATHER SERVICE QUAD CITIES IA IL
348 AM CDT WED JUN 01 2022
...................................
...THE MOLINE IL CLIMATE SUMMARY FOR THE SEASON, FROM
3/1/2022 TO 5/31/2022...
CLIMATE NORMAL PERIOD 1991 TO 2020
CLIMATE RECORD PERIOD 1872 TO 2022
WEATHER OBSERVED NORMAL DEPART LAST YEAR`S
VALUE DATE(S) VALUE FROM VALUE
NORMAL
..............................................................
TEMPERATURE (F)
RECORD
HIGH 104 05/31/1934
LOW -19 03/06/1960
HIGHEST 95 05/11 78 17
05/12
LOWEST 9 03/12 24 -15
AVG. MAXIMUM 61.8 62.3 -0.5
AVG. MINIMUM 40.9 40.2 0.7
MEAN 51.3 51.2 0.1
DAYS MAX >= 90 6 1.1 4.9
DAYS MAX <= 32 3 2.7 0.3
DAYS MIN <= 32 30 26.4 3.6
DAYS MIN <= 0 0 0.3 -0.3
PRECIPITATION (INCHES)
RECORD
MAXIMUM 25.69 1973
MINIMUM 3.09 1934
TOTALS 9.43 11.10 -1.67
DAILY AVG. 0.10 0.12 -0.02
DAYS >= .01 40 33.9 6.1
DAYS >= .10 24
DAYS >= .50 6
DAYS >= 1.00 0 2.6 -2.6
GREATEST
24 HR. TOTAL 1.17 05/24 TO 05/25
SNOWFALL (INCHES)
RECORDS
TOTAL 29.9 1912
24 HR TOTAL 1.8 03/15/2021 TO 03/15/2021
TOTALS 4.3 5.5 -1.2
SINCE 7/1 21.8 36.1 -14.3
SNOWDEPTH AVG. T
DAYS >= TRACE 9 4.0 5.0
DAYS >= 1.0 2 1.8 0.2
GREATEST
SNOW DEPTH 1 03/11
03/07
24 HR TOTAL 1.5 03/06 TO 03/07
DEGREE DAYS
HEATING TOTAL 1395 1355 40
SINCE 7/1 5755 6008 -253
COOLING TOTAL 159 88 71
SINCE 1/1 159 89 70
..............................................................
WIND (MPH)
AVERAGE WIND SPEED 10.6
HIGHEST WIND SPEED/DIRECTION 45/260 DATE 03/05
HIGHEST GUST SPEED/DIRECTION 64/260 DATE 03/05
SKY COVER
POSSIBLE SUNSHINE (PERCENT) MM
AVERAGE SKY COVER 0.44
NUMBER OF DAYS FAIR 45
NUMBER OF DAYS PC 21
NUMBER OF DAYS CLOUDY 26
AVERAGE RH (PERCENT) 65
WEATHER CONDITIONS. NUMBER OF DAYS WITH
THUNDERSTORM 13 HAIL 0
SLEET 0 FOG 38
FOG W/VIS <= 1/4 MILE 0 HAZE 9
- INDICATES NEGATIVE NUMBERS.
R INDICATES RECORD WAS SET OR TIED.
MM INDICATES DATA IS MISSING.
T INDICATES TRACE AMOUNT.
$$
NOTE: SUPPLEMENTAL CLIMATE DATA WAS USED FROM A NEARBY
CLIMATOLOGICALLY REPRESENTATIVE STATION.